Last updated on 2025-11-27 11:49:56 CET.
| Flavor | Version | Tinstall | Tcheck | Ttotal | Status | Flags |
|---|---|---|---|---|---|---|
| r-devel-linux-x86_64-debian-clang | 0.0.12 | 7.01 | 57.66 | 64.67 | OK | |
| r-devel-linux-x86_64-debian-gcc | 0.0.12 | 4.91 | 41.05 | 45.96 | OK | |
| r-devel-linux-x86_64-fedora-clang | 0.0.12 | 16.00 | 82.35 | 98.35 | WARN | |
| r-devel-linux-x86_64-fedora-gcc | 0.0.12 | 32.00 | 70.70 | 102.70 | WARN | |
| r-devel-windows-x86_64 | 0.0.12 | 16.00 | 84.00 | 100.00 | OK | |
| r-patched-linux-x86_64 | 0.0.12 | 8.61 | 53.27 | 61.88 | OK | |
| r-release-linux-x86_64 | 0.0.12 | 7.97 | 53.40 | 61.37 | OK | |
| r-release-macos-arm64 | 0.0.12 | OK | ||||
| r-release-macos-x86_64 | 0.0.12 | 6.00 | 50.00 | 56.00 | OK | |
| r-release-windows-x86_64 | 0.0.12 | 12.00 | 82.00 | 94.00 | OK | |
| r-oldrel-macos-arm64 | 0.0.12 | OK | ||||
| r-oldrel-macos-x86_64 | 0.0.12 | 6.00 | 57.00 | 63.00 | OK | |
| r-oldrel-windows-x86_64 | 0.0.12 | 13.00 | 102.00 | 115.00 | OK |
Version: 0.0.12
Check: dependencies in R code
Result: WARN
Missing or unexported objects:
‘lintr::closed_curly_linter’ ‘lintr::open_curly_linter’
‘lintr::paren_brace_linter’
Flavors: r-devel-linux-x86_64-fedora-clang, r-devel-linux-x86_64-fedora-gcc