Last updated on 2025-10-24 09:49:56 CEST.
| Flavor | Version | Tinstall | Tcheck | Ttotal | Status | Flags |
|---|---|---|---|---|---|---|
| r-devel-linux-x86_64-debian-clang | 0.2.0 | 1.63 | 31.37 | 33.00 | NOTE | |
| r-devel-linux-x86_64-debian-gcc | 0.2.0 | 1.33 | 25.80 | 27.13 | NOTE | |
| r-devel-linux-x86_64-fedora-clang | 0.2.0 | 48.64 | OK | |||
| r-devel-linux-x86_64-fedora-gcc | 0.2.0 | 62.11 | OK | |||
| r-devel-windows-x86_64 | 0.2.0 | 3.00 | 47.00 | 50.00 | OK | |
| r-patched-linux-x86_64 | 0.2.0 | 1.58 | 29.33 | 30.91 | OK | |
| r-release-linux-x86_64 | 0.2.0 | 1.53 | 28.88 | 30.41 | OK | |
| r-release-macos-arm64 | 0.2.0 | 1.00 | 24.00 | 25.00 | OK | |
| r-release-macos-x86_64 | 0.2.0 | 2.00 | 41.00 | 43.00 | OK | |
| r-release-windows-x86_64 | 0.2.0 | 3.00 | 49.00 | 52.00 | OK | |
| r-oldrel-macos-arm64 | 0.2.0 | 1.00 | 26.00 | 27.00 | OK | |
| r-oldrel-macos-x86_64 | 0.2.0 | 2.00 | 51.00 | 53.00 | OK | |
| r-oldrel-windows-x86_64 | 0.2.0 | 3.00 | 54.00 | 57.00 | OK |
Version: 0.2.0
Check: CRAN incoming feasibility
Result: NOTE
Maintainer: ‘Matt Wayland <mw283@cam.ac.uk>’
No Authors@R field in DESCRIPTION.
Please add one, modifying
Authors@R: person(given = "Matt",
family = "Wayland",
role = c("aut", "cre"),
email = "mw283@cam.ac.uk")
as necessary.
Flavors: r-devel-linux-x86_64-debian-clang, r-devel-linux-x86_64-debian-gcc