Last updated on 2025-10-31 09:50:11 CET.
| Flavor | Version | Tinstall | Tcheck | Ttotal | Status | Flags | 
|---|---|---|---|---|---|---|
| r-devel-linux-x86_64-debian-clang | 1.2-8 | 1.82 | 34.30 | 36.12 | NOTE | |
| r-devel-linux-x86_64-debian-gcc | 1.2-8 | 1.77 | 26.70 | 28.47 | NOTE | |
| r-devel-linux-x86_64-fedora-clang | 1.2-8 | 53.63 | OK | |||
| r-devel-linux-x86_64-fedora-gcc | 1.2-8 | 65.09 | OK | |||
| r-devel-windows-x86_64 | 1.2-8 | 4.00 | 68.00 | 72.00 | OK | |
| r-patched-linux-x86_64 | 1.2-8 | 2.80 | 32.70 | 35.50 | OK | |
| r-release-linux-x86_64 | 1.2-8 | 2.09 | 32.55 | 34.64 | OK | |
| r-release-macos-arm64 | 1.2-8 | 1.00 | 34.00 | 35.00 | OK | |
| r-release-macos-x86_64 | 1.2-8 | 3.00 | 49.00 | 52.00 | OK | |
| r-release-windows-x86_64 | 1.2-8 | 4.00 | 73.00 | 77.00 | OK | |
| r-oldrel-macos-arm64 | 1.2-8 | 1.00 | 25.00 | 26.00 | OK | |
| r-oldrel-macos-x86_64 | 1.2-8 | 2.00 | 38.00 | 40.00 | OK | |
| r-oldrel-windows-x86_64 | 1.2-8 | 4.00 | 74.00 | 78.00 | OK | 
Version: 1.2-8
Check: CRAN incoming feasibility
Result: NOTE
  Maintainer: ‘Robin K. S. Hankin <hankin.robin@gmail.com>’
  
  No Authors@R field in DESCRIPTION.
  Please add one, modifying
    Authors@R: person(given = c("Robin", "K.", "S."),
                      family = "Hankin",
                      role = c("aut", "cre"),
                      email = "hankin.robin@gmail.com")
  as necessary.
Flavors: r-devel-linux-x86_64-debian-clang, r-devel-linux-x86_64-debian-gcc