Last updated on 2025-10-30 09:49:43 CET.
| Flavor | Version | Tinstall | Tcheck | Ttotal | Status | Flags | 
|---|---|---|---|---|---|---|
| r-devel-linux-x86_64-debian-clang | 0.1.1 | 11.95 | 109.96 | 121.91 | ERROR | |
| r-devel-linux-x86_64-debian-gcc | 0.1.1 | 8.55 | 80.80 | 89.35 | ERROR | |
| r-devel-linux-x86_64-fedora-clang | 0.1.1 | 28.00 | 155.99 | 183.99 | ERROR | |
| r-devel-linux-x86_64-fedora-gcc | 0.1.1 | 29.00 | 149.01 | 178.01 | ERROR | |
| r-devel-windows-x86_64 | 0.1.1 | 13.00 | 111.00 | 124.00 | ERROR | |
| r-patched-linux-x86_64 | 0.1.1 | 10.82 | 103.58 | 114.40 | ERROR | |
| r-release-linux-x86_64 | 0.1.1 | 10.40 | 102.48 | 112.88 | ERROR | |
| r-release-macos-arm64 | 0.1.1 | 5.00 | 41.00 | 46.00 | OK | |
| r-release-macos-x86_64 | 0.1.1 | 8.00 | 73.00 | 81.00 | OK | |
| r-release-windows-x86_64 | 0.1.1 | 15.00 | 111.00 | 126.00 | ERROR | |
| r-oldrel-macos-arm64 | 0.1.1 | 6.00 | 41.00 | 47.00 | OK | |
| r-oldrel-macos-x86_64 | 0.1.1 | 7.00 | 63.00 | 70.00 | OK | |
| r-oldrel-windows-x86_64 | 0.1.1 | 18.00 | 143.00 | 161.00 | ERROR | 
Version: 0.1.1
Check: tests
Result: ERROR
    Running ‘spelling.R’ [0s/0s]
    Running ‘testthat.R’ [10s/13s]
  Running the tests in ‘tests/testthat.R’ failed.
  Complete output:
    > library(testthat)
    > library(applicable)
    Loading required package: ggplot2
    > 
    > test_check("applicable")
    Loading required package: dplyr
    
    Attaching package: 'dplyr'
    
    The following object is masked from 'package:testthat':
    
        matches
    
    The following objects are masked from 'package:stats':
    
        filter, lag
    
    The following objects are masked from 'package:base':
    
        intersect, setdiff, setequal, union
    
    
    Attaching package: 'recipes'
    
    The following object is masked from 'package:stats':
    
        step
    
    
    Attaching package: 'proxyC'
    
    The following object is masked from 'package:stats':
    
        dist
    
    The following objects are masked from 'package:base':
    
        crossprod, tcrossprod
    
    [ FAIL 3 | WARN 0 | SKIP 22 | PASS 90 ]
    
    ══ Skipped tests (22) ══════════════════════════════════════════════════════════
    • On CRAN (22): 'test-hat_values-fit.R:16:3', 'test-hat_values-fit.R:22:3',
      'test-hat_values-fit.R:112:3', 'test-hat_values-fit.R:124:3',
      'test-hat_values-score.R:2:3', 'test-hat_values-score.R:9:3',
      'test-hat_values-score.R:17:3', 'test-isolation-fit.R:38:3',
      'test-misc.R:3:3', 'test-pca-fit.R:22:3', 'test-pca-fit.R:28:3',
      'test-pca-score.R:2:3', 'test-pca-score.R:9:3', 'test-pca-score.R:17:3',
      'test-print.R:4:3', 'test-print.R:36:3', 'test-similarity.R:117:3',
      'test-similarity.R:128:3', 'test-similarity.R:147:3',
      'test-similarity.R:171:3', 'test-similarity.R:186:3',
      'test-similarity.R:202:3'
    
    ══ Failed tests ════════════════════════════════════════════════════════════════
    ── Failure ('test-plot.R:10:3'): output of autoplot.apd_pca is correct when no options are provided ──
    ad_plot$labels$y (`actual`) not equal to "percentile" (`expected`).
    
    `actual` is NULL
    `expected` is a character vector ('percentile')
    ── Failure ('test-plot.R:23:3'): output of autoplot.apd_pca is correct when options=matches are provided ──
    ad_plot$labels$y (`actual`) not equal to "percentile" (`expected`).
    
    `actual` is NULL
    `expected` is a character vector ('percentile')
    ── Failure ('test-plot.R:36:3'): output of autoplot.apd_pca is correct when options=distance are provided ──
    ad_plot$labels$y (`actual`) not equal to "percentile" (`expected`).
    
    `actual` is NULL
    `expected` is a character vector ('percentile')
    
    [ FAIL 3 | WARN 0 | SKIP 22 | PASS 90 ]
    Error: Test failures
    Execution halted
Flavor: r-devel-linux-x86_64-debian-clang
Version: 0.1.1
Check: tests
Result: ERROR
    Running ‘spelling.R’ [0s/0s]
    Running ‘testthat.R’ [8s/10s]
  Running the tests in ‘tests/testthat.R’ failed.
  Complete output:
    > library(testthat)
    > library(applicable)
    Loading required package: ggplot2
    > 
    > test_check("applicable")
    Loading required package: dplyr
    
    Attaching package: 'dplyr'
    
    The following object is masked from 'package:testthat':
    
        matches
    
    The following objects are masked from 'package:stats':
    
        filter, lag
    
    The following objects are masked from 'package:base':
    
        intersect, setdiff, setequal, union
    
    
    Attaching package: 'recipes'
    
    The following object is masked from 'package:stats':
    
        step
    
    
    Attaching package: 'proxyC'
    
    The following object is masked from 'package:stats':
    
        dist
    
    The following objects are masked from 'package:base':
    
        crossprod, tcrossprod
    
    [ FAIL 3 | WARN 0 | SKIP 22 | PASS 90 ]
    
    ══ Skipped tests (22) ══════════════════════════════════════════════════════════
    • On CRAN (22): 'test-hat_values-fit.R:16:3', 'test-hat_values-fit.R:22:3',
      'test-hat_values-fit.R:112:3', 'test-hat_values-fit.R:124:3',
      'test-hat_values-score.R:2:3', 'test-hat_values-score.R:9:3',
      'test-hat_values-score.R:17:3', 'test-isolation-fit.R:38:3',
      'test-misc.R:3:3', 'test-pca-fit.R:22:3', 'test-pca-fit.R:28:3',
      'test-pca-score.R:2:3', 'test-pca-score.R:9:3', 'test-pca-score.R:17:3',
      'test-print.R:4:3', 'test-print.R:36:3', 'test-similarity.R:117:3',
      'test-similarity.R:128:3', 'test-similarity.R:147:3',
      'test-similarity.R:171:3', 'test-similarity.R:186:3',
      'test-similarity.R:202:3'
    
    ══ Failed tests ════════════════════════════════════════════════════════════════
    ── Failure ('test-plot.R:10:3'): output of autoplot.apd_pca is correct when no options are provided ──
    ad_plot$labels$y (`actual`) not equal to "percentile" (`expected`).
    
    `actual` is NULL
    `expected` is a character vector ('percentile')
    ── Failure ('test-plot.R:23:3'): output of autoplot.apd_pca is correct when options=matches are provided ──
    ad_plot$labels$y (`actual`) not equal to "percentile" (`expected`).
    
    `actual` is NULL
    `expected` is a character vector ('percentile')
    ── Failure ('test-plot.R:36:3'): output of autoplot.apd_pca is correct when options=distance are provided ──
    ad_plot$labels$y (`actual`) not equal to "percentile" (`expected`).
    
    `actual` is NULL
    `expected` is a character vector ('percentile')
    
    [ FAIL 3 | WARN 0 | SKIP 22 | PASS 90 ]
    Error: Test failures
    Execution halted
Flavor: r-devel-linux-x86_64-debian-gcc
Version: 0.1.1
Check: tests
Result: ERROR
    Running ‘spelling.R’
    Running ‘testthat.R’ [16s/19s]
  Running the tests in ‘tests/testthat.R’ failed.
  Complete output:
    > library(testthat)
    > library(applicable)
    Loading required package: ggplot2
    > 
    > test_check("applicable")
    Loading required package: dplyr
    
    Attaching package: 'dplyr'
    
    The following object is masked from 'package:testthat':
    
        matches
    
    The following objects are masked from 'package:stats':
    
        filter, lag
    
    The following objects are masked from 'package:base':
    
        intersect, setdiff, setequal, union
    
    
    Attaching package: 'recipes'
    
    The following object is masked from 'package:stats':
    
        step
    
    
    Attaching package: 'proxyC'
    
    The following object is masked from 'package:stats':
    
        dist
    
    The following objects are masked from 'package:base':
    
        crossprod, tcrossprod
    
    [ FAIL 3 | WARN 0 | SKIP 22 | PASS 90 ]
    
    ══ Skipped tests (22) ══════════════════════════════════════════════════════════
    • On CRAN (22): 'test-hat_values-fit.R:16:3', 'test-hat_values-fit.R:22:3',
      'test-hat_values-fit.R:112:3', 'test-hat_values-fit.R:124:3',
      'test-hat_values-score.R:2:3', 'test-hat_values-score.R:9:3',
      'test-hat_values-score.R:17:3', 'test-isolation-fit.R:38:3',
      'test-misc.R:3:3', 'test-pca-fit.R:22:3', 'test-pca-fit.R:28:3',
      'test-pca-score.R:2:3', 'test-pca-score.R:9:3', 'test-pca-score.R:17:3',
      'test-print.R:4:3', 'test-print.R:36:3', 'test-similarity.R:117:3',
      'test-similarity.R:128:3', 'test-similarity.R:147:3',
      'test-similarity.R:171:3', 'test-similarity.R:186:3',
      'test-similarity.R:202:3'
    
    ══ Failed tests ════════════════════════════════════════════════════════════════
    ── Failure ('test-plot.R:10:3'): output of autoplot.apd_pca is correct when no options are provided ──
    ad_plot$labels$y (`actual`) not equal to "percentile" (`expected`).
    
    `actual` is NULL
    `expected` is a character vector ('percentile')
    ── Failure ('test-plot.R:23:3'): output of autoplot.apd_pca is correct when options=matches are provided ──
    ad_plot$labels$y (`actual`) not equal to "percentile" (`expected`).
    
    `actual` is NULL
    `expected` is a character vector ('percentile')
    ── Failure ('test-plot.R:36:3'): output of autoplot.apd_pca is correct when options=distance are provided ──
    ad_plot$labels$y (`actual`) not equal to "percentile" (`expected`).
    
    `actual` is NULL
    `expected` is a character vector ('percentile')
    
    [ FAIL 3 | WARN 0 | SKIP 22 | PASS 90 ]
    Error: Test failures
    Execution halted
Flavor: r-devel-linux-x86_64-fedora-clang
Version: 0.1.1
Check: tests
Result: ERROR
    Running ‘spelling.R’
    Running ‘testthat.R’ [15s/21s]
  Running the tests in ‘tests/testthat.R’ failed.
  Complete output:
    > library(testthat)
    > library(applicable)
    Loading required package: ggplot2
    > 
    > test_check("applicable")
    Loading required package: dplyr
    
    Attaching package: 'dplyr'
    
    The following object is masked from 'package:testthat':
    
        matches
    
    The following objects are masked from 'package:stats':
    
        filter, lag
    
    The following objects are masked from 'package:base':
    
        intersect, setdiff, setequal, union
    
    
    Attaching package: 'recipes'
    
    The following object is masked from 'package:stats':
    
        step
    
    
    Attaching package: 'proxyC'
    
    The following object is masked from 'package:stats':
    
        dist
    
    The following objects are masked from 'package:base':
    
        crossprod, tcrossprod
    
    [ FAIL 3 | WARN 0 | SKIP 22 | PASS 90 ]
    
    ══ Skipped tests (22) ══════════════════════════════════════════════════════════
    • On CRAN (22): 'test-hat_values-fit.R:16:3', 'test-hat_values-fit.R:22:3',
      'test-hat_values-fit.R:112:3', 'test-hat_values-fit.R:124:3',
      'test-hat_values-score.R:2:3', 'test-hat_values-score.R:9:3',
      'test-hat_values-score.R:17:3', 'test-isolation-fit.R:38:3',
      'test-misc.R:3:3', 'test-pca-fit.R:22:3', 'test-pca-fit.R:28:3',
      'test-pca-score.R:2:3', 'test-pca-score.R:9:3', 'test-pca-score.R:17:3',
      'test-print.R:4:3', 'test-print.R:36:3', 'test-similarity.R:117:3',
      'test-similarity.R:128:3', 'test-similarity.R:147:3',
      'test-similarity.R:171:3', 'test-similarity.R:186:3',
      'test-similarity.R:202:3'
    
    ══ Failed tests ════════════════════════════════════════════════════════════════
    ── Failure ('test-plot.R:10:3'): output of autoplot.apd_pca is correct when no options are provided ──
    ad_plot$labels$y (`actual`) not equal to "percentile" (`expected`).
    
    `actual` is NULL
    `expected` is a character vector ('percentile')
    ── Failure ('test-plot.R:23:3'): output of autoplot.apd_pca is correct when options=matches are provided ──
    ad_plot$labels$y (`actual`) not equal to "percentile" (`expected`).
    
    `actual` is NULL
    `expected` is a character vector ('percentile')
    ── Failure ('test-plot.R:36:3'): output of autoplot.apd_pca is correct when options=distance are provided ──
    ad_plot$labels$y (`actual`) not equal to "percentile" (`expected`).
    
    `actual` is NULL
    `expected` is a character vector ('percentile')
    
    [ FAIL 3 | WARN 0 | SKIP 22 | PASS 90 ]
    Error: Test failures
    Execution halted
Flavor: r-devel-linux-x86_64-fedora-gcc
Version: 0.1.1
Check: tests
Result: ERROR
    Running 'spelling.R' [0s]
    Running 'testthat.R' [8s]
  Running the tests in 'tests/testthat.R' failed.
  Complete output:
    > library(testthat)
    > library(applicable)
    Loading required package: ggplot2
    > 
    > test_check("applicable")
    Loading required package: dplyr
    
    Attaching package: 'dplyr'
    
    The following object is masked from 'package:testthat':
    
        matches
    
    The following objects are masked from 'package:stats':
    
        filter, lag
    
    The following objects are masked from 'package:base':
    
        intersect, setdiff, setequal, union
    
    
    Attaching package: 'recipes'
    
    The following object is masked from 'package:stats':
    
        step
    
    
    Attaching package: 'proxyC'
    
    The following object is masked from 'package:stats':
    
        dist
    
    The following objects are masked from 'package:base':
    
        crossprod, tcrossprod
    
    [ FAIL 3 | WARN 0 | SKIP 22 | PASS 90 ]
    
    ══ Skipped tests (22) ══════════════════════════════════════════════════════════
    • On CRAN (22): 'test-hat_values-fit.R:16:3', 'test-hat_values-fit.R:22:3',
      'test-hat_values-fit.R:112:3', 'test-hat_values-fit.R:124:3',
      'test-hat_values-score.R:2:3', 'test-hat_values-score.R:9:3',
      'test-hat_values-score.R:17:3', 'test-isolation-fit.R:38:3',
      'test-misc.R:3:3', 'test-pca-fit.R:22:3', 'test-pca-fit.R:28:3',
      'test-pca-score.R:2:3', 'test-pca-score.R:9:3', 'test-pca-score.R:17:3',
      'test-print.R:4:3', 'test-print.R:36:3', 'test-similarity.R:117:3',
      'test-similarity.R:128:3', 'test-similarity.R:147:3',
      'test-similarity.R:171:3', 'test-similarity.R:186:3',
      'test-similarity.R:202:3'
    
    ══ Failed tests ════════════════════════════════════════════════════════════════
    ── Failure ('test-plot.R:10:3'): output of autoplot.apd_pca is correct when no options are provided ──
    ad_plot$labels$y (`actual`) not equal to "percentile" (`expected`).
    
    `actual` is NULL
    `expected` is a character vector ('percentile')
    ── Failure ('test-plot.R:23:3'): output of autoplot.apd_pca is correct when options=matches are provided ──
    ad_plot$labels$y (`actual`) not equal to "percentile" (`expected`).
    
    `actual` is NULL
    `expected` is a character vector ('percentile')
    ── Failure ('test-plot.R:36:3'): output of autoplot.apd_pca is correct when options=distance are provided ──
    ad_plot$labels$y (`actual`) not equal to "percentile" (`expected`).
    
    `actual` is NULL
    `expected` is a character vector ('percentile')
    
    [ FAIL 3 | WARN 0 | SKIP 22 | PASS 90 ]
    Error: Test failures
    Execution halted
Flavors: r-devel-windows-x86_64, r-release-windows-x86_64
Version: 0.1.1
Check: tests
Result: ERROR
    Running ‘spelling.R’ [0s/0s]
    Running ‘testthat.R’ [10s/12s]
  Running the tests in ‘tests/testthat.R’ failed.
  Complete output:
    > library(testthat)
    > library(applicable)
    Loading required package: ggplot2
    > 
    > test_check("applicable")
    Loading required package: dplyr
    
    Attaching package: 'dplyr'
    
    The following object is masked from 'package:testthat':
    
        matches
    
    The following objects are masked from 'package:stats':
    
        filter, lag
    
    The following objects are masked from 'package:base':
    
        intersect, setdiff, setequal, union
    
    
    Attaching package: 'recipes'
    
    The following object is masked from 'package:stats':
    
        step
    
    
    Attaching package: 'proxyC'
    
    The following object is masked from 'package:stats':
    
        dist
    
    The following objects are masked from 'package:base':
    
        crossprod, tcrossprod
    
    [ FAIL 3 | WARN 0 | SKIP 22 | PASS 90 ]
    
    ══ Skipped tests (22) ══════════════════════════════════════════════════════════
    • On CRAN (22): 'test-hat_values-fit.R:16:3', 'test-hat_values-fit.R:22:3',
      'test-hat_values-fit.R:112:3', 'test-hat_values-fit.R:124:3',
      'test-hat_values-score.R:2:3', 'test-hat_values-score.R:9:3',
      'test-hat_values-score.R:17:3', 'test-isolation-fit.R:38:3',
      'test-misc.R:3:3', 'test-pca-fit.R:22:3', 'test-pca-fit.R:28:3',
      'test-pca-score.R:2:3', 'test-pca-score.R:9:3', 'test-pca-score.R:17:3',
      'test-print.R:4:3', 'test-print.R:36:3', 'test-similarity.R:117:3',
      'test-similarity.R:128:3', 'test-similarity.R:147:3',
      'test-similarity.R:171:3', 'test-similarity.R:186:3',
      'test-similarity.R:202:3'
    
    ══ Failed tests ════════════════════════════════════════════════════════════════
    ── Failure ('test-plot.R:10:3'): output of autoplot.apd_pca is correct when no options are provided ──
    ad_plot$labels$y (`actual`) not equal to "percentile" (`expected`).
    
    `actual` is NULL
    `expected` is a character vector ('percentile')
    ── Failure ('test-plot.R:23:3'): output of autoplot.apd_pca is correct when options=matches are provided ──
    ad_plot$labels$y (`actual`) not equal to "percentile" (`expected`).
    
    `actual` is NULL
    `expected` is a character vector ('percentile')
    ── Failure ('test-plot.R:36:3'): output of autoplot.apd_pca is correct when options=distance are provided ──
    ad_plot$labels$y (`actual`) not equal to "percentile" (`expected`).
    
    `actual` is NULL
    `expected` is a character vector ('percentile')
    
    [ FAIL 3 | WARN 0 | SKIP 22 | PASS 90 ]
    Error: Test failures
    Execution halted
Flavor: r-patched-linux-x86_64
Version: 0.1.1
Check: tests
Result: ERROR
    Running ‘spelling.R’ [0s/0s]
    Running ‘testthat.R’ [9s/12s]
  Running the tests in ‘tests/testthat.R’ failed.
  Complete output:
    > library(testthat)
    > library(applicable)
    Loading required package: ggplot2
    > 
    > test_check("applicable")
    Loading required package: dplyr
    
    Attaching package: 'dplyr'
    
    The following object is masked from 'package:testthat':
    
        matches
    
    The following objects are masked from 'package:stats':
    
        filter, lag
    
    The following objects are masked from 'package:base':
    
        intersect, setdiff, setequal, union
    
    
    Attaching package: 'recipes'
    
    The following object is masked from 'package:stats':
    
        step
    
    
    Attaching package: 'proxyC'
    
    The following object is masked from 'package:stats':
    
        dist
    
    The following objects are masked from 'package:base':
    
        crossprod, tcrossprod
    
    [ FAIL 3 | WARN 0 | SKIP 22 | PASS 90 ]
    
    ══ Skipped tests (22) ══════════════════════════════════════════════════════════
    • On CRAN (22): 'test-hat_values-fit.R:16:3', 'test-hat_values-fit.R:22:3',
      'test-hat_values-fit.R:112:3', 'test-hat_values-fit.R:124:3',
      'test-hat_values-score.R:2:3', 'test-hat_values-score.R:9:3',
      'test-hat_values-score.R:17:3', 'test-isolation-fit.R:38:3',
      'test-misc.R:3:3', 'test-pca-fit.R:22:3', 'test-pca-fit.R:28:3',
      'test-pca-score.R:2:3', 'test-pca-score.R:9:3', 'test-pca-score.R:17:3',
      'test-print.R:4:3', 'test-print.R:36:3', 'test-similarity.R:117:3',
      'test-similarity.R:128:3', 'test-similarity.R:147:3',
      'test-similarity.R:171:3', 'test-similarity.R:186:3',
      'test-similarity.R:202:3'
    
    ══ Failed tests ════════════════════════════════════════════════════════════════
    ── Failure ('test-plot.R:10:3'): output of autoplot.apd_pca is correct when no options are provided ──
    ad_plot$labels$y (`actual`) not equal to "percentile" (`expected`).
    
    `actual` is NULL
    `expected` is a character vector ('percentile')
    ── Failure ('test-plot.R:23:3'): output of autoplot.apd_pca is correct when options=matches are provided ──
    ad_plot$labels$y (`actual`) not equal to "percentile" (`expected`).
    
    `actual` is NULL
    `expected` is a character vector ('percentile')
    ── Failure ('test-plot.R:36:3'): output of autoplot.apd_pca is correct when options=distance are provided ──
    ad_plot$labels$y (`actual`) not equal to "percentile" (`expected`).
    
    `actual` is NULL
    `expected` is a character vector ('percentile')
    
    [ FAIL 3 | WARN 0 | SKIP 22 | PASS 90 ]
    Error: Test failures
    Execution halted
Flavor: r-release-linux-x86_64
Version: 0.1.1
Check: tests
Result: ERROR
    Running 'spelling.R' [0s]
    Running 'testthat.R' [12s]
  Running the tests in 'tests/testthat.R' failed.
  Complete output:
    > library(testthat)
    > library(applicable)
    Loading required package: ggplot2
    > 
    > test_check("applicable")
    Loading required package: dplyr
    
    Attaching package: 'dplyr'
    
    The following object is masked from 'package:testthat':
    
        matches
    
    The following objects are masked from 'package:stats':
    
        filter, lag
    
    The following objects are masked from 'package:base':
    
        intersect, setdiff, setequal, union
    
    
    Attaching package: 'recipes'
    
    The following object is masked from 'package:stats':
    
        step
    
    
    Attaching package: 'proxyC'
    
    The following object is masked from 'package:stats':
    
        dist
    
    The following objects are masked from 'package:base':
    
        crossprod, tcrossprod
    
    [ FAIL 3 | WARN 0 | SKIP 22 | PASS 90 ]
    
    ══ Skipped tests (22) ══════════════════════════════════════════════════════════
    • On CRAN (22): 'test-hat_values-fit.R:16:3', 'test-hat_values-fit.R:22:3',
      'test-hat_values-fit.R:112:3', 'test-hat_values-fit.R:124:3',
      'test-hat_values-score.R:2:3', 'test-hat_values-score.R:9:3',
      'test-hat_values-score.R:17:3', 'test-isolation-fit.R:38:3',
      'test-misc.R:3:3', 'test-pca-fit.R:22:3', 'test-pca-fit.R:28:3',
      'test-pca-score.R:2:3', 'test-pca-score.R:9:3', 'test-pca-score.R:17:3',
      'test-print.R:4:3', 'test-print.R:36:3', 'test-similarity.R:117:3',
      'test-similarity.R:128:3', 'test-similarity.R:147:3',
      'test-similarity.R:171:3', 'test-similarity.R:186:3',
      'test-similarity.R:202:3'
    
    ══ Failed tests ════════════════════════════════════════════════════════════════
    ── Failure ('test-plot.R:10:3'): output of autoplot.apd_pca is correct when no options are provided ──
    ad_plot$labels$y (`actual`) not equal to "percentile" (`expected`).
    
    `actual` is NULL
    `expected` is a character vector ('percentile')
    ── Failure ('test-plot.R:23:3'): output of autoplot.apd_pca is correct when options=matches are provided ──
    ad_plot$labels$y (`actual`) not equal to "percentile" (`expected`).
    
    `actual` is NULL
    `expected` is a character vector ('percentile')
    ── Failure ('test-plot.R:36:3'): output of autoplot.apd_pca is correct when options=distance are provided ──
    ad_plot$labels$y (`actual`) not equal to "percentile" (`expected`).
    
    `actual` is NULL
    `expected` is a character vector ('percentile')
    
    [ FAIL 3 | WARN 0 | SKIP 22 | PASS 90 ]
    Error: Test failures
    Execution halted
Flavor: r-oldrel-windows-x86_64