Last updated on 2025-10-21 09:48:25 CEST.
Flavor | Version | Tinstall | Tcheck | Ttotal | Status | Flags |
---|---|---|---|---|---|---|
r-devel-linux-x86_64-debian-clang | 0.2 | 3.05 | 80.76 | 83.81 | NOTE | |
r-devel-linux-x86_64-debian-gcc | 0.2 | 2.68 | 58.62 | 61.30 | NOTE | |
r-devel-linux-x86_64-fedora-clang | 0.2 | 126.28 | NOTE | |||
r-devel-linux-x86_64-fedora-gcc | 0.2 | 142.60 | NOTE | |||
r-devel-windows-x86_64 | 0.2 | 7.00 | 98.00 | 105.00 | NOTE | |
r-patched-linux-x86_64 | 0.2 | 4.89 | 75.93 | 80.82 | NOTE | |
r-release-linux-x86_64 | 0.2 | 3.01 | 76.35 | 79.36 | NOTE | |
r-release-macos-arm64 | 0.2 | 53.00 | NOTE | |||
r-release-macos-x86_64 | 0.2 | 86.00 | NOTE | |||
r-release-windows-x86_64 | 0.2 | 10.00 | 100.00 | 110.00 | NOTE | |
r-oldrel-macos-arm64 | 0.2 | 46.00 | NOTE | |||
r-oldrel-macos-x86_64 | 0.2 | 59.00 | NOTE | |||
r-oldrel-windows-x86_64 | 0.2 | 12.00 | 122.00 | 134.00 | NOTE |
Version: 0.2
Check: CRAN incoming feasibility
Result: NOTE
Maintainer: ‘Joshua P. French <joshua.french@ucdenver.edu>’
No Authors@R field in DESCRIPTION.
Please add one, modifying
Authors@R: person(given = c("Joshua", "P."),
family = "French",
role = c("aut", "cre"),
email = "joshua.french@ucdenver.edu")
as necessary.
Flavors: r-devel-linux-x86_64-debian-clang, r-devel-linux-x86_64-debian-gcc
Version: 0.2
Check: Rd files
Result: NOTE
checkRd: (-1) predict_adjust.Rd:77: Lost braces in \itemize; \value handles \item{}{} directly
checkRd: (-1) predict_adjust.Rd:78: Lost braces in \itemize; \value handles \item{}{} directly
checkRd: (-1) predict_adjust.Rd:79: Lost braces in \itemize; \value handles \item{}{} directly
checkRd: (-1) predict_adjust.Rd:80: Lost braces in \itemize; \value handles \item{}{} directly
checkRd: (-1) print.predict_adjust.Rd:32: Lost braces in \itemize; \value handles \item{}{} directly
checkRd: (-1) print.predict_adjust.Rd:33: Lost braces in \itemize; \value handles \item{}{} directly
checkRd: (-1) print.predict_adjust.Rd:34: Lost braces in \itemize; \value handles \item{}{} directly
checkRd: (-1) print.predict_adjust.Rd:35: Lost braces in \itemize; \value handles \item{}{} directly
Flavors: r-devel-linux-x86_64-debian-clang, r-devel-linux-x86_64-debian-gcc, r-devel-linux-x86_64-fedora-clang, r-devel-linux-x86_64-fedora-gcc, r-devel-windows-x86_64, r-patched-linux-x86_64, r-release-linux-x86_64, r-release-macos-arm64, r-release-macos-x86_64, r-release-windows-x86_64, r-oldrel-macos-arm64, r-oldrel-macos-x86_64, r-oldrel-windows-x86_64
Version: 0.2
Check: HTML version of manual
Result: NOTE
Found the following HTML validation problems:
arg_check_cooks_test.html:52:1 (arg_check_cooks_test.Rd:14): Warning: missing </ul> before </div>
arg_check_dfbeta_plot.html:87:1 (arg_check_dfbeta_plot.Rd:41): Warning: missing </ul> before </div>
arg_check_dfbetas_plot.html:87:1 (arg_check_dfbetas_plot.Rd:41): Warning: missing </ul> before </div>
arg_check_dffits_test.html:52:1 (arg_check_dffits_test.Rd:14): Warning: missing </ul> before </div>
arg_check_index_plot_lm.html:93:1 (arg_check_index_plot_lm.Rd:45): Warning: missing </ul> before </div>
arg_check_influence_plot.html:99:1 (arg_check_influence_plot.Rd:49): Warning: missing </ul> before </div>
arg_check_outlier_test.html:57:1 (arg_check_outlier_test.Rd:17): Warning: missing </ul> before </div>
arg_check_residual_plot_lm.html:127:1 (arg_check_residual_plot_lm.Rd:71): Warning: missing </ul> before </div>
index_plot_raw.html:92:1 (index_plot_raw.Rd:40): Warning: missing </ul> before </div>
rplot_raw.html:117:1 (rplot_raw.Rd:55): Warning: missing </ul> before </div>
Flavor: r-devel-linux-x86_64-debian-gcc