Last updated on 2025-11-21 09:48:56 CET.
| Flavor | Version | Tinstall | Tcheck | Ttotal | Status | Flags |
|---|---|---|---|---|---|---|
| r-devel-linux-x86_64-debian-clang | 0.1.0 | 9.52 | 177.05 | 186.57 | NOTE | |
| r-devel-linux-x86_64-debian-gcc | 0.1.0 | 6.85 | 123.46 | 130.31 | NOTE | |
| r-devel-linux-x86_64-fedora-clang | 0.1.0 | 22.00 | 278.05 | 300.05 | OK | |
| r-devel-linux-x86_64-fedora-gcc | 0.1.0 | 20.00 | 284.52 | 304.52 | OK | |
| r-devel-windows-x86_64 | 0.1.0 | 13.00 | 187.00 | 200.00 | OK | |
| r-patched-linux-x86_64 | 0.1.0 | 10.20 | 172.40 | 182.60 | OK | |
| r-release-linux-x86_64 | 0.1.0 | 8.67 | 172.98 | 181.65 | OK | |
| r-release-macos-arm64 | 0.1.0 | OK | ||||
| r-release-macos-x86_64 | 0.1.0 | 9.00 | 178.00 | 187.00 | OK | |
| r-release-windows-x86_64 | 0.1.0 | 11.00 | 186.00 | 197.00 | OK | |
| r-oldrel-macos-arm64 | 0.1.0 | OK | ||||
| r-oldrel-macos-x86_64 | 0.1.0 | 6.00 | 140.00 | 146.00 | OK | |
| r-oldrel-windows-x86_64 | 0.1.0 | 14.00 | 248.00 | 262.00 | OK |
Version: 0.1.0
Check: CRAN incoming feasibility
Result: NOTE
Maintainer: ‘Philip Agnew <philip.agnew@ird.fr>’
Found the following URLs which should use \doi (with the DOI name only):
File ‘anovir-package.Rd’:
https://doi.org/10.1101/530709
File ‘data_blanford.Rd’:
https://doi.org/10.1186/1475-2875-11-365
File ‘data_lorenz.Rd’:
https://doi.org/10.1101/530709
https://doi.org/10.1111/j.1752-4571.2011.00199.x
https://doi.org/10.5061/dryad.2s231
File ‘data_parker.Rd’:
https://doi.org/10.1111/evo.12418
https://doi.org/10.5061/dryad.24gq7
Flavors: r-devel-linux-x86_64-debian-clang, r-devel-linux-x86_64-debian-gcc