Last updated on 2025-10-22 09:50:26 CEST.
Flavor | Version | Tinstall | Tcheck | Ttotal | Status | Flags |
---|---|---|---|---|---|---|
r-devel-linux-x86_64-debian-clang | 0.6.0 | 3.49 | 96.77 | 100.26 | ERROR | |
r-devel-linux-x86_64-debian-gcc | 0.6.0 | 2.26 | 72.60 | 74.86 | ERROR | |
r-devel-linux-x86_64-fedora-clang | 0.6.0 | 157.96 | OK | |||
r-devel-linux-x86_64-fedora-gcc | 0.6.0 | 167.00 | OK | |||
r-devel-windows-x86_64 | 0.6.0 | 6.00 | 123.00 | 129.00 | OK | |
r-patched-linux-x86_64 | 0.6.0 | 3.42 | 94.19 | 97.61 | OK | |
r-release-linux-x86_64 | 0.6.0 | 2.96 | 95.50 | 98.46 | OK | |
r-release-macos-arm64 | 0.6.0 | 1.00 | 30.00 | 31.00 | ERROR | |
r-release-macos-x86_64 | 0.6.0 | 4.00 | 72.00 | 76.00 | ERROR | |
r-release-windows-x86_64 | 0.6.0 | 6.00 | 117.00 | 123.00 | OK | |
r-oldrel-macos-arm64 | 0.6.0 | 2.00 | 33.00 | 35.00 | ERROR | |
r-oldrel-macos-x86_64 | 0.6.0 | 2.00 | 72.00 | 74.00 | ERROR | |
r-oldrel-windows-x86_64 | 0.6.0 | 7.00 | 139.00 | 146.00 | OK |
Version: 0.6.0
Check: tests
Result: ERROR
Running ‘spelling.R’ [0s/1s]
Running ‘testthat.R’ [64s/79s]
Running the tests in ‘tests/testthat.R’ failed.
Complete output:
> library(testthat)
> library(altdoc)
>
> test_check("altdoc")
v Setting active project to
"/home/hornik/tmp/scratch/RtmpesEyPS/testpkg6f7c26d8ec377".
i Creating `altdoc/` directory.
i Creating `docs/` directory.
i Adding ^docs$ to .Rbuildignore
i Adding ^altdoc$ to .Rbuildignore
i Adding altdoc/freeze.rds to .gitignore
i Importing default settings file(s) to `altdoc/`
i README.md is mandatory. `altdoc` created a dummy README file in the package directory.
-- Basic files -----------------------------------------------------------------
v 'README' imported.
-- Man pages -------------------------------------------------------------------
i No man pages to convert.
-- Vignettes -------------------------------------------------------------------
i No vignettes to convert.
-- Update HTML -----------------------------------------------------------------
v HTML updated.
-- Complete --------------------------------------------------------------------
v Documentation updated.
v Setting active project to "<no active project>".
v Setting active project to
"/home/hornik/tmp/scratch/RtmpesEyPS/testpkg6f7c2379479fe".
i Creating `altdoc/` directory.
i Creating `docs/` directory.
i Adding ^docs$ to .Rbuildignore
i Adding ^altdoc$ to .Rbuildignore
i Adding altdoc/freeze.rds to .gitignore
i Importing default settings file(s) to `altdoc/`
i README.md is mandatory. `altdoc` created a dummy README file in the package directory.
v Setting active project to "<no active project>".
v Setting active project to
"/home/hornik/tmp/scratch/RtmpesEyPS/testpkg6f7c23cc4ddfa".
i Creating `altdoc/` directory.
i Creating `docs/` directory.
i Adding ^docs$ to .Rbuildignore
i Adding ^altdoc$ to .Rbuildignore
i Adding altdoc/freeze.rds to .gitignore
i Importing default settings file(s) to `altdoc/`
i README.md is mandatory. `altdoc` created a dummy README file in the package directory.
v Setting active project to "<no active project>".
v Setting active project to
"/home/hornik/tmp/scratch/RtmpesEyPS/testpkg6f7c25709d546".
i Creating `altdoc/` directory.
i Creating `docs/` directory.
i Adding ^docs$ to .Rbuildignore
i Adding ^altdoc$ to .Rbuildignore
i Adding altdoc/freeze.rds to .gitignore
i Importing default settings file(s) to `altdoc/`
i README.md is mandatory. `altdoc` created a dummy README file in the package directory.
v Setting active project to "<no active project>".
v Setting active project to
"/home/hornik/tmp/scratch/RtmpesEyPS/testpkg6f7c217bff3ba".
i Creating `altdoc/` directory.
i Creating `docs/` directory.
i Adding ^docs$ to .Rbuildignore
i Adding ^altdoc$ to .Rbuildignore
i Adding altdoc/freeze.rds to .gitignore
i Importing default settings file(s) to `altdoc/`
i README.md is mandatory. `altdoc` created a dummy README file in the package directory.
i Leaving 'README.md' unchanged.
[ ] Update 'README.md' to include installation instructions.
-- Basic files -----------------------------------------------------------------
v 'README' imported.
-- Man pages -------------------------------------------------------------------
i No man pages to convert.
-- Vignettes -------------------------------------------------------------------
i No vignettes to convert.
-- Update HTML -----------------------------------------------------------------
v HTML updated.
-- Complete --------------------------------------------------------------------
v Documentation updated.
v Setting active project to "<no active project>".
v Setting active project to
"/home/hornik/tmp/scratch/RtmpesEyPS/testpkg6f7c269d2eb37".
i Creating `altdoc/` directory.
i Creating `docs/` directory.
i Adding ^docs$ to .Rbuildignore
i Adding ^altdoc$ to .Rbuildignore
i Adding altdoc/freeze.rds to .gitignore
i Importing default settings file(s) to `altdoc/`
i README.md is mandatory. `altdoc` created a dummy README file in the package directory.
i Leaving 'README.md' unchanged.
[ ] Update 'README.md' to include installation instructions.
-- Basic files -----------------------------------------------------------------
v 'README' imported.
-- Man pages -------------------------------------------------------------------
i No man pages to convert.
-- Vignettes -------------------------------------------------------------------
i No vignettes to convert.
-- Update HTML -----------------------------------------------------------------
v HTML updated.
-- Complete --------------------------------------------------------------------
v Documentation updated.
v Setting active project to "<no active project>".
v Setting active project to
"/home/hornik/tmp/scratch/RtmpesEyPS/testpkg6f7c234e9499c".
i Creating `altdoc/` directory.
i Creating `docs/` directory.
i Adding ^docs$ to .Rbuildignore
i Adding ^altdoc$ to .Rbuildignore
i Adding altdoc/freeze.rds to .gitignore
i Importing default settings file(s) to `altdoc/`
i README.md is mandatory. `altdoc` created a dummy README file in the package directory.
v Setting active project to "<no active project>".
v Setting active project to
"/home/hornik/tmp/scratch/RtmpesEyPS/testpkg6f7c2447077c4".
i Creating `altdoc/` directory.
i Creating `docs/` directory.
i Adding ^docs$ to .Rbuildignore
i Adding ^altdoc$ to .Rbuildignore
i Adding altdoc/freeze.rds to .gitignore
i Importing default settings file(s) to `altdoc/`
i README.md is mandatory. `altdoc` created a dummy README file in the package directory.
v Setting active project to "<no active project>".
v Setting active project to
"/home/hornik/tmp/scratch/RtmpesEyPS/testpkg6f7c211838582".
i Creating `altdoc/` directory.
i Creating `docs/` directory.
i Adding ^docs$ to .Rbuildignore
i Adding ^altdoc$ to .Rbuildignore
i Adding altdoc/freeze.rds to .gitignore
i Importing default settings file(s) to `altdoc/`
i README.md is mandatory. `altdoc` created a dummy README file in the package directory.
v Setting active project to "<no active project>".
v Setting active project to
"/home/hornik/tmp/scratch/RtmpesEyPS/testpkg6f7c239a5d545".
i Creating `altdoc/` directory.
i Creating `docs/` directory.
i Adding ^docs$ to .Rbuildignore
i Adding ^altdoc$ to .Rbuildignore
i Adding altdoc/freeze.rds to .gitignore
i Importing default settings file(s) to `altdoc/`
i README.md is mandatory. `altdoc` created a dummy README file in the package directory.
v Setting active project to "<no active project>".
v Setting active project to
"/home/hornik/tmp/scratch/RtmpesEyPS/testpkg6f7c25d5a5894".
i Creating `altdoc/` directory.
i Creating `docs/` directory.
i Adding ^docs$ to .Rbuildignore
i Adding ^altdoc$ to .Rbuildignore
i Adding altdoc/freeze.rds to .gitignore
i Importing default settings file(s) to `altdoc/`
i README.md is mandatory. `altdoc` created a dummy README file in the package directory.
v Setting active project to "<no active project>".
v Setting active project to
"/home/hornik/tmp/scratch/RtmpesEyPS/testproj6f7c244b83381".
Installing package into '/home/hornik/tmp/scratch/Rtmp85VF2q/RLIBS_6be6f5a6c0510'
(as 'lib' is unspecified)
* installing *source* package ‘altdoc.lifecycle’ ...
** this is package ‘altdoc.lifecycle’ version ‘0.0.0.9000’
** using staged installation
Warning in person1(given = given[[i]], family = family[[i]], middle = middle[[i]], :
Invalid ORCID iD: ‘YOUR-ORCID-ID’.
** R
** byte-compile and prepare package for lazy loading
Error in loadNamespace(j <- i[[1L]], c(lib.loc, .libPaths()), versionCheck = vI[[j]]) :
there is no package called ‘lifecycle’
Calls: <Anonymous> ... loadNamespace -> withRestarts -> withOneRestart -> doWithOneRestart
Execution halted
ERROR: lazy loading failed for package ‘altdoc.lifecycle’
* removing ‘/home/hornik/tmp/scratch/Rtmp85VF2q/RLIBS_6be6f5a6c0510/altdoc.lifecycle’
i Creating `altdoc/` directory.
i Creating `docs/` directory.
i Adding ^docs$ to .Rbuildignore
i Adding ^altdoc$ to .Rbuildignore
i Adding altdoc/freeze.rds to .gitignore
i Importing default settings file(s) to `altdoc/`
-- Basic files -----------------------------------------------------------------
v 'README' imported.
-- Man pages -------------------------------------------------------------------
i Found 2 man pages to convert.
\ Converting function reference 1/2: altdoc.lifecycle-package
v Converting function reference 1/2: altdoc.lifecycle-package [79ms]
\ Converting function reference 2/2: foo
| Converting function reference 2/2: foo
v Converting function reference 2/2: foo [2.3s]
> 1 .Rd files skipped because they document internal functions.
-- Vignettes -------------------------------------------------------------------
i No vignettes to convert.
-- Update HTML -----------------------------------------------------------------
v HTML updated.
-- Complete --------------------------------------------------------------------
v Documentation updated.
-- Basic files -----------------------------------------------------------------
v 'README' imported.
-- Man pages -------------------------------------------------------------------
i Found 2 man pages to convert.
\ Converting function reference 1/2: altdoc.lifecycle-package
v Converting function reference 1/2: altdoc.lifecycle-package [40ms]
\ Converting function reference 2/2: foo
| Converting function reference 2/2: foo
v Converting function reference 2/2: foo [2.5s]
> 1 .Rd files skipped because they document internal functions.
-- Vignettes -------------------------------------------------------------------
i No vignettes to convert.
-- Update HTML -----------------------------------------------------------------
v HTML updated.
-- Complete --------------------------------------------------------------------
v Documentation updated.
v Setting active project to "<no active project>".
v Setting active project to
"/home/hornik/tmp/scratch/RtmpesEyPS/testpkg6f7c2cf139f3".
i Creating `altdoc/` directory.
i Creating `docs/` directory.
i Adding ^docs$ to .Rbuildignore
i Adding ^altdoc$ to .Rbuildignore
i Adding altdoc/freeze.rds to .gitignore
i Importing default settings file(s) to `altdoc/`
i README.md is mandatory. `altdoc` created a dummy README file in the package directory.
-- Basic files -----------------------------------------------------------------
v 'README' imported.
-- Man pages -------------------------------------------------------------------
i No man pages to convert.
-- Vignettes -------------------------------------------------------------------
i Found 1 vignette to convert.
\ Converting vignette 1/1: foo.Rmd
<1b>[31m
processing file: foo.Rmd
<1b>[39m<1b>[31mError in parse(text = x, srcfile = src) :
<text>:2:0: unexpected end of input
1: 1 +
^
Calls: .main ... <Anonymous> -> parse_all -> parse_all.character -> parse
Quitting from foo.Rmd:2-4 [unnamed-chunk-1]
~~~~~~~~~~~~~~~~~~~~~~~~~~~~~~~~~~~~~~~~~~~~~~~~~~~~~~~~~~~~~~~~~~~~~~~~~~~~~~~~
<error/rlang_error>
Error in `parse()`:
! <text>:2:0: unexpected end of input
1: 1 +
^
---
Backtrace:
▆
1. └─global .main()
2. └─execute(...)
3. └─rmarkdown::render(...)
4. └─knitr::knit(knit_input, knit_output, envir = envir, quiet = quiet)
5. └─knitr:::process_file(text, output)
6. ├─xfun:::handle_error(...)
7. ├─base::withCallingHandlers(...)
8. └─knitr:::process_group(group)
9. └─knitr:::call_block(x)
10. └─knitr:::block_exec(params)
11. └─knitr:::eng_r(options)
12. ├─knitr:::in_input_dir(...)
13. │ └─knitr:::in_dir(input_dir(), expr)
14. └─knitr (local) evaluate(...)
15. └─evaluate::evaluate(...)
16. ├─evaluate::parse_all(input, filename = filename)
17. └─evaluate:::parse_all.character(input, filename = filename)
18. └─base::parse(text = x, srcfile = src)
~~~~~~~~~~~~~~~~~~~~~~~~~~~~~~~~~~~~~~~~~~~~~~~~~~~~~~~~~~~~~~~~~~~~~~~~~~~~~~~~
<1b>[39m<1b>[31mExecution halted
<1b>[39m<1b>[33mWARN: Error encountered when rendering files<1b>[39m
| Converting vignette 1/1: foo.Rmd
v Converting vignette 1/1: foo.Rmd [4.3s]
x 0The conversion failed for the following vignettes:
* 'foo.Rmd'
v Setting active project to "<no active project>".
v Setting active project to
"/home/hornik/tmp/scratch/RtmpesEyPS/testpkg6f7c258eead4e".
i Creating `altdoc/` directory.
i Creating `docs/` directory.
i Adding ^docs$ to .Rbuildignore
i Adding ^altdoc$ to .Rbuildignore
i Adding altdoc/freeze.rds to .gitignore
i Importing default settings file(s) to `altdoc/`
i README.md is mandatory. `altdoc` created a dummy README file in the package directory.
-- Basic files -----------------------------------------------------------------
v 'README' imported.
-- Man pages -------------------------------------------------------------------
i Found 1 man page to convert.
\ Converting function reference 1/1: foo
| Converting function reference 1/1: foo
v Converting function reference 1/1: foo [2.2s]
-- Vignettes -------------------------------------------------------------------
i No vignettes to convert.
-- Update HTML -----------------------------------------------------------------
v HTML updated.
-- Complete --------------------------------------------------------------------
v Documentation updated.
v Setting active project to "<no active project>".
v Setting active project to
"/home/hornik/tmp/scratch/RtmpesEyPS/testpkg6f7c2ca6497b".
i Creating `altdoc/` directory.
i Creating `docs/` directory.
i Adding ^docs$ to .Rbuildignore
i Adding ^altdoc$ to .Rbuildignore
i Adding altdoc/freeze.rds to .gitignore
i Adding altdoc/pkgdown.yml file.
i Importing default settings file(s) to `altdoc/`
i README.md is mandatory. `altdoc` created a dummy README file in the package directory.
-- Basic files -----------------------------------------------------------------
v 'README' imported.
-- Man pages -------------------------------------------------------------------
i No man pages to convert.
-- Vignettes -------------------------------------------------------------------
i No vignettes to convert.
-- Update HTML -----------------------------------------------------------------
v HTML updated.
-- Complete --------------------------------------------------------------------
v Documentation updated.
v Setting active project to "<no active project>".
v Setting active project to
"/home/hornik/tmp/scratch/RtmpesEyPS/testpkg6f7c222718d19".
i Creating `altdoc/` directory.
i Creating `docs/` directory.
i Adding ^docs$ to .Rbuildignore
i Adding ^altdoc$ to .Rbuildignore
i Adding altdoc/freeze.rds to .gitignore
i Importing default settings file(s) to `altdoc/`
i README.md is mandatory. `altdoc` created a dummy README file in the package directory.
-- Basic files -----------------------------------------------------------------
v 'README' imported.
-- Man pages -------------------------------------------------------------------
i No man pages to convert.
-- Vignettes -------------------------------------------------------------------
i No vignettes to convert.
-- Update HTML -----------------------------------------------------------------
v HTML updated.
-- Complete --------------------------------------------------------------------
v Documentation updated.
v Setting active project to "<no active project>".
v Setting active project to
"/home/hornik/tmp/scratch/RtmpesEyPS/testproj6f7c22a691044".
v Setting active project to "<no active project>".
v Setting active project to
"/home/hornik/tmp/scratch/RtmpesEyPS/testpkg6f7c25edc8c8a".
i Creating `altdoc/` directory.
i Creating `docs/` directory.
i Adding ^docs$ to .Rbuildignore
i Adding ^altdoc$ to .Rbuildignore
i Adding altdoc/freeze.rds to .gitignore
i Importing default settings file(s) to `altdoc/`
i README.md is mandatory. `altdoc` created a dummy README file in the package directory.
v Setting active project to "<no active project>".
v Setting active project to
"/home/hornik/tmp/scratch/RtmpesEyPS/testpkg6f7c217f868c2".
v Setting active project to "<no active project>".
v Setting active project to
"/home/hornik/tmp/scratch/RtmpesEyPS/testpkg6f7c25a5079d7".
i Creating `altdoc/` directory.
i Creating `docs/` directory.
i Adding ^docs$ to .Rbuildignore
i Adding ^altdoc$ to .Rbuildignore
i Adding altdoc/freeze.rds to .gitignore
i Importing default settings file(s) to `altdoc/`
i README.md is mandatory. `altdoc` created a dummy README file in the package directory.
i Creating `docs/` directory.
i Importing default settings file(s) to `altdoc/`
v Setting active project to "<no active project>".
v Setting active project to
"/home/hornik/tmp/scratch/RtmpesEyPS/testpkg6f7c23aae1874".
i Creating `altdoc/` directory.
i Creating `docs/` directory.
i Adding ^docs$ to .Rbuildignore
i Adding ^altdoc$ to .Rbuildignore
i Adding altdoc/freeze.rds to .gitignore
i Importing default settings file(s) to `altdoc/`
i README.md is mandatory. `altdoc` created a dummy README file in the package directory.
i Creating `docs/` directory.
i Importing default settings file(s) to `altdoc/`
v Setting active project to "<no active project>".
v Setting active project to
"/home/hornik/tmp/scratch/RtmpesEyPS/testpkg6f7c26d1229c0".
i Creating `altdoc/` directory.
i Creating `docs/` directory.
i Adding ^docs$ to .Rbuildignore
i Adding ^altdoc$ to .Rbuildignore
i Adding altdoc/freeze.rds to .gitignore
i Adding ^_quarto$ to .Rbuildignore
i Adding _quarto/* to .gitignore
i Adding !_quarto/_freeze/ to .gitignore
i Importing default settings file(s) to `altdoc/`
i README.md is mandatory. `altdoc` created a dummy README file in the package directory.
v Setting active project to "<no active project>".
v Setting active project to
"/home/hornik/tmp/scratch/RtmpesEyPS/testpkg6f7c26da73eb2".
i Creating `altdoc/` directory.
i Creating `docs/` directory.
i Adding ^docs$ to .Rbuildignore
i Adding ^altdoc$ to .Rbuildignore
i Adding altdoc/freeze.rds to .gitignore
i Importing default settings file(s) to `altdoc/`
i README.md is mandatory. `altdoc` created a dummy README file in the package directory.
v Setting active project to "<no active project>".
v Setting active project to
"/home/hornik/tmp/scratch/RtmpesEyPS/testpkg6f7c27172fd9".
i Creating `altdoc/` directory.
i Creating `docs/` directory.
i Adding ^docs$ to .Rbuildignore
i Adding ^altdoc$ to .Rbuildignore
i Adding altdoc/freeze.rds to .gitignore
i Importing default settings file(s) to `altdoc/`
i README.md is mandatory. `altdoc` created a dummy README file in the package directory.
v '.github/workflows/altdoc.yaml' created.
v Added `altdoc` in Suggests.
v Setting active project to "<no active project>".
v Setting active project to
"/home/hornik/tmp/scratch/RtmpesEyPS/testpkg6f7c235f4f834".
i Creating `altdoc/` directory.
i Creating `docs/` directory.
i Adding ^docs$ to .Rbuildignore
i Adding ^altdoc$ to .Rbuildignore
i Adding altdoc/freeze.rds to .gitignore
i Importing default settings file(s) to `altdoc/`
i README.md is mandatory. `altdoc` created a dummy README file in the package directory.
i Leaving 'README.md' unchanged.
[ ] Update 'README.md' to include installation instructions.
-- Basic files -----------------------------------------------------------------
v 'README' imported.
-- Man pages -------------------------------------------------------------------
i No man pages to convert.
-- Vignettes -------------------------------------------------------------------
i No vignettes to convert.
-- Update HTML -----------------------------------------------------------------
v HTML updated.
-- Complete --------------------------------------------------------------------
v Documentation updated.
v Setting active project to "<no active project>".
v Setting active project to
"/home/hornik/tmp/scratch/RtmpesEyPS/testpkg6f7c25bf38a1a".
i Creating `altdoc/` directory.
i Creating `docs/` directory.
i Adding ^docs$ to .Rbuildignore
i Adding ^altdoc$ to .Rbuildignore
i Adding altdoc/freeze.rds to .gitignore
i Importing default settings file(s) to `altdoc/`
i README.md is mandatory. `altdoc` created a dummy README file in the package directory.
i Leaving 'README.md' unchanged.
[ ] Update 'README.md' to include installation instructions.
-- Basic files -----------------------------------------------------------------
v 'README' imported.
-- Man pages -------------------------------------------------------------------
i No man pages to convert.
-- Vignettes -------------------------------------------------------------------
i No vignettes to convert.
-- Update HTML -----------------------------------------------------------------
v HTML updated.
-- Complete --------------------------------------------------------------------
v Documentation updated.
v Setting active project to "<no active project>".
v Setting active project to
"/home/hornik/tmp/scratch/RtmpesEyPS/testpkg6f7c24957aa35".
v Writing 'NEWS.md'.
i Creating `altdoc/` directory.
i Creating `docs/` directory.
i Adding ^docs$ to .Rbuildignore
i Adding ^altdoc$ to .Rbuildignore
i Adding altdoc/freeze.rds to .gitignore
i Importing default settings file(s) to `altdoc/`
i README.md is mandatory. `altdoc` created a dummy README file in the package directory.
-- Basic files -----------------------------------------------------------------
v 'NEWS' imported.
v 'README' imported.
-- Man pages -------------------------------------------------------------------
i No man pages to convert.
-- Vignettes -------------------------------------------------------------------
i No vignettes to convert.
-- Update HTML -----------------------------------------------------------------
v HTML updated.
-- Complete --------------------------------------------------------------------
v Documentation updated.
-- Basic files -----------------------------------------------------------------
v 'NEWS' imported.
v 'README' imported.
-- Man pages -------------------------------------------------------------------
i No man pages to convert.
-- Vignettes -------------------------------------------------------------------
i No vignettes to convert.
-- Update HTML -----------------------------------------------------------------
v HTML updated.
-- Complete --------------------------------------------------------------------
v Documentation updated.
v Setting active project to "<no active project>".
v Setting active project to
"/home/hornik/tmp/scratch/RtmpesEyPS/testpkg6f7c271b1bfe7".
v Writing 'NEWS.md'.
i Creating `altdoc/` directory.
i Creating `docs/` directory.
i Adding ^docs$ to .Rbuildignore
i Adding ^altdoc$ to .Rbuildignore
i Adding altdoc/freeze.rds to .gitignore
i Importing default settings file(s) to `altdoc/`
i README.md is mandatory. `altdoc` created a dummy README file in the package directory.
-- Basic files -----------------------------------------------------------------
v 'NEWS' imported.
v 'README' imported.
-- Man pages -------------------------------------------------------------------
i No man pages to convert.
-- Vignettes -------------------------------------------------------------------
i No vignettes to convert.
-- Update HTML -----------------------------------------------------------------
v HTML updated.
-- Complete --------------------------------------------------------------------
v Documentation updated.
-- Basic files -----------------------------------------------------------------
v 'NEWS' imported.
v 'README' imported.
-- Man pages -------------------------------------------------------------------
i No man pages to convert.
-- Vignettes -------------------------------------------------------------------
i No vignettes to convert.
-- Update HTML -----------------------------------------------------------------
v HTML updated.
-- Complete --------------------------------------------------------------------
v Documentation updated.
v Setting active project to "<no active project>".
v Setting active project to
"/home/hornik/tmp/scratch/RtmpesEyPS/testpkg6f7c27942901c".
v Writing 'CODE_OF_CONDUCT.md'.
v Adding "^CODE_OF_CONDUCT\\.md$" to '.Rbuildignore'.
[ ] You may also want to describe the code of conduct in your README:
## Code of Conduct
Please note that the testpkg6f7c27942901c project is released with a [Contributor Code of Conduct](https://contributor-covenant.org/version/2/1/CODE_OF_CONDUCT.html). By contributing to this project, you agree to abide by its terms.
i Creating `altdoc/` directory.
i Creating `docs/` directory.
i Adding ^docs$ to .Rbuildignore
i Adding ^altdoc$ to .Rbuildignore
i Adding altdoc/freeze.rds to .gitignore
i Importing default settings file(s) to `altdoc/`
i README.md is mandatory. `altdoc` created a dummy README file in the package directory.
-- Basic files -----------------------------------------------------------------
v 'CODE_OF_CONDUCT' imported.
v 'README' imported.
-- Man pages -------------------------------------------------------------------
i No man pages to convert.
-- Vignettes -------------------------------------------------------------------
i No vignettes to convert.
-- Update HTML -----------------------------------------------------------------
v HTML updated.
-- Complete --------------------------------------------------------------------
v Documentation updated.
-- Basic files -----------------------------------------------------------------
v 'CODE_OF_CONDUCT' imported.
v 'README' imported.
-- Man pages -------------------------------------------------------------------
i No man pages to convert.
-- Vignettes -------------------------------------------------------------------
i No vignettes to convert.
-- Update HTML -----------------------------------------------------------------
v HTML updated.
-- Complete --------------------------------------------------------------------
v Documentation updated.
v Setting active project to "<no active project>".
v Setting active project to
"/home/hornik/tmp/scratch/RtmpesEyPS/testpkg6f7c24ff4eea5".
v Writing 'CODE_OF_CONDUCT.md'.
v Adding "^CODE_OF_CONDUCT\\.md$" to '.Rbuildignore'.
[ ] You may also want to describe the code of conduct in your README:
## Code of Conduct
Please note that the testpkg6f7c24ff4eea5 project is released with a [Contributor Code of Conduct](https://contributor-covenant.org/version/2/1/CODE_OF_CONDUCT.html). By contributing to this project, you agree to abide by its terms.
i Creating `altdoc/` directory.
i Creating `docs/` directory.
i Adding ^docs$ to .Rbuildignore
i Adding ^altdoc$ to .Rbuildignore
i Adding altdoc/freeze.rds to .gitignore
i Importing default settings file(s) to `altdoc/`
i README.md is mandatory. `altdoc` created a dummy README file in the package directory.
-- Basic files -----------------------------------------------------------------
v 'CODE_OF_CONDUCT' imported.
v 'README' imported.
-- Man pages -------------------------------------------------------------------
i No man pages to convert.
-- Vignettes -------------------------------------------------------------------
i No vignettes to convert.
-- Update HTML -----------------------------------------------------------------
v HTML updated.
-- Complete --------------------------------------------------------------------
v Documentation updated.
-- Basic files -----------------------------------------------------------------
v 'CODE_OF_CONDUCT' imported.
v 'README' imported.
-- Man pages -------------------------------------------------------------------
i No man pages to convert.
-- Vignettes -------------------------------------------------------------------
i No vignettes to convert.
-- Update HTML -----------------------------------------------------------------
v HTML updated.
-- Complete --------------------------------------------------------------------
v Documentation updated.
v Setting active project to "<no active project>".
v Setting active project to
"/home/hornik/tmp/scratch/RtmpesEyPS/testpkg6f7c2723474".
v Adding "MIT + file LICENSE" to 'License'.
v Writing 'LICENSE'.
v Writing 'LICENSE.md'.
v Adding "^LICENSE\\.md$" to '.Rbuildignore'.
i Creating `altdoc/` directory.
i Creating `docs/` directory.
i Adding ^docs$ to .Rbuildignore
i Adding ^altdoc$ to .Rbuildignore
i Adding altdoc/freeze.rds to .gitignore
i Importing default settings file(s) to `altdoc/`
i README.md is mandatory. `altdoc` created a dummy README file in the package directory.
-- Basic files -----------------------------------------------------------------
v 'LICENSE' imported.
v 'README' imported.
-- Man pages -------------------------------------------------------------------
i No man pages to convert.
-- Vignettes -------------------------------------------------------------------
i No vignettes to convert.
-- Update HTML -----------------------------------------------------------------
v HTML updated.
-- Complete --------------------------------------------------------------------
v Documentation updated.
-- Basic files -----------------------------------------------------------------
v 'LICENSE' imported.
v 'README' imported.
-- Man pages -------------------------------------------------------------------
i No man pages to convert.
-- Vignettes -------------------------------------------------------------------
i No vignettes to convert.
-- Update HTML -----------------------------------------------------------------
v HTML updated.
-- Complete --------------------------------------------------------------------
v Documentation updated.
v Setting active project to "<no active project>".
v Setting active project to
"/home/hornik/tmp/scratch/RtmpesEyPS/testpkg6f7c2701414bc".
v Adding "MIT + file LICENSE" to 'License'.
v Writing 'LICENSE'.
v Writing 'LICENSE.md'.
v Adding "^LICENSE\\.md$" to '.Rbuildignore'.
i Creating `altdoc/` directory.
i Creating `docs/` directory.
i Adding ^docs$ to .Rbuildignore
i Adding ^altdoc$ to .Rbuildignore
i Adding altdoc/freeze.rds to .gitignore
i Importing default settings file(s) to `altdoc/`
i README.md is mandatory. `altdoc` created a dummy README file in the package directory.
-- Basic files -----------------------------------------------------------------
v 'LICENSE' imported.
v 'README' imported.
-- Man pages -------------------------------------------------------------------
i No man pages to convert.
-- Vignettes -------------------------------------------------------------------
i No vignettes to convert.
-- Update HTML -----------------------------------------------------------------
v HTML updated.
-- Complete --------------------------------------------------------------------
v Documentation updated.
-- Basic files -----------------------------------------------------------------
v 'LICENSE' imported.
v 'README' imported.
-- Man pages -------------------------------------------------------------------
i No man pages to convert.
-- Vignettes -------------------------------------------------------------------
i No vignettes to convert.
-- Update HTML -----------------------------------------------------------------
v HTML updated.
-- Complete --------------------------------------------------------------------
v Documentation updated.
v Setting active project to "<no active project>".
v Setting active project to
"/home/hornik/tmp/scratch/RtmpesEyPS/testpkg6f7c249342b1d".
i Creating `altdoc/` directory.
i Creating `docs/` directory.
i Adding ^docs$ to .Rbuildignore
i Adding ^altdoc$ to .Rbuildignore
i Adding altdoc/freeze.rds to .gitignore
i Importing default settings file(s) to `altdoc/`
i README.md is mandatory. `altdoc` created a dummy README file in the package directory.
-- Basic files -----------------------------------------------------------------
v 'README' imported.
-- Man pages -------------------------------------------------------------------
i No man pages to convert.
-- Vignettes -------------------------------------------------------------------
i Found 1 vignette to convert.
\ Converting vignette 1/1: basic.Rmd
| Converting vignette 1/1: basic.Rmd
v Converting vignette 1/1: basic.Rmd [3.3s]
-- Update HTML -----------------------------------------------------------------
v HTML updated.
-- Complete --------------------------------------------------------------------
v Documentation updated.
-- Basic files -----------------------------------------------------------------
v 'README' imported.
-- Man pages -------------------------------------------------------------------
i No man pages to convert.
-- Vignettes -------------------------------------------------------------------
i Found 2 vignettes to convert.
\ Converting vignette 1/2: basic.Rmd
| Converting vignette 1/2: basic.Rmd
v Converting vignette 1/2: basic.Rmd [3.2s]
\ Converting vignette 2/2: several-outputs.Rmd
| Converting vignette 2/2: several-outputs.Rmd
v Converting vignette 2/2: several-outputs.Rmd [3.2s]
-- Update HTML -----------------------------------------------------------------
v HTML updated.
-- Complete --------------------------------------------------------------------
v Documentation updated.
v Setting active project to "<no active project>".
v Setting active project to
"/home/hornik/tmp/scratch/RtmpesEyPS/testpkg6f7c27d5bf3dd".
i Creating `altdoc/` directory.
i Creating `docs/` directory.
i Adding ^docs$ to .Rbuildignore
i Adding ^altdoc$ to .Rbuildignore
i Adding altdoc/freeze.rds to .gitignore
i Importing default settings file(s) to `altdoc/`
i README.md is mandatory. `altdoc` created a dummy README file in the package directory.
-- Basic files -----------------------------------------------------------------
v 'README' imported.
-- Man pages -------------------------------------------------------------------
i No man pages to convert.
-- Vignettes -------------------------------------------------------------------
i Found 1 vignette to convert.
\ Converting vignette 1/1: basic.Rmd
| Converting vignette 1/1: basic.Rmd
v Converting vignette 1/1: basic.Rmd [3.1s]
-- Update HTML -----------------------------------------------------------------
v HTML updated.
-- Complete --------------------------------------------------------------------
v Documentation updated.
-- Basic files -----------------------------------------------------------------
v 'README' imported.
-- Man pages -------------------------------------------------------------------
i No man pages to convert.
-- Vignettes -------------------------------------------------------------------
i Found 2 vignettes to convert.
\ Converting vignette 1/2: basic.Rmd
| Converting vignette 1/2: basic.Rmd
v Converting vignette 1/2: basic.Rmd [3.4s]
\ Converting vignette 2/2: several-outputs.Rmd
| Converting vignette 2/2: several-outputs.Rmd
v Converting vignette 2/2: several-outputs.Rmd [3.2s]
-- Update HTML -----------------------------------------------------------------
v HTML updated.
-- Complete --------------------------------------------------------------------
v Documentation updated.
v Setting active project to "<no active project>".
v Setting active project to
"/home/hornik/tmp/scratch/RtmpesEyPS/testpkg6f7c2158ab400".
v Setting active project to "<no active project>".
v Setting active project to
"/home/hornik/tmp/scratch/RtmpesEyPS/testpkg6f7c26ca4e7d2".
v Setting active project to "<no active project>".
v Setting active project to
"/home/hornik/tmp/scratch/RtmpesEyPS/testpkg6f7c2309bc311".
v Setting active project to "<no active project>".
v Setting active project to
"/home/hornik/tmp/scratch/RtmpesEyPS/testpkg6f7c25c5f20a1".
v Setting active project to "<no active project>".
v Setting active project to
"/home/hornik/tmp/scratch/RtmpesEyPS/testpkg6f7c235478a03".
v Setting active project to "<no active project>".
v Setting active project to
"/home/hornik/tmp/scratch/RtmpesEyPS/testpkg6f7c2415f2e3b".
v Setting active project to "<no active project>".
[ FAIL 3 | WARN 1 | SKIP 15 | PASS 66 ]
══ Skipped tests (15) ══════════════════════════════════════════════════════════
• .venv_exists() is not TRUE (2): 'test-setup_docs.R:49:5',
'test-setup_github_actions.R:23:5'
• On CRAN (12): 'test-rd2qmd.R:49:5', 'test-render_docs.R:2:5',
'test-render_docs.R:40:5', 'test-render_docs.R:79:5',
'test-render_docs.R:125:5', 'test-render_docs.R:158:5',
'test-render_docs.R:182:5', 'test-render_docs.R:207:5',
'test-render_docs.R:221:9', 'test-render_docs.R:221:9',
'test-render_docs.R:221:9', 'test-render_docs.R:246:5'
• tool == "mkdocs" && !.venv_exists() is TRUE (1): 'test-parallel.R:4:9'
══ Failed tests ════════════════════════════════════════════════════════════════
── Failure ('test-import_man.R:12:5'): rendering fails ─────────────────────────
.render_one_man(...) (`actual`) not identical to "failure" (`expected`).
`actual`: "success"
`expected`: "failure"
── Failure ('test-rd2qmd.R:16:5'): .rd2qmd works ───────────────────────────────
`h3` (`actual`) not identical to c("### Description", "### Usage", "### Arguments") (`expected`).
`actual`:
`expected`: "### Description" "### Usage" "### Arguments"
── Failure ('test-render_docs.R:323:5'): render_docs errors if man fail ────────
`render_docs(path = getwd())` did not throw the expected error.
[ FAIL 3 | WARN 1 | SKIP 15 | PASS 66 ]
Error: Test failures
Execution halted
Flavor: r-devel-linux-x86_64-debian-clang
Version: 0.6.0
Check: tests
Result: ERROR
Running ‘spelling.R’ [0s/0s]
Running ‘testthat.R’ [47s/52s]
Running the tests in ‘tests/testthat.R’ failed.
Complete output:
> library(testthat)
> library(altdoc)
>
> test_check("altdoc")
v Setting active project to "/tmp/RtmpzYLjam/testpkg3b9b3858a014c9".
i Creating `altdoc/` directory.
i Creating `docs/` directory.
i Adding ^docs$ to .Rbuildignore
i Adding ^altdoc$ to .Rbuildignore
i Adding altdoc/freeze.rds to .gitignore
i Importing default settings file(s) to `altdoc/`
i README.md is mandatory. `altdoc` created a dummy README file in the package directory.
-- Basic files -----------------------------------------------------------------
v 'README' imported.
-- Man pages -------------------------------------------------------------------
i No man pages to convert.
-- Vignettes -------------------------------------------------------------------
i No vignettes to convert.
-- Update HTML -----------------------------------------------------------------
v HTML updated.
-- Complete --------------------------------------------------------------------
v Documentation updated.
v Setting active project to "<no active project>".
v Setting active project to "/tmp/RtmpzYLjam/testpkg3b9b38c0b535e".
i Creating `altdoc/` directory.
i Creating `docs/` directory.
i Adding ^docs$ to .Rbuildignore
i Adding ^altdoc$ to .Rbuildignore
i Adding altdoc/freeze.rds to .gitignore
i Importing default settings file(s) to `altdoc/`
i README.md is mandatory. `altdoc` created a dummy README file in the package directory.
v Setting active project to "<no active project>".
v Setting active project to "/tmp/RtmpzYLjam/testpkg3b9b387edd99bb".
i Creating `altdoc/` directory.
i Creating `docs/` directory.
i Adding ^docs$ to .Rbuildignore
i Adding ^altdoc$ to .Rbuildignore
i Adding altdoc/freeze.rds to .gitignore
i Importing default settings file(s) to `altdoc/`
i README.md is mandatory. `altdoc` created a dummy README file in the package directory.
v Setting active project to "<no active project>".
v Setting active project to "/tmp/RtmpzYLjam/testpkg3b9b38f1e5881".
i Creating `altdoc/` directory.
i Creating `docs/` directory.
i Adding ^docs$ to .Rbuildignore
i Adding ^altdoc$ to .Rbuildignore
i Adding altdoc/freeze.rds to .gitignore
i Importing default settings file(s) to `altdoc/`
i README.md is mandatory. `altdoc` created a dummy README file in the package directory.
v Setting active project to "<no active project>".
v Setting active project to "/tmp/RtmpzYLjam/testpkg3b9b3854bd9642".
i Creating `altdoc/` directory.
i Creating `docs/` directory.
i Adding ^docs$ to .Rbuildignore
i Adding ^altdoc$ to .Rbuildignore
i Adding altdoc/freeze.rds to .gitignore
i Importing default settings file(s) to `altdoc/`
i README.md is mandatory. `altdoc` created a dummy README file in the package directory.
i Leaving 'README.md' unchanged.
[ ] Update 'README.md' to include installation instructions.
-- Basic files -----------------------------------------------------------------
v 'README' imported.
-- Man pages -------------------------------------------------------------------
i No man pages to convert.
-- Vignettes -------------------------------------------------------------------
i No vignettes to convert.
-- Update HTML -----------------------------------------------------------------
v HTML updated.
-- Complete --------------------------------------------------------------------
v Documentation updated.
v Setting active project to "<no active project>".
v Setting active project to "/tmp/RtmpzYLjam/testpkg3b9b383063a2ce".
i Creating `altdoc/` directory.
i Creating `docs/` directory.
i Adding ^docs$ to .Rbuildignore
i Adding ^altdoc$ to .Rbuildignore
i Adding altdoc/freeze.rds to .gitignore
i Importing default settings file(s) to `altdoc/`
i README.md is mandatory. `altdoc` created a dummy README file in the package directory.
i Leaving 'README.md' unchanged.
[ ] Update 'README.md' to include installation instructions.
-- Basic files -----------------------------------------------------------------
v 'README' imported.
-- Man pages -------------------------------------------------------------------
i No man pages to convert.
-- Vignettes -------------------------------------------------------------------
i No vignettes to convert.
-- Update HTML -----------------------------------------------------------------
v HTML updated.
-- Complete --------------------------------------------------------------------
v Documentation updated.
v Setting active project to "<no active project>".
v Setting active project to "/tmp/RtmpzYLjam/testpkg3b9b38567e2f6c".
i Creating `altdoc/` directory.
i Creating `docs/` directory.
i Adding ^docs$ to .Rbuildignore
i Adding ^altdoc$ to .Rbuildignore
i Adding altdoc/freeze.rds to .gitignore
i Importing default settings file(s) to `altdoc/`
i README.md is mandatory. `altdoc` created a dummy README file in the package directory.
v Setting active project to "<no active project>".
v Setting active project to "/tmp/RtmpzYLjam/testpkg3b9b3864394878".
i Creating `altdoc/` directory.
i Creating `docs/` directory.
i Adding ^docs$ to .Rbuildignore
i Adding ^altdoc$ to .Rbuildignore
i Adding altdoc/freeze.rds to .gitignore
i Importing default settings file(s) to `altdoc/`
i README.md is mandatory. `altdoc` created a dummy README file in the package directory.
v Setting active project to "<no active project>".
v Setting active project to "/tmp/RtmpzYLjam/testpkg3b9b384fd3b63e".
i Creating `altdoc/` directory.
i Creating `docs/` directory.
i Adding ^docs$ to .Rbuildignore
i Adding ^altdoc$ to .Rbuildignore
i Adding altdoc/freeze.rds to .gitignore
i Importing default settings file(s) to `altdoc/`
i README.md is mandatory. `altdoc` created a dummy README file in the package directory.
v Setting active project to "<no active project>".
v Setting active project to "/tmp/RtmpzYLjam/testpkg3b9b381655b394".
i Creating `altdoc/` directory.
i Creating `docs/` directory.
i Adding ^docs$ to .Rbuildignore
i Adding ^altdoc$ to .Rbuildignore
i Adding altdoc/freeze.rds to .gitignore
i Importing default settings file(s) to `altdoc/`
i README.md is mandatory. `altdoc` created a dummy README file in the package directory.
v Setting active project to "<no active project>".
v Setting active project to "/tmp/RtmpzYLjam/testpkg3b9b3828609643".
i Creating `altdoc/` directory.
i Creating `docs/` directory.
i Adding ^docs$ to .Rbuildignore
i Adding ^altdoc$ to .Rbuildignore
i Adding altdoc/freeze.rds to .gitignore
i Importing default settings file(s) to `altdoc/`
i README.md is mandatory. `altdoc` created a dummy README file in the package directory.
v Setting active project to "<no active project>".
v Setting active project to "/tmp/RtmpzYLjam/testproj3b9b387badcdba".
Installing package into '/tmp/RtmpWUUzau/RLIBS_3adb4f2e93155f'
(as 'lib' is unspecified)
* installing *source* package ‘altdoc.lifecycle’ ...
** this is package ‘altdoc.lifecycle’ version ‘0.0.0.9000’
** using staged installation
Warning in person1(given = given[[i]], family = family[[i]], middle = middle[[i]], :
Invalid ORCID iD: ‘YOUR-ORCID-ID’.
** R
** byte-compile and prepare package for lazy loading
Error in loadNamespace(j <- i[[1L]], c(lib.loc, .libPaths()), versionCheck = vI[[j]]) :
there is no package called ‘lifecycle’
Calls: <Anonymous> ... loadNamespace -> withRestarts -> withOneRestart -> doWithOneRestart
Execution halted
ERROR: lazy loading failed for package ‘altdoc.lifecycle’
* removing ‘/tmp/RtmpWUUzau/RLIBS_3adb4f2e93155f/altdoc.lifecycle’
i Creating `altdoc/` directory.
i Creating `docs/` directory.
i Adding ^docs$ to .Rbuildignore
i Adding ^altdoc$ to .Rbuildignore
i Adding altdoc/freeze.rds to .gitignore
i Importing default settings file(s) to `altdoc/`
-- Basic files -----------------------------------------------------------------
v 'README' imported.
-- Man pages -------------------------------------------------------------------
i Found 2 man pages to convert.
\ Converting function reference 1/2: altdoc.lifecycle-package
v Converting function reference 1/2: altdoc.lifecycle-package [29ms]
\ Converting function reference 2/2: foo
| Converting function reference 2/2: foo
v Converting function reference 2/2: foo [1.4s]
> 1 .Rd files skipped because they document internal functions.
-- Vignettes -------------------------------------------------------------------
i No vignettes to convert.
-- Update HTML -----------------------------------------------------------------
v HTML updated.
-- Complete --------------------------------------------------------------------
v Documentation updated.
-- Basic files -----------------------------------------------------------------
v 'README' imported.
-- Man pages -------------------------------------------------------------------
i Found 2 man pages to convert.
\ Converting function reference 1/2: altdoc.lifecycle-package
v Converting function reference 1/2: altdoc.lifecycle-package [40ms]
\ Converting function reference 2/2: foo
v Converting function reference 2/2: foo [1.5s]
> 1 .Rd files skipped because they document internal functions.
-- Vignettes -------------------------------------------------------------------
i No vignettes to convert.
-- Update HTML -----------------------------------------------------------------
v HTML updated.
-- Complete --------------------------------------------------------------------
v Documentation updated.
v Setting active project to "<no active project>".
v Setting active project to "/tmp/RtmpzYLjam/testpkg3b9b381345d61b".
i Creating `altdoc/` directory.
i Creating `docs/` directory.
i Adding ^docs$ to .Rbuildignore
i Adding ^altdoc$ to .Rbuildignore
i Adding altdoc/freeze.rds to .gitignore
i Importing default settings file(s) to `altdoc/`
i README.md is mandatory. `altdoc` created a dummy README file in the package directory.
-- Basic files -----------------------------------------------------------------
v 'README' imported.
-- Man pages -------------------------------------------------------------------
i No man pages to convert.
-- Vignettes -------------------------------------------------------------------
i Found 1 vignette to convert.
\ Converting vignette 1/1: foo.Rmd
<1b>[31m
processing file: foo.Rmd
<1b>[39m<1b>[31mError in parse(text = x, srcfile = src) :
<text>:2:0: unexpected end of input
1: 1 +
^
Calls: .main ... <Anonymous> -> par<1b>[39m<1b>[31mse_all -> parse_all.character -> parse
<1b>[39m<1b>[31m
Quitting from foo.Rmd:2-4 [unnamed-chunk-1]
~~~~~~~~~~~~~~~~~~~~~~~~~~~~~~~~~~~~~~~~~~~~~~~~~~~~~~~~~~~~~~~~~~~~~~~~~~~~~<1b>[39m<1b>[31m~~~
<error/rlang_error>
Error in `parse()`:
! <text>:2:0: unexpected end of input
1: 1 +
^
---
Backtrace:
▆
1. └─global .main()
2. └─execute(...)
3. └─rmarkdown::render(...)
4. └─knitr::knit(knit_input, knit_output, envir = envir, quiet = quiet)
5. └─knitr:::process_file(text, output)
6. ├─xfun:::handle_error(...)
7. ├─base::withCallingHandlers(...)
8. └─knitr:::process_group(group)
9. └─knitr:::call_block(x)
10. └─knitr:::block_exec(params)
11. └─knitr:::eng_r(options)
12. ├─knitr:::in_input_dir(...)
13. │ └─knitr:::in_dir(input_dir(), expr)
14. └─knitr (local) evaluate(...)
15. └─evaluate::evaluate(...)
16. ├─evaluate::parse_all(input, filename = filename)
17. └─evaluate:::parse_all.character(input, filename = filename)
18. └─base::parse(text = x, srcfile = src)
~~~~~~~~~~~~~~~~~~~~~~~~~~~~~~~~~~~~~~~~~~~~~~~~~~~~~~~~~~~~~~~~~~~~~~~~~~~~~~~~
Execution halted
<1b>[39m<1b>[33mWARN: Error encountered when rendering files<1b>[39m
| Converting vignette 1/1: foo.Rmd
v Converting vignette 1/1: foo.Rmd [3s]
x 0The conversion failed for the following vignettes:
* 'foo.Rmd'
v Setting active project to "<no active project>".
v Setting active project to "/tmp/RtmpzYLjam/testpkg3b9b38767123a7".
i Creating `altdoc/` directory.
i Creating `docs/` directory.
i Adding ^docs$ to .Rbuildignore
i Adding ^altdoc$ to .Rbuildignore
i Adding altdoc/freeze.rds to .gitignore
i Importing default settings file(s) to `altdoc/`
i README.md is mandatory. `altdoc` created a dummy README file in the package directory.
-- Basic files -----------------------------------------------------------------
v 'README' imported.
-- Man pages -------------------------------------------------------------------
i Found 1 man page to convert.
\ Converting function reference 1/1: foo
| Converting function reference 1/1: foo
v Converting function reference 1/1: foo [1.4s]
-- Vignettes -------------------------------------------------------------------
i No vignettes to convert.
-- Update HTML -----------------------------------------------------------------
v HTML updated.
-- Complete --------------------------------------------------------------------
v Documentation updated.
v Setting active project to "<no active project>".
v Setting active project to "/tmp/RtmpzYLjam/testpkg3b9b3842c3f439".
i Creating `altdoc/` directory.
i Creating `docs/` directory.
i Adding ^docs$ to .Rbuildignore
i Adding ^altdoc$ to .Rbuildignore
i Adding altdoc/freeze.rds to .gitignore
i Adding altdoc/pkgdown.yml file.
i Importing default settings file(s) to `altdoc/`
i README.md is mandatory. `altdoc` created a dummy README file in the package directory.
-- Basic files -----------------------------------------------------------------
v 'README' imported.
-- Man pages -------------------------------------------------------------------
i No man pages to convert.
-- Vignettes -------------------------------------------------------------------
i No vignettes to convert.
-- Update HTML -----------------------------------------------------------------
v HTML updated.
-- Complete --------------------------------------------------------------------
v Documentation updated.
v Setting active project to "<no active project>".
v Setting active project to "/tmp/RtmpzYLjam/testpkg3b9b384403c76d".
i Creating `altdoc/` directory.
i Creating `docs/` directory.
i Adding ^docs$ to .Rbuildignore
i Adding ^altdoc$ to .Rbuildignore
i Adding altdoc/freeze.rds to .gitignore
i Importing default settings file(s) to `altdoc/`
i README.md is mandatory. `altdoc` created a dummy README file in the package directory.
-- Basic files -----------------------------------------------------------------
v 'README' imported.
-- Man pages -------------------------------------------------------------------
i No man pages to convert.
-- Vignettes -------------------------------------------------------------------
i No vignettes to convert.
-- Update HTML -----------------------------------------------------------------
v HTML updated.
-- Complete --------------------------------------------------------------------
v Documentation updated.
v Setting active project to "<no active project>".
v Setting active project to "/tmp/RtmpzYLjam/testproj3b9b3855842737".
v Setting active project to "<no active project>".
v Setting active project to "/tmp/RtmpzYLjam/testpkg3b9b382182b543".
i Creating `altdoc/` directory.
i Creating `docs/` directory.
i Adding ^docs$ to .Rbuildignore
i Adding ^altdoc$ to .Rbuildignore
i Adding altdoc/freeze.rds to .gitignore
i Importing default settings file(s) to `altdoc/`
i README.md is mandatory. `altdoc` created a dummy README file in the package directory.
v Setting active project to "<no active project>".
v Setting active project to "/tmp/RtmpzYLjam/testpkg3b9b3860e10e7d".
v Setting active project to "<no active project>".
v Setting active project to "/tmp/RtmpzYLjam/testpkg3b9b3852ee85ff".
i Creating `altdoc/` directory.
i Creating `docs/` directory.
i Adding ^docs$ to .Rbuildignore
i Adding ^altdoc$ to .Rbuildignore
i Adding altdoc/freeze.rds to .gitignore
i Importing default settings file(s) to `altdoc/`
i README.md is mandatory. `altdoc` created a dummy README file in the package directory.
i Creating `docs/` directory.
i Importing default settings file(s) to `altdoc/`
v Setting active project to "<no active project>".
v Setting active project to "/tmp/RtmpzYLjam/testpkg3b9b382dec9c6a".
i Creating `altdoc/` directory.
i Creating `docs/` directory.
i Adding ^docs$ to .Rbuildignore
i Adding ^altdoc$ to .Rbuildignore
i Adding altdoc/freeze.rds to .gitignore
i Importing default settings file(s) to `altdoc/`
i README.md is mandatory. `altdoc` created a dummy README file in the package directory.
i Creating `docs/` directory.
i Importing default settings file(s) to `altdoc/`
v Setting active project to "<no active project>".
v Setting active project to "/tmp/RtmpzYLjam/testpkg3b9b388c02679".
i Creating `altdoc/` directory.
i Creating `docs/` directory.
i Adding ^docs$ to .Rbuildignore
i Adding ^altdoc$ to .Rbuildignore
i Adding altdoc/freeze.rds to .gitignore
i Adding ^_quarto$ to .Rbuildignore
i Adding _quarto/* to .gitignore
i Adding !_quarto/_freeze/ to .gitignore
i Importing default settings file(s) to `altdoc/`
i README.md is mandatory. `altdoc` created a dummy README file in the package directory.
v Setting active project to "<no active project>".
v Setting active project to "/tmp/RtmpzYLjam/testpkg3b9b38353068f5".
i Creating `altdoc/` directory.
i Creating `docs/` directory.
i Adding ^docs$ to .Rbuildignore
i Adding ^altdoc$ to .Rbuildignore
i Adding altdoc/freeze.rds to .gitignore
i Importing default settings file(s) to `altdoc/`
i README.md is mandatory. `altdoc` created a dummy README file in the package directory.
v Setting active project to "<no active project>".
v Setting active project to "/tmp/RtmpzYLjam/testpkg3b9b38708756d9".
i Creating `altdoc/` directory.
i Creating `docs/` directory.
i Adding ^docs$ to .Rbuildignore
i Adding ^altdoc$ to .Rbuildignore
i Adding altdoc/freeze.rds to .gitignore
i Importing default settings file(s) to `altdoc/`
i README.md is mandatory. `altdoc` created a dummy README file in the package directory.
v '.github/workflows/altdoc.yaml' created.
v Added `altdoc` in Suggests.
v Setting active project to "<no active project>".
v Setting active project to "/tmp/RtmpzYLjam/testpkg3b9b381a1b4e1b".
i Creating `altdoc/` directory.
i Creating `docs/` directory.
i Adding ^docs$ to .Rbuildignore
i Adding ^altdoc$ to .Rbuildignore
i Adding altdoc/freeze.rds to .gitignore
i Importing default settings file(s) to `altdoc/`
i README.md is mandatory. `altdoc` created a dummy README file in the package directory.
i Leaving 'README.md' unchanged.
[ ] Update 'README.md' to include installation instructions.
-- Basic files -----------------------------------------------------------------
v 'README' imported.
-- Man pages -------------------------------------------------------------------
i No man pages to convert.
-- Vignettes -------------------------------------------------------------------
i No vignettes to convert.
-- Update HTML -----------------------------------------------------------------
v HTML updated.
-- Complete --------------------------------------------------------------------
v Documentation updated.
v Setting active project to "<no active project>".
v Setting active project to "/tmp/RtmpzYLjam/testpkg3b9b38b0ebcb6".
i Creating `altdoc/` directory.
i Creating `docs/` directory.
i Adding ^docs$ to .Rbuildignore
i Adding ^altdoc$ to .Rbuildignore
i Adding altdoc/freeze.rds to .gitignore
i Importing default settings file(s) to `altdoc/`
i README.md is mandatory. `altdoc` created a dummy README file in the package directory.
i Leaving 'README.md' unchanged.
[ ] Update 'README.md' to include installation instructions.
-- Basic files -----------------------------------------------------------------
v 'README' imported.
-- Man pages -------------------------------------------------------------------
i No man pages to convert.
-- Vignettes -------------------------------------------------------------------
i No vignettes to convert.
-- Update HTML -----------------------------------------------------------------
v HTML updated.
-- Complete --------------------------------------------------------------------
v Documentation updated.
v Setting active project to "<no active project>".
v Setting active project to "/tmp/RtmpzYLjam/testpkg3b9b3837df2440".
v Writing 'NEWS.md'.
i Creating `altdoc/` directory.
i Creating `docs/` directory.
i Adding ^docs$ to .Rbuildignore
i Adding ^altdoc$ to .Rbuildignore
i Adding altdoc/freeze.rds to .gitignore
i Importing default settings file(s) to `altdoc/`
i README.md is mandatory. `altdoc` created a dummy README file in the package directory.
-- Basic files -----------------------------------------------------------------
v 'NEWS' imported.
v 'README' imported.
-- Man pages -------------------------------------------------------------------
i No man pages to convert.
-- Vignettes -------------------------------------------------------------------
i No vignettes to convert.
-- Update HTML -----------------------------------------------------------------
v HTML updated.
-- Complete --------------------------------------------------------------------
v Documentation updated.
-- Basic files -----------------------------------------------------------------
v 'NEWS' imported.
v 'README' imported.
-- Man pages -------------------------------------------------------------------
i No man pages to convert.
-- Vignettes -------------------------------------------------------------------
i No vignettes to convert.
-- Update HTML -----------------------------------------------------------------
v HTML updated.
-- Complete --------------------------------------------------------------------
v Documentation updated.
v Setting active project to "<no active project>".
v Setting active project to "/tmp/RtmpzYLjam/testpkg3b9b38cecb527".
v Writing 'NEWS.md'.
i Creating `altdoc/` directory.
i Creating `docs/` directory.
i Adding ^docs$ to .Rbuildignore
i Adding ^altdoc$ to .Rbuildignore
i Adding altdoc/freeze.rds to .gitignore
i Importing default settings file(s) to `altdoc/`
i README.md is mandatory. `altdoc` created a dummy README file in the package directory.
-- Basic files -----------------------------------------------------------------
v 'NEWS' imported.
v 'README' imported.
-- Man pages -------------------------------------------------------------------
i No man pages to convert.
-- Vignettes -------------------------------------------------------------------
i No vignettes to convert.
-- Update HTML -----------------------------------------------------------------
v HTML updated.
-- Complete --------------------------------------------------------------------
v Documentation updated.
-- Basic files -----------------------------------------------------------------
v 'NEWS' imported.
v 'README' imported.
-- Man pages -------------------------------------------------------------------
i No man pages to convert.
-- Vignettes -------------------------------------------------------------------
i No vignettes to convert.
-- Update HTML -----------------------------------------------------------------
v HTML updated.
-- Complete --------------------------------------------------------------------
v Documentation updated.
v Setting active project to "<no active project>".
v Setting active project to "/tmp/RtmpzYLjam/testpkg3b9b3842fa35ef".
v Writing 'CODE_OF_CONDUCT.md'.
v Adding "^CODE_OF_CONDUCT\\.md$" to '.Rbuildignore'.
[ ] You may also want to describe the code of conduct in your README:
## Code of Conduct
Please note that the testpkg3b9b3842fa35ef project is released with a [Contributor Code of Conduct](https://contributor-covenant.org/version/2/1/CODE_OF_CONDUCT.html). By contributing to this project, you agree to abide by its terms.
i Creating `altdoc/` directory.
i Creating `docs/` directory.
i Adding ^docs$ to .Rbuildignore
i Adding ^altdoc$ to .Rbuildignore
i Adding altdoc/freeze.rds to .gitignore
i Importing default settings file(s) to `altdoc/`
i README.md is mandatory. `altdoc` created a dummy README file in the package directory.
-- Basic files -----------------------------------------------------------------
v 'CODE_OF_CONDUCT' imported.
v 'README' imported.
-- Man pages -------------------------------------------------------------------
i No man pages to convert.
-- Vignettes -------------------------------------------------------------------
i No vignettes to convert.
-- Update HTML -----------------------------------------------------------------
v HTML updated.
-- Complete --------------------------------------------------------------------
v Documentation updated.
-- Basic files -----------------------------------------------------------------
v 'CODE_OF_CONDUCT' imported.
v 'README' imported.
-- Man pages -------------------------------------------------------------------
i No man pages to convert.
-- Vignettes -------------------------------------------------------------------
i No vignettes to convert.
-- Update HTML -----------------------------------------------------------------
v HTML updated.
-- Complete --------------------------------------------------------------------
v Documentation updated.
v Setting active project to "<no active project>".
v Setting active project to "/tmp/RtmpzYLjam/testpkg3b9b3822bb4a2d".
v Writing 'CODE_OF_CONDUCT.md'.
v Adding "^CODE_OF_CONDUCT\\.md$" to '.Rbuildignore'.
[ ] You may also want to describe the code of conduct in your README:
## Code of Conduct
Please note that the testpkg3b9b3822bb4a2d project is released with a [Contributor Code of Conduct](https://contributor-covenant.org/version/2/1/CODE_OF_CONDUCT.html). By contributing to this project, you agree to abide by its terms.
i Creating `altdoc/` directory.
i Creating `docs/` directory.
i Adding ^docs$ to .Rbuildignore
i Adding ^altdoc$ to .Rbuildignore
i Adding altdoc/freeze.rds to .gitignore
i Importing default settings file(s) to `altdoc/`
i README.md is mandatory. `altdoc` created a dummy README file in the package directory.
-- Basic files -----------------------------------------------------------------
v 'CODE_OF_CONDUCT' imported.
v 'README' imported.
-- Man pages -------------------------------------------------------------------
i No man pages to convert.
-- Vignettes -------------------------------------------------------------------
i No vignettes to convert.
-- Update HTML -----------------------------------------------------------------
v HTML updated.
-- Complete --------------------------------------------------------------------
v Documentation updated.
-- Basic files -----------------------------------------------------------------
v 'CODE_OF_CONDUCT' imported.
v 'README' imported.
-- Man pages -------------------------------------------------------------------
i No man pages to convert.
-- Vignettes -------------------------------------------------------------------
i No vignettes to convert.
-- Update HTML -----------------------------------------------------------------
v HTML updated.
-- Complete --------------------------------------------------------------------
v Documentation updated.
v Setting active project to "<no active project>".
v Setting active project to "/tmp/RtmpzYLjam/testpkg3b9b3866e0eb44".
v Adding "MIT + file LICENSE" to 'License'.
v Writing 'LICENSE'.
v Writing 'LICENSE.md'.
v Adding "^LICENSE\\.md$" to '.Rbuildignore'.
i Creating `altdoc/` directory.
i Creating `docs/` directory.
i Adding ^docs$ to .Rbuildignore
i Adding ^altdoc$ to .Rbuildignore
i Adding altdoc/freeze.rds to .gitignore
i Importing default settings file(s) to `altdoc/`
i README.md is mandatory. `altdoc` created a dummy README file in the package directory.
-- Basic files -----------------------------------------------------------------
v 'LICENSE' imported.
v 'README' imported.
-- Man pages -------------------------------------------------------------------
i No man pages to convert.
-- Vignettes -------------------------------------------------------------------
i No vignettes to convert.
-- Update HTML -----------------------------------------------------------------
v HTML updated.
-- Complete --------------------------------------------------------------------
v Documentation updated.
-- Basic files -----------------------------------------------------------------
v 'LICENSE' imported.
v 'README' imported.
-- Man pages -------------------------------------------------------------------
i No man pages to convert.
-- Vignettes -------------------------------------------------------------------
i No vignettes to convert.
-- Update HTML -----------------------------------------------------------------
v HTML updated.
-- Complete --------------------------------------------------------------------
v Documentation updated.
v Setting active project to "<no active project>".
v Setting active project to "/tmp/RtmpzYLjam/testpkg3b9b3840e76503".
v Adding "MIT + file LICENSE" to 'License'.
v Writing 'LICENSE'.
v Writing 'LICENSE.md'.
v Adding "^LICENSE\\.md$" to '.Rbuildignore'.
i Creating `altdoc/` directory.
i Creating `docs/` directory.
i Adding ^docs$ to .Rbuildignore
i Adding ^altdoc$ to .Rbuildignore
i Adding altdoc/freeze.rds to .gitignore
i Importing default settings file(s) to `altdoc/`
i README.md is mandatory. `altdoc` created a dummy README file in the package directory.
-- Basic files -----------------------------------------------------------------
v 'LICENSE' imported.
v 'README' imported.
-- Man pages -------------------------------------------------------------------
i No man pages to convert.
-- Vignettes -------------------------------------------------------------------
i No vignettes to convert.
-- Update HTML -----------------------------------------------------------------
v HTML updated.
-- Complete --------------------------------------------------------------------
v Documentation updated.
-- Basic files -----------------------------------------------------------------
v 'LICENSE' imported.
v 'README' imported.
-- Man pages -------------------------------------------------------------------
i No man pages to convert.
-- Vignettes -------------------------------------------------------------------
i No vignettes to convert.
-- Update HTML -----------------------------------------------------------------
v HTML updated.
-- Complete --------------------------------------------------------------------
v Documentation updated.
v Setting active project to "<no active project>".
v Setting active project to "/tmp/RtmpzYLjam/testpkg3b9b3827d97104".
i Creating `altdoc/` directory.
i Creating `docs/` directory.
i Adding ^docs$ to .Rbuildignore
i Adding ^altdoc$ to .Rbuildignore
i Adding altdoc/freeze.rds to .gitignore
i Importing default settings file(s) to `altdoc/`
i README.md is mandatory. `altdoc` created a dummy README file in the package directory.
-- Basic files -----------------------------------------------------------------
v 'README' imported.
-- Man pages -------------------------------------------------------------------
i No man pages to convert.
-- Vignettes -------------------------------------------------------------------
i Found 1 vignette to convert.
\ Converting vignette 1/1: basic.Rmd
| Converting vignette 1/1: basic.Rmd
v Converting vignette 1/1: basic.Rmd [2.1s]
-- Update HTML -----------------------------------------------------------------
v HTML updated.
-- Complete --------------------------------------------------------------------
v Documentation updated.
-- Basic files -----------------------------------------------------------------
v 'README' imported.
-- Man pages -------------------------------------------------------------------
i No man pages to convert.
-- Vignettes -------------------------------------------------------------------
i Found 2 vignettes to convert.
\ Converting vignette 1/2: basic.Rmd
| Converting vignette 1/2: basic.Rmd
v Converting vignette 1/2: basic.Rmd [2.1s]
\ Converting vignette 2/2: several-outputs.Rmd
v Converting vignette 2/2: several-outputs.Rmd [2.2s]
-- Update HTML -----------------------------------------------------------------
v HTML updated.
-- Complete --------------------------------------------------------------------
v Documentation updated.
v Setting active project to "<no active project>".
v Setting active project to "/tmp/RtmpzYLjam/testpkg3b9b3839457777".
i Creating `altdoc/` directory.
i Creating `docs/` directory.
i Adding ^docs$ to .Rbuildignore
i Adding ^altdoc$ to .Rbuildignore
i Adding altdoc/freeze.rds to .gitignore
i Importing default settings file(s) to `altdoc/`
i README.md is mandatory. `altdoc` created a dummy README file in the package directory.
-- Basic files -----------------------------------------------------------------
v 'README' imported.
-- Man pages -------------------------------------------------------------------
i No man pages to convert.
-- Vignettes -------------------------------------------------------------------
i Found 1 vignette to convert.
\ Converting vignette 1/1: basic.Rmd
v Converting vignette 1/1: basic.Rmd [2.1s]
-- Update HTML -----------------------------------------------------------------
v HTML updated.
-- Complete --------------------------------------------------------------------
v Documentation updated.
-- Basic files -----------------------------------------------------------------
v 'README' imported.
-- Man pages -------------------------------------------------------------------
i No man pages to convert.
-- Vignettes -------------------------------------------------------------------
i Found 2 vignettes to convert.
\ Converting vignette 1/2: basic.Rmd
| Converting vignette 1/2: basic.Rmd
v Converting vignette 1/2: basic.Rmd [2.1s]
\ Converting vignette 2/2: several-outputs.Rmd
| Converting vignette 2/2: several-outputs.Rmd
v Converting vignette 2/2: several-outputs.Rmd [2.1s]
-- Update HTML -----------------------------------------------------------------
v HTML updated.
-- Complete --------------------------------------------------------------------
v Documentation updated.
v Setting active project to "<no active project>".
v Setting active project to "/tmp/RtmpzYLjam/testpkg3b9b3830dbfe5b".
v Setting active project to "<no active project>".
v Setting active project to "/tmp/RtmpzYLjam/testpkg3b9b383fd9119d".
v Setting active project to "<no active project>".
v Setting active project to "/tmp/RtmpzYLjam/testpkg3b9b387e06bfe5".
v Setting active project to "<no active project>".
v Setting active project to "/tmp/RtmpzYLjam/testpkg3b9b38178a3fd5".
v Setting active project to "<no active project>".
v Setting active project to "/tmp/RtmpzYLjam/testpkg3b9b3860d02339".
v Setting active project to "<no active project>".
v Setting active project to "/tmp/RtmpzYLjam/testpkg3b9b3813988bc5".
v Setting active project to "<no active project>".
[ FAIL 3 | WARN 1 | SKIP 15 | PASS 66 ]
══ Skipped tests (15) ══════════════════════════════════════════════════════════
• .venv_exists() is not TRUE (2): 'test-setup_docs.R:49:5',
'test-setup_github_actions.R:23:5'
• On CRAN (12): 'test-rd2qmd.R:49:5', 'test-render_docs.R:2:5',
'test-render_docs.R:40:5', 'test-render_docs.R:79:5',
'test-render_docs.R:125:5', 'test-render_docs.R:158:5',
'test-render_docs.R:182:5', 'test-render_docs.R:207:5',
'test-render_docs.R:221:9', 'test-render_docs.R:221:9',
'test-render_docs.R:221:9', 'test-render_docs.R:246:5'
• tool == "mkdocs" && !.venv_exists() is TRUE (1): 'test-parallel.R:4:9'
══ Failed tests ════════════════════════════════════════════════════════════════
── Failure ('test-import_man.R:12:5'): rendering fails ─────────────────────────
.render_one_man(...) (`actual`) not identical to "failure" (`expected`).
`actual`: "success"
`expected`: "failure"
── Failure ('test-rd2qmd.R:16:5'): .rd2qmd works ───────────────────────────────
`h3` (`actual`) not identical to c("### Description", "### Usage", "### Arguments") (`expected`).
`actual`:
`expected`: "### Description" "### Usage" "### Arguments"
── Failure ('test-render_docs.R:323:5'): render_docs errors if man fail ────────
`render_docs(path = getwd())` did not throw the expected error.
[ FAIL 3 | WARN 1 | SKIP 15 | PASS 66 ]
Error: Test failures
Execution halted
Flavor: r-devel-linux-x86_64-debian-gcc
Version: 0.6.0
Check: tests
Result: ERROR
Running ‘spelling.R’ [0s/0s]
Running ‘testthat.R’ [4s/4s]
Running the tests in ‘tests/testthat.R’ failed.
Complete output:
> library(testthat)
> library(altdoc)
>
> test_check("altdoc")
v Setting active project to
"/Volumes/Temp/tmp/RtmpJm2UF8/testpkg10e45218b455f".
i Creating `altdoc/` directory.
i Creating `docs/` directory.
i Adding ^docs$ to .Rbuildignore
i Adding ^altdoc$ to .Rbuildignore
i Adding altdoc/freeze.rds to .gitignore
i Importing default settings file(s) to `altdoc/`
i README.md is mandatory. `altdoc` created a dummy README file in the package directory.
v Setting active project to "<no active project>".
v Setting active project to
"/Volumes/Temp/tmp/RtmpJm2UF8/testpkg10e4539e01dea".
i Creating `altdoc/` directory.
i Creating `docs/` directory.
i Adding ^docs$ to .Rbuildignore
i Adding ^altdoc$ to .Rbuildignore
i Adding altdoc/freeze.rds to .gitignore
i Importing default settings file(s) to `altdoc/`
i README.md is mandatory. `altdoc` created a dummy README file in the package directory.
v Setting active project to "<no active project>".
v Setting active project to
"/Volumes/Temp/tmp/RtmpJm2UF8/testpkg10e452f18caa3".
i Creating `altdoc/` directory.
i Creating `docs/` directory.
i Adding ^docs$ to .Rbuildignore
i Adding ^altdoc$ to .Rbuildignore
i Adding altdoc/freeze.rds to .gitignore
i Importing default settings file(s) to `altdoc/`
i README.md is mandatory. `altdoc` created a dummy README file in the package directory.
v Setting active project to "<no active project>".
v Setting active project to "/Volumes/Temp/tmp/RtmpJm2UF8/testpkg10e4577adfa2".
i Creating `altdoc/` directory.
i Creating `docs/` directory.
i Adding ^docs$ to .Rbuildignore
i Adding ^altdoc$ to .Rbuildignore
i Adding altdoc/freeze.rds to .gitignore
i Importing default settings file(s) to `altdoc/`
i README.md is mandatory. `altdoc` created a dummy README file in the package directory.
v Setting active project to "<no active project>".
v Setting active project to
"/Volumes/Temp/tmp/RtmpJm2UF8/testproj10e4537b64a8f".
v Setting active project to "<no active project>".
v Setting active project to
"/Volumes/Temp/tmp/RtmpJm2UF8/testpkg10e4578eb90e1".
i Creating `altdoc/` directory.
i Creating `docs/` directory.
i Adding ^docs$ to .Rbuildignore
i Adding ^altdoc$ to .Rbuildignore
i Adding altdoc/freeze.rds to .gitignore
i Importing default settings file(s) to `altdoc/`
i README.md is mandatory. `altdoc` created a dummy README file in the package directory.
v Setting active project to "<no active project>".
v Setting active project to
"/Volumes/Temp/tmp/RtmpJm2UF8/testpkg10e45513456c7".
v Setting active project to "<no active project>".
v Setting active project to
"/Volumes/Temp/tmp/RtmpJm2UF8/testpkg10e456c0094a3".
i Creating `altdoc/` directory.
i Creating `docs/` directory.
i Adding ^docs$ to .Rbuildignore
i Adding ^altdoc$ to .Rbuildignore
i Adding altdoc/freeze.rds to .gitignore
i Importing default settings file(s) to `altdoc/`
i README.md is mandatory. `altdoc` created a dummy README file in the package directory.
i Creating `docs/` directory.
i Importing default settings file(s) to `altdoc/`
v Setting active project to "<no active project>".
v Setting active project to
"/Volumes/Temp/tmp/RtmpJm2UF8/testpkg10e451b065289".
i Creating `altdoc/` directory.
i Creating `docs/` directory.
i Adding ^docs$ to .Rbuildignore
i Adding ^altdoc$ to .Rbuildignore
i Adding altdoc/freeze.rds to .gitignore
i Importing default settings file(s) to `altdoc/`
i README.md is mandatory. `altdoc` created a dummy README file in the package directory.
i Creating `docs/` directory.
i Importing default settings file(s) to `altdoc/`
v Setting active project to "<no active project>".
v Setting active project to
"/Volumes/Temp/tmp/RtmpJm2UF8/testpkg10e452a460730".
i Creating `altdoc/` directory.
i Creating `docs/` directory.
i Adding ^docs$ to .Rbuildignore
i Adding ^altdoc$ to .Rbuildignore
i Adding altdoc/freeze.rds to .gitignore
i Adding ^_quarto$ to .Rbuildignore
i Adding _quarto/* to .gitignore
i Adding !_quarto/_freeze/ to .gitignore
i Importing default settings file(s) to `altdoc/`
i README.md is mandatory. `altdoc` created a dummy README file in the package directory.
v Setting active project to "<no active project>".
v Setting active project to "/Volumes/Temp/tmp/RtmpJm2UF8/testpkg10e45c2f09af".
i Creating `altdoc/` directory.
i Creating `docs/` directory.
i Adding ^docs$ to .Rbuildignore
i Adding ^altdoc$ to .Rbuildignore
i Adding altdoc/freeze.rds to .gitignore
i Importing default settings file(s) to `altdoc/`
i README.md is mandatory. `altdoc` created a dummy README file in the package directory.
v Setting active project to "<no active project>".
v Setting active project to
"/Volumes/Temp/tmp/RtmpJm2UF8/testpkg10e452a0cf98b".
i Creating `altdoc/` directory.
i Creating `docs/` directory.
i Adding ^docs$ to .Rbuildignore
i Adding ^altdoc$ to .Rbuildignore
i Adding altdoc/freeze.rds to .gitignore
i Importing default settings file(s) to `altdoc/`
i README.md is mandatory. `altdoc` created a dummy README file in the package directory.
v '.github/workflows/altdoc.yaml' created.
v Added `altdoc` in Suggests.
v Setting active project to "<no active project>".
v Setting active project to
"/Volumes/Temp/tmp/RtmpJm2UF8/testpkg10e457b2e1709".
v Setting active project to "<no active project>".
v Setting active project to
"/Volumes/Temp/tmp/RtmpJm2UF8/testpkg10e45640e68ee".
v Setting active project to "<no active project>".
v Setting active project to "/Volumes/Temp/tmp/RtmpJm2UF8/testpkg10e45fb791f4".
v Setting active project to "<no active project>".
v Setting active project to
"/Volumes/Temp/tmp/RtmpJm2UF8/testpkg10e452859c76d".
v Setting active project to "<no active project>".
v Setting active project to
"/Volumes/Temp/tmp/RtmpJm2UF8/testpkg10e451ca9db93".
v Setting active project to "<no active project>".
v Setting active project to
"/Volumes/Temp/tmp/RtmpJm2UF8/testpkg10e45588cebca".
v Setting active project to "<no active project>".
[ FAIL 1 | WARN 0 | SKIP 37 | PASS 35 ]
══ Skipped tests (37) ══════════════════════════════════════════════════════════
• !.quarto_is_installed() is TRUE (23): 'test-import_man.R:2:5',
'test-import_man.R:26:5', 'test-import_man.R:52:5', 'test-parallel.R:3:9',
'test-parallel.R:3:9', 'test-parallel.R:3:9', 'test-qmd2md.R:2:5',
'test-qmd2md.R:30:5', 'test-render_docs.R:273:5', 'test-render_docs.R:303:5',
'test-render_docs.R:315:5', 'test-settings.R:2:5', 'test-settings.R:14:5',
'test-update.R:5:9', 'test-update.R:5:9', 'test-update.R:21:9',
'test-update.R:21:9', 'test-update.R:50:13', 'test-update.R:50:13',
'test-update.R:72:9', 'test-update.R:72:9', 'test-update.R:98:13',
'test-update.R:98:13'
• .venv_exists() is not TRUE (2): 'test-setup_docs.R:49:5',
'test-setup_github_actions.R:23:5'
• On CRAN (12): 'test-rd2qmd.R:49:5', 'test-render_docs.R:2:5',
'test-render_docs.R:40:5', 'test-render_docs.R:79:5',
'test-render_docs.R:125:5', 'test-render_docs.R:158:5',
'test-render_docs.R:182:5', 'test-render_docs.R:207:5',
'test-render_docs.R:221:9', 'test-render_docs.R:221:9',
'test-render_docs.R:221:9', 'test-render_docs.R:246:5'
══ Failed tests ════════════════════════════════════════════════════════════════
── Error ('test-check_md_structure.R:30:5'): .reformat_md works ────────────────
Error in `.check_quarto_installed()`: Quarto (the command-line tool) is not installed on your system.
i It is needed to render manual pages and vignettes.
i Install it from <https://quarto.org/docs/get-started>.
Backtrace:
▆
1. ├─testthat::expect_message(render_docs(), "assumes that the only level 1") at test-check_md_structure.R:30:5
2. │ └─testthat:::expect_condition_matching(...)
3. │ └─testthat:::quasi_capture(...)
4. │ ├─testthat (local) .capture(...)
5. │ │ └─base::withCallingHandlers(...)
6. │ └─rlang::eval_bare(quo_get_expr(.quo), quo_get_env(.quo))
7. └─altdoc::render_docs()
8. └─altdoc:::.check_quarto_installed()
9. └─cli::cli_abort(...)
10. └─rlang::abort(...)
[ FAIL 1 | WARN 0 | SKIP 37 | PASS 35 ]
Error: Test failures
Execution halted
Flavor: r-release-macos-arm64
Version: 0.6.0
Check: tests
Result: ERROR
Running ‘spelling.R’ [0s/0s]
Running ‘testthat.R’ [7s/12s]
Running the tests in ‘tests/testthat.R’ failed.
Complete output:
> library(testthat)
> library(altdoc)
>
> test_check("altdoc")
v Setting active project to
"/Volumes/Temp/tmp/RtmpsPBw22/testpkg1142756954cb5".
i Creating `altdoc/` directory.
i Creating `docs/` directory.
i Adding ^docs$ to .Rbuildignore
i Adding ^altdoc$ to .Rbuildignore
i Adding altdoc/freeze.rds to .gitignore
i Importing default settings file(s) to `altdoc/`
i README.md is mandatory. `altdoc` created a dummy README file in the package directory.
v Setting active project to "<no active project>".
v Setting active project to
"/Volumes/Temp/tmp/RtmpsPBw22/testpkg114275e697600".
i Creating `altdoc/` directory.
i Creating `docs/` directory.
i Adding ^docs$ to .Rbuildignore
i Adding ^altdoc$ to .Rbuildignore
i Adding altdoc/freeze.rds to .gitignore
i Importing default settings file(s) to `altdoc/`
i README.md is mandatory. `altdoc` created a dummy README file in the package directory.
v Setting active project to "<no active project>".
v Setting active project to
"/Volumes/Temp/tmp/RtmpsPBw22/testpkg114277881a58e".
i Creating `altdoc/` directory.
i Creating `docs/` directory.
i Adding ^docs$ to .Rbuildignore
i Adding ^altdoc$ to .Rbuildignore
i Adding altdoc/freeze.rds to .gitignore
i Importing default settings file(s) to `altdoc/`
i README.md is mandatory. `altdoc` created a dummy README file in the package directory.
v Setting active project to "<no active project>".
v Setting active project to
"/Volumes/Temp/tmp/RtmpsPBw22/testpkg114274f91dfcd".
i Creating `altdoc/` directory.
i Creating `docs/` directory.
i Adding ^docs$ to .Rbuildignore
i Adding ^altdoc$ to .Rbuildignore
i Adding altdoc/freeze.rds to .gitignore
i Importing default settings file(s) to `altdoc/`
i README.md is mandatory. `altdoc` created a dummy README file in the package directory.
v Setting active project to "<no active project>".
v Setting active project to
"/Volumes/Temp/tmp/RtmpsPBw22/testproj114271e9af3f8".
v Setting active project to "<no active project>".
v Setting active project to
"/Volumes/Temp/tmp/RtmpsPBw22/testpkg1142771dc60bd".
i Creating `altdoc/` directory.
i Creating `docs/` directory.
i Adding ^docs$ to .Rbuildignore
i Adding ^altdoc$ to .Rbuildignore
i Adding altdoc/freeze.rds to .gitignore
i Importing default settings file(s) to `altdoc/`
i README.md is mandatory. `altdoc` created a dummy README file in the package directory.
v Setting active project to "<no active project>".
v Setting active project to
"/Volumes/Temp/tmp/RtmpsPBw22/testpkg1142726a6bbad".
v Setting active project to "<no active project>".
v Setting active project to
"/Volumes/Temp/tmp/RtmpsPBw22/testpkg1142752face69".
i Creating `altdoc/` directory.
i Creating `docs/` directory.
i Adding ^docs$ to .Rbuildignore
i Adding ^altdoc$ to .Rbuildignore
i Adding altdoc/freeze.rds to .gitignore
i Importing default settings file(s) to `altdoc/`
i README.md is mandatory. `altdoc` created a dummy README file in the package directory.
i Creating `docs/` directory.
i Importing default settings file(s) to `altdoc/`
v Setting active project to "<no active project>".
v Setting active project to
"/Volumes/Temp/tmp/RtmpsPBw22/testpkg1142725518f64".
i Creating `altdoc/` directory.
i Creating `docs/` directory.
i Adding ^docs$ to .Rbuildignore
i Adding ^altdoc$ to .Rbuildignore
i Adding altdoc/freeze.rds to .gitignore
i Importing default settings file(s) to `altdoc/`
i README.md is mandatory. `altdoc` created a dummy README file in the package directory.
i Creating `docs/` directory.
i Importing default settings file(s) to `altdoc/`
v Setting active project to "<no active project>".
v Setting active project to
"/Volumes/Temp/tmp/RtmpsPBw22/testpkg1142769c0d2a6".
i Creating `altdoc/` directory.
i Creating `docs/` directory.
i Adding ^docs$ to .Rbuildignore
i Adding ^altdoc$ to .Rbuildignore
i Adding altdoc/freeze.rds to .gitignore
i Adding ^_quarto$ to .Rbuildignore
i Adding _quarto/* to .gitignore
i Adding !_quarto/_freeze/ to .gitignore
i Importing default settings file(s) to `altdoc/`
i README.md is mandatory. `altdoc` created a dummy README file in the package directory.
v Setting active project to "<no active project>".
v Setting active project to
"/Volumes/Temp/tmp/RtmpsPBw22/testpkg1142750621e6a".
i Creating `altdoc/` directory.
i Creating `docs/` directory.
i Adding ^docs$ to .Rbuildignore
i Adding ^altdoc$ to .Rbuildignore
i Adding altdoc/freeze.rds to .gitignore
i Importing default settings file(s) to `altdoc/`
i README.md is mandatory. `altdoc` created a dummy README file in the package directory.
v Setting active project to "<no active project>".
v Setting active project to
"/Volumes/Temp/tmp/RtmpsPBw22/testpkg1142757828c66".
i Creating `altdoc/` directory.
i Creating `docs/` directory.
i Adding ^docs$ to .Rbuildignore
i Adding ^altdoc$ to .Rbuildignore
i Adding altdoc/freeze.rds to .gitignore
i Importing default settings file(s) to `altdoc/`
i README.md is mandatory. `altdoc` created a dummy README file in the package directory.
v '.github/workflows/altdoc.yaml' created.
v Added `altdoc` in Suggests.
v Setting active project to "<no active project>".
v Setting active project to
"/Volumes/Temp/tmp/RtmpsPBw22/testpkg1142769ed258e".
v Setting active project to "<no active project>".
v Setting active project to
"/Volumes/Temp/tmp/RtmpsPBw22/testpkg1142743ee17ba".
v Setting active project to "<no active project>".
v Setting active project to
"/Volumes/Temp/tmp/RtmpsPBw22/testpkg1142737e14d28".
v Setting active project to "<no active project>".
v Setting active project to
"/Volumes/Temp/tmp/RtmpsPBw22/testpkg11427134e4687".
v Setting active project to "<no active project>".
v Setting active project to "/Volumes/Temp/tmp/RtmpsPBw22/testpkg1142792cd51d".
v Setting active project to "<no active project>".
v Setting active project to
"/Volumes/Temp/tmp/RtmpsPBw22/testpkg1142720a9623f".
v Setting active project to "<no active project>".
[ FAIL 1 | WARN 0 | SKIP 37 | PASS 35 ]
══ Skipped tests (37) ══════════════════════════════════════════════════════════
• !.quarto_is_installed() is TRUE (23): 'test-import_man.R:2:5',
'test-import_man.R:26:5', 'test-import_man.R:52:5', 'test-parallel.R:3:9',
'test-parallel.R:3:9', 'test-parallel.R:3:9', 'test-qmd2md.R:2:5',
'test-qmd2md.R:30:5', 'test-render_docs.R:273:5', 'test-render_docs.R:303:5',
'test-render_docs.R:315:5', 'test-settings.R:2:5', 'test-settings.R:14:5',
'test-update.R:5:9', 'test-update.R:5:9', 'test-update.R:21:9',
'test-update.R:21:9', 'test-update.R:50:13', 'test-update.R:50:13',
'test-update.R:72:9', 'test-update.R:72:9', 'test-update.R:98:13',
'test-update.R:98:13'
• .venv_exists() is not TRUE (2): 'test-setup_docs.R:49:5',
'test-setup_github_actions.R:23:5'
• On CRAN (12): 'test-rd2qmd.R:49:5', 'test-render_docs.R:2:5',
'test-render_docs.R:40:5', 'test-render_docs.R:79:5',
'test-render_docs.R:125:5', 'test-render_docs.R:158:5',
'test-render_docs.R:182:5', 'test-render_docs.R:207:5',
'test-render_docs.R:221:9', 'test-render_docs.R:221:9',
'test-render_docs.R:221:9', 'test-render_docs.R:246:5'
══ Failed tests ════════════════════════════════════════════════════════════════
── Error ('test-check_md_structure.R:30:5'): .reformat_md works ────────────────
Error in `.check_quarto_installed()`: Quarto (the command-line tool) is not installed on your system.
i It is needed to render manual pages and vignettes.
i Install it from <https://quarto.org/docs/get-started>.
Backtrace:
▆
1. ├─testthat::expect_message(render_docs(), "assumes that the only level 1") at test-check_md_structure.R:30:5
2. │ └─testthat:::expect_condition_matching(...)
3. │ └─testthat:::quasi_capture(...)
4. │ ├─testthat (local) .capture(...)
5. │ │ └─base::withCallingHandlers(...)
6. │ └─rlang::eval_bare(quo_get_expr(.quo), quo_get_env(.quo))
7. └─altdoc::render_docs()
8. └─altdoc:::.check_quarto_installed()
9. └─cli::cli_abort(...)
10. └─rlang::abort(...)
[ FAIL 1 | WARN 0 | SKIP 37 | PASS 35 ]
Error: Test failures
Execution halted
Flavor: r-release-macos-x86_64
Version: 0.6.0
Check: tests
Result: ERROR
Running ‘spelling.R’ [0s/0s]
Running ‘testthat.R’ [4s/4s]
Running the tests in ‘tests/testthat.R’ failed.
Complete output:
> library(testthat)
> library(altdoc)
>
> test_check("altdoc")
v Setting active project to "/Volumes/Temp/tmp/RtmpLKfNvv/testpkg560fd5c1e3".
i Creating `altdoc/` directory.
i Creating `docs/` directory.
i Adding ^docs$ to .Rbuildignore
i Adding ^altdoc$ to .Rbuildignore
i Adding altdoc/freeze.rds to .gitignore
i Importing default settings file(s) to `altdoc/`
i README.md is mandatory. `altdoc` created a dummy README file in the package directory.
v Setting active project to "<no active project>".
v Setting active project to "/Volumes/Temp/tmp/RtmpLKfNvv/testpkg560f3450e940".
i Creating `altdoc/` directory.
i Creating `docs/` directory.
i Adding ^docs$ to .Rbuildignore
i Adding ^altdoc$ to .Rbuildignore
i Adding altdoc/freeze.rds to .gitignore
i Importing default settings file(s) to `altdoc/`
i README.md is mandatory. `altdoc` created a dummy README file in the package directory.
v Setting active project to "<no active project>".
v Setting active project to "/Volumes/Temp/tmp/RtmpLKfNvv/testpkg560f7d481985".
i Creating `altdoc/` directory.
i Creating `docs/` directory.
i Adding ^docs$ to .Rbuildignore
i Adding ^altdoc$ to .Rbuildignore
i Adding altdoc/freeze.rds to .gitignore
i Importing default settings file(s) to `altdoc/`
i README.md is mandatory. `altdoc` created a dummy README file in the package directory.
v Setting active project to "<no active project>".
v Setting active project to "/Volumes/Temp/tmp/RtmpLKfNvv/testpkg560f31511fe".
i Creating `altdoc/` directory.
i Creating `docs/` directory.
i Adding ^docs$ to .Rbuildignore
i Adding ^altdoc$ to .Rbuildignore
i Adding altdoc/freeze.rds to .gitignore
i Importing default settings file(s) to `altdoc/`
i README.md is mandatory. `altdoc` created a dummy README file in the package directory.
v Setting active project to "<no active project>".
v Setting active project to
"/Volumes/Temp/tmp/RtmpLKfNvv/testproj560f2f01db0f".
v Setting active project to "<no active project>".
v Setting active project to "/Volumes/Temp/tmp/RtmpLKfNvv/testpkg560f35733518".
i Creating `altdoc/` directory.
i Creating `docs/` directory.
i Adding ^docs$ to .Rbuildignore
i Adding ^altdoc$ to .Rbuildignore
i Adding altdoc/freeze.rds to .gitignore
i Importing default settings file(s) to `altdoc/`
i README.md is mandatory. `altdoc` created a dummy README file in the package directory.
v Setting active project to "<no active project>".
v Setting active project to "/Volumes/Temp/tmp/RtmpLKfNvv/testpkg560f1ca3d4e3".
v Setting active project to "<no active project>".
v Setting active project to "/Volumes/Temp/tmp/RtmpLKfNvv/testpkg560f61975df".
i Creating `altdoc/` directory.
i Creating `docs/` directory.
i Adding ^docs$ to .Rbuildignore
i Adding ^altdoc$ to .Rbuildignore
i Adding altdoc/freeze.rds to .gitignore
i Importing default settings file(s) to `altdoc/`
i README.md is mandatory. `altdoc` created a dummy README file in the package directory.
i Creating `docs/` directory.
i Importing default settings file(s) to `altdoc/`
v Setting active project to "<no active project>".
v Setting active project to "/Volumes/Temp/tmp/RtmpLKfNvv/testpkg560ff9b372d".
i Creating `altdoc/` directory.
i Creating `docs/` directory.
i Adding ^docs$ to .Rbuildignore
i Adding ^altdoc$ to .Rbuildignore
i Adding altdoc/freeze.rds to .gitignore
i Importing default settings file(s) to `altdoc/`
i README.md is mandatory. `altdoc` created a dummy README file in the package directory.
i Creating `docs/` directory.
i Importing default settings file(s) to `altdoc/`
v Setting active project to "<no active project>".
v Setting active project to "/Volumes/Temp/tmp/RtmpLKfNvv/testpkg560f58d96fb2".
i Creating `altdoc/` directory.
i Creating `docs/` directory.
i Adding ^docs$ to .Rbuildignore
i Adding ^altdoc$ to .Rbuildignore
i Adding altdoc/freeze.rds to .gitignore
i Adding ^_quarto$ to .Rbuildignore
i Adding _quarto/* to .gitignore
i Adding !_quarto/_freeze/ to .gitignore
i Importing default settings file(s) to `altdoc/`
i README.md is mandatory. `altdoc` created a dummy README file in the package directory.
v Setting active project to "<no active project>".
v Setting active project to "/Volumes/Temp/tmp/RtmpLKfNvv/testpkg560f28caedbd".
i Creating `altdoc/` directory.
i Creating `docs/` directory.
i Adding ^docs$ to .Rbuildignore
i Adding ^altdoc$ to .Rbuildignore
i Adding altdoc/freeze.rds to .gitignore
i Importing default settings file(s) to `altdoc/`
i README.md is mandatory. `altdoc` created a dummy README file in the package directory.
v Setting active project to "<no active project>".
v Setting active project to "/Volumes/Temp/tmp/RtmpLKfNvv/testpkg560ffb3b610".
i Creating `altdoc/` directory.
i Creating `docs/` directory.
i Adding ^docs$ to .Rbuildignore
i Adding ^altdoc$ to .Rbuildignore
i Adding altdoc/freeze.rds to .gitignore
i Importing default settings file(s) to `altdoc/`
i README.md is mandatory. `altdoc` created a dummy README file in the package directory.
v '.github/workflows/altdoc.yaml' created.
v Added `altdoc` in Suggests.
v Setting active project to "<no active project>".
v Setting active project to "/Volumes/Temp/tmp/RtmpLKfNvv/testpkg560f655eb4ea".
v Setting active project to "<no active project>".
v Setting active project to "/Volumes/Temp/tmp/RtmpLKfNvv/testpkg560f68a28151".
v Setting active project to "<no active project>".
v Setting active project to "/Volumes/Temp/tmp/RtmpLKfNvv/testpkg560f5e593385".
v Setting active project to "<no active project>".
v Setting active project to "/Volumes/Temp/tmp/RtmpLKfNvv/testpkg560f39e08568".
v Setting active project to "<no active project>".
v Setting active project to "/Volumes/Temp/tmp/RtmpLKfNvv/testpkg560f6f56a5eb".
v Setting active project to "<no active project>".
v Setting active project to "/Volumes/Temp/tmp/RtmpLKfNvv/testpkg560f6bf0f901".
v Setting active project to "<no active project>".
[ FAIL 1 | WARN 0 | SKIP 37 | PASS 35 ]
══ Skipped tests (37) ══════════════════════════════════════════════════════════
• !.quarto_is_installed() is TRUE (23): 'test-import_man.R:2:5',
'test-import_man.R:26:5', 'test-import_man.R:52:5', 'test-parallel.R:3:9',
'test-parallel.R:3:9', 'test-parallel.R:3:9', 'test-qmd2md.R:2:5',
'test-qmd2md.R:30:5', 'test-render_docs.R:273:5', 'test-render_docs.R:303:5',
'test-render_docs.R:315:5', 'test-settings.R:2:5', 'test-settings.R:14:5',
'test-update.R:5:9', 'test-update.R:5:9', 'test-update.R:21:9',
'test-update.R:21:9', 'test-update.R:50:13', 'test-update.R:50:13',
'test-update.R:72:9', 'test-update.R:72:9', 'test-update.R:98:13',
'test-update.R:98:13'
• .venv_exists() is not TRUE (2): 'test-setup_docs.R:49:5',
'test-setup_github_actions.R:23:5'
• On CRAN (12): 'test-rd2qmd.R:49:5', 'test-render_docs.R:2:5',
'test-render_docs.R:40:5', 'test-render_docs.R:79:5',
'test-render_docs.R:125:5', 'test-render_docs.R:158:5',
'test-render_docs.R:182:5', 'test-render_docs.R:207:5',
'test-render_docs.R:221:9', 'test-render_docs.R:221:9',
'test-render_docs.R:221:9', 'test-render_docs.R:246:5'
══ Failed tests ════════════════════════════════════════════════════════════════
── Error ('test-check_md_structure.R:30:5'): .reformat_md works ────────────────
Error in `.check_quarto_installed()`: Quarto (the command-line tool) is not installed on your system.
i It is needed to render manual pages and vignettes.
i Install it from <https://quarto.org/docs/get-started>.
Backtrace:
▆
1. ├─testthat::expect_message(render_docs(), "assumes that the only level 1") at test-check_md_structure.R:30:5
2. │ └─testthat:::expect_condition_matching(...)
3. │ └─testthat:::quasi_capture(...)
4. │ ├─testthat (local) .capture(...)
5. │ │ └─base::withCallingHandlers(...)
6. │ └─rlang::eval_bare(quo_get_expr(.quo), quo_get_env(.quo))
7. └─altdoc::render_docs()
8. └─altdoc:::.check_quarto_installed()
9. └─cli::cli_abort(...)
10. └─rlang::abort(...)
[ FAIL 1 | WARN 0 | SKIP 37 | PASS 35 ]
Error: Test failures
Execution halted
Flavor: r-oldrel-macos-arm64
Version: 0.6.0
Check: tests
Result: ERROR
Running ‘spelling.R’ [0s/0s]
Running ‘testthat.R’ [6s/11s]
Running the tests in ‘tests/testthat.R’ failed.
Complete output:
> library(testthat)
> library(altdoc)
>
> test_check("altdoc")
v Setting active project to "/Volumes/Temp/tmp/Rtmp8jNfqs/testpkgefa67bd31afd".
i Creating `altdoc/` directory.
i Creating `docs/` directory.
i Adding ^docs$ to .Rbuildignore
i Adding ^altdoc$ to .Rbuildignore
i Adding altdoc/freeze.rds to .gitignore
i Importing default settings file(s) to `altdoc/`
i README.md is mandatory. `altdoc` created a dummy README file in the package directory.
v Setting active project to "<no active project>".
v Setting active project to "/Volumes/Temp/tmp/Rtmp8jNfqs/testpkgefa62a057446".
i Creating `altdoc/` directory.
i Creating `docs/` directory.
i Adding ^docs$ to .Rbuildignore
i Adding ^altdoc$ to .Rbuildignore
i Adding altdoc/freeze.rds to .gitignore
i Importing default settings file(s) to `altdoc/`
i README.md is mandatory. `altdoc` created a dummy README file in the package directory.
v Setting active project to "<no active project>".
v Setting active project to "/Volumes/Temp/tmp/Rtmp8jNfqs/testpkgefa633236162".
i Creating `altdoc/` directory.
i Creating `docs/` directory.
i Adding ^docs$ to .Rbuildignore
i Adding ^altdoc$ to .Rbuildignore
i Adding altdoc/freeze.rds to .gitignore
i Importing default settings file(s) to `altdoc/`
i README.md is mandatory. `altdoc` created a dummy README file in the package directory.
v Setting active project to "<no active project>".
v Setting active project to "/Volumes/Temp/tmp/Rtmp8jNfqs/testpkgefa67627f4c9".
i Creating `altdoc/` directory.
i Creating `docs/` directory.
i Adding ^docs$ to .Rbuildignore
i Adding ^altdoc$ to .Rbuildignore
i Adding altdoc/freeze.rds to .gitignore
i Importing default settings file(s) to `altdoc/`
i README.md is mandatory. `altdoc` created a dummy README file in the package directory.
v Setting active project to "<no active project>".
v Setting active project to
"/Volumes/Temp/tmp/Rtmp8jNfqs/testprojefa6530c1f9c".
v Setting active project to "<no active project>".
v Setting active project to "/Volumes/Temp/tmp/Rtmp8jNfqs/testpkgefa67fdb43b6".
i Creating `altdoc/` directory.
i Creating `docs/` directory.
i Adding ^docs$ to .Rbuildignore
i Adding ^altdoc$ to .Rbuildignore
i Adding altdoc/freeze.rds to .gitignore
i Importing default settings file(s) to `altdoc/`
i README.md is mandatory. `altdoc` created a dummy README file in the package directory.
v Setting active project to "<no active project>".
v Setting active project to "/Volumes/Temp/tmp/Rtmp8jNfqs/testpkgefa61d21e9fc".
v Setting active project to "<no active project>".
v Setting active project to "/Volumes/Temp/tmp/Rtmp8jNfqs/testpkgefa65fb20f6d".
i Creating `altdoc/` directory.
i Creating `docs/` directory.
i Adding ^docs$ to .Rbuildignore
i Adding ^altdoc$ to .Rbuildignore
i Adding altdoc/freeze.rds to .gitignore
i Importing default settings file(s) to `altdoc/`
i README.md is mandatory. `altdoc` created a dummy README file in the package directory.
i Creating `docs/` directory.
i Importing default settings file(s) to `altdoc/`
v Setting active project to "<no active project>".
v Setting active project to "/Volumes/Temp/tmp/Rtmp8jNfqs/testpkgefa65ff2ef4f".
i Creating `altdoc/` directory.
i Creating `docs/` directory.
i Adding ^docs$ to .Rbuildignore
i Adding ^altdoc$ to .Rbuildignore
i Adding altdoc/freeze.rds to .gitignore
i Importing default settings file(s) to `altdoc/`
i README.md is mandatory. `altdoc` created a dummy README file in the package directory.
i Creating `docs/` directory.
i Importing default settings file(s) to `altdoc/`
v Setting active project to "<no active project>".
v Setting active project to "/Volumes/Temp/tmp/Rtmp8jNfqs/testpkgefa61f84ecf3".
i Creating `altdoc/` directory.
i Creating `docs/` directory.
i Adding ^docs$ to .Rbuildignore
i Adding ^altdoc$ to .Rbuildignore
i Adding altdoc/freeze.rds to .gitignore
i Adding ^_quarto$ to .Rbuildignore
i Adding _quarto/* to .gitignore
i Adding !_quarto/_freeze/ to .gitignore
i Importing default settings file(s) to `altdoc/`
i README.md is mandatory. `altdoc` created a dummy README file in the package directory.
v Setting active project to "<no active project>".
v Setting active project to "/Volumes/Temp/tmp/Rtmp8jNfqs/testpkgefa6f956b69".
i Creating `altdoc/` directory.
i Creating `docs/` directory.
i Adding ^docs$ to .Rbuildignore
i Adding ^altdoc$ to .Rbuildignore
i Adding altdoc/freeze.rds to .gitignore
i Importing default settings file(s) to `altdoc/`
i README.md is mandatory. `altdoc` created a dummy README file in the package directory.
v Setting active project to "<no active project>".
v Setting active project to "/Volumes/Temp/tmp/Rtmp8jNfqs/testpkgefa6176f8cdb".
i Creating `altdoc/` directory.
i Creating `docs/` directory.
i Adding ^docs$ to .Rbuildignore
i Adding ^altdoc$ to .Rbuildignore
i Adding altdoc/freeze.rds to .gitignore
i Importing default settings file(s) to `altdoc/`
i README.md is mandatory. `altdoc` created a dummy README file in the package directory.
v '.github/workflows/altdoc.yaml' created.
v Added `altdoc` in Suggests.
v Setting active project to "<no active project>".
v Setting active project to "/Volumes/Temp/tmp/Rtmp8jNfqs/testpkgefa61459d4ae".
v Setting active project to "<no active project>".
v Setting active project to "/Volumes/Temp/tmp/Rtmp8jNfqs/testpkgefa685f926e".
v Setting active project to "<no active project>".
v Setting active project to "/Volumes/Temp/tmp/Rtmp8jNfqs/testpkgefa646768c1".
v Setting active project to "<no active project>".
v Setting active project to "/Volumes/Temp/tmp/Rtmp8jNfqs/testpkgefa625557ab5".
v Setting active project to "<no active project>".
v Setting active project to "/Volumes/Temp/tmp/Rtmp8jNfqs/testpkgefa6727a0b4b".
v Setting active project to "<no active project>".
v Setting active project to "/Volumes/Temp/tmp/Rtmp8jNfqs/testpkgefa636e8c1a1".
v Setting active project to "<no active project>".
[ FAIL 1 | WARN 0 | SKIP 37 | PASS 35 ]
══ Skipped tests (37) ══════════════════════════════════════════════════════════
• !.quarto_is_installed() is TRUE (23): 'test-import_man.R:2:5',
'test-import_man.R:26:5', 'test-import_man.R:52:5', 'test-parallel.R:3:9',
'test-parallel.R:3:9', 'test-parallel.R:3:9', 'test-qmd2md.R:2:5',
'test-qmd2md.R:30:5', 'test-render_docs.R:273:5', 'test-render_docs.R:303:5',
'test-render_docs.R:315:5', 'test-settings.R:2:5', 'test-settings.R:14:5',
'test-update.R:5:9', 'test-update.R:5:9', 'test-update.R:21:9',
'test-update.R:21:9', 'test-update.R:50:13', 'test-update.R:50:13',
'test-update.R:72:9', 'test-update.R:72:9', 'test-update.R:98:13',
'test-update.R:98:13'
• .venv_exists() is not TRUE (2): 'test-setup_docs.R:49:5',
'test-setup_github_actions.R:23:5'
• On CRAN (12): 'test-rd2qmd.R:49:5', 'test-render_docs.R:2:5',
'test-render_docs.R:40:5', 'test-render_docs.R:79:5',
'test-render_docs.R:125:5', 'test-render_docs.R:158:5',
'test-render_docs.R:182:5', 'test-render_docs.R:207:5',
'test-render_docs.R:221:9', 'test-render_docs.R:221:9',
'test-render_docs.R:221:9', 'test-render_docs.R:246:5'
══ Failed tests ════════════════════════════════════════════════════════════════
── Error ('test-check_md_structure.R:30:5'): .reformat_md works ────────────────
Error in `.check_quarto_installed()`: Quarto (the command-line tool) is not installed on your system.
i It is needed to render manual pages and vignettes.
i Install it from <https://quarto.org/docs/get-started>.
Backtrace:
▆
1. ├─testthat::expect_message(render_docs(), "assumes that the only level 1") at test-check_md_structure.R:30:5
2. │ └─testthat:::expect_condition_matching(...)
3. │ └─testthat:::quasi_capture(...)
4. │ ├─testthat (local) .capture(...)
5. │ │ └─base::withCallingHandlers(...)
6. │ └─rlang::eval_bare(quo_get_expr(.quo), quo_get_env(.quo))
7. └─altdoc::render_docs()
8. └─altdoc:::.check_quarto_installed()
9. └─cli::cli_abort(...)
10. └─rlang::abort(...)
[ FAIL 1 | WARN 0 | SKIP 37 | PASS 35 ]
Error: Test failures
Execution halted
Flavor: r-oldrel-macos-x86_64