Last updated on 2025-10-24 09:50:22 CEST.
| Flavor | Version | Tinstall | Tcheck | Ttotal | Status | Flags |
|---|---|---|---|---|---|---|
| r-devel-linux-x86_64-debian-clang | 0.2.2 | 2.61 | 27.03 | 29.64 | NOTE | |
| r-devel-linux-x86_64-debian-gcc | 0.2.2 | 1.80 | 21.48 | 23.28 | NOTE | |
| r-devel-linux-x86_64-fedora-clang | 0.2.2 | 46.50 | OK | |||
| r-devel-linux-x86_64-fedora-gcc | 0.2.2 | 41.90 | OK | |||
| r-devel-windows-x86_64 | 0.2.2 | 4.00 | 122.00 | 126.00 | OK | |
| r-patched-linux-x86_64 | 0.2.2 | 2.75 | 25.52 | 28.27 | OK | |
| r-release-linux-x86_64 | 0.2.2 | 2.71 | 25.39 | 28.10 | OK | |
| r-release-macos-arm64 | 0.2.2 | 2.00 | 19.00 | 21.00 | OK | |
| r-release-macos-x86_64 | 0.2.2 | 3.00 | 29.00 | 32.00 | OK | |
| r-release-windows-x86_64 | 0.2.2 | 4.00 | 46.00 | 50.00 | OK | |
| r-oldrel-macos-arm64 | 0.2.2 | 2.00 | 16.00 | 18.00 | OK | |
| r-oldrel-macos-x86_64 | 0.2.2 | 2.00 | 25.00 | 27.00 | OK | |
| r-oldrel-windows-x86_64 | 0.2.2 | 7.00 | 51.00 | 58.00 | OK |
Version: 0.2.2
Check: CRAN incoming feasibility
Result: NOTE
Maintainer: ‘Ali Saeb <ali.saeb@gmail.com>’
No Authors@R field in DESCRIPTION.
Please add one, modifying
Authors@R: person(given = "Ali",
family = "Saeb",
role = c("aut", "cre"),
email = "ali.saeb@gmail.com")
as necessary.
Flavors: r-devel-linux-x86_64-debian-clang, r-devel-linux-x86_64-debian-gcc