Last updated on 2025-11-02 10:51:03 CET.
| Flavor | Version | Tinstall | Tcheck | Ttotal | Status | Flags |
|---|---|---|---|---|---|---|
| r-devel-linux-x86_64-debian-clang | 3.0.4 | 61.87 | 171.65 | 233.52 | OK | |
| r-devel-linux-x86_64-debian-gcc | 3.0.4 | 37.63 | 113.95 | 151.58 | OK | |
| r-devel-linux-x86_64-fedora-clang | 3.0.4 | 183.00 | 217.20 | 400.20 | OK | |
| r-devel-linux-x86_64-fedora-gcc | 3.0.4 | 126.00 | 243.29 | 369.29 | OK | |
| r-devel-windows-x86_64 | 3.0.4 | 78.00 | 566.00 | 644.00 | OK | |
| r-patched-linux-x86_64 | 3.0.4 | 57.91 | 165.07 | 222.98 | OK | |
| r-release-linux-x86_64 | 3.0.4 | 56.67 | 146.96 | 203.63 | OK | |
| r-release-macos-arm64 | 3.0.4 | 30.00 | 236.00 | 266.00 | OK | |
| r-release-macos-x86_64 | 3.0.4 | 22.00 | 387.00 | 409.00 | OK | |
| r-release-windows-x86_64 | 3.0.4 | 78.00 | 598.00 | 676.00 | OK | |
| r-oldrel-macos-arm64 | 3.0.4 | 23.00 | 207.00 | 230.00 | NOTE | |
| r-oldrel-macos-x86_64 | 3.0.4 | 21.00 | 316.00 | 337.00 | NOTE | |
| r-oldrel-windows-x86_64 | 3.0.4 | 96.00 | 759.00 | 855.00 | NOTE |
Version: 3.0.4
Check: installed package size
Result: NOTE
installed size is 10.5Mb
sub-directories of 1Mb or more:
doc 8.2Mb
libs 1.8Mb
Flavors: r-oldrel-macos-arm64, r-oldrel-macos-x86_64, r-oldrel-windows-x86_64