Last updated on 2025-11-12 10:52:58 CET.
| Flavor | Version | Tinstall | Tcheck | Ttotal | Status | Flags |
|---|---|---|---|---|---|---|
| r-devel-linux-x86_64-debian-clang | 1.2.0 | 574.84 | 212.17 | 787.01 | OK | |
| r-devel-linux-x86_64-debian-gcc | 1.2.0 | 472.35 | 192.60 | 664.95 | OK | |
| r-devel-linux-x86_64-fedora-clang | 1.2.0 | 2820.00 | -1489.68 | 1330.32 | NOTE | |
| r-devel-linux-x86_64-fedora-gcc | 1.2.0 | 1620.00 | 27.81 | 1647.81 | NOTE | |
| r-devel-windows-x86_64 | 1.2.0 | 631.00 | 263.00 | 894.00 | OK | |
| r-patched-linux-x86_64 | 1.2.0 | 643.99 | 263.02 | 907.01 | OK | |
| r-release-linux-x86_64 | 1.2.0 | 664.36 | 261.32 | 925.68 | OK | |
| r-release-macos-arm64 | 1.2.0 | 232.00 | 77.00 | 309.00 | OK | |
| r-release-macos-x86_64 | 1.2.0 | 180.00 | 148.00 | 328.00 | OK | |
| r-release-windows-x86_64 | 1.2.0 | 628.00 | 288.00 | 916.00 | OK | |
| r-oldrel-macos-arm64 | 1.2.0 | 121.00 | 50.00 | 171.00 | NOTE | |
| r-oldrel-macos-x86_64 | 1.2.0 | 81.00 | 88.00 | 169.00 | NOTE | |
| r-oldrel-windows-x86_64 | 1.2.0 | 720.00 | 337.00 | 1057.00 | NOTE |
Version: 1.2.0
Check: dependencies in R code
Result: NOTE
Namespaces in Imports field not imported from:
‘RcppParallel’ ‘httr’ ‘latex2exp’ ‘rstantools’ ‘tibble’ ‘tidyverse’
‘utils’
All declared Imports should be used.
Flavors: r-devel-linux-x86_64-fedora-clang, r-devel-linux-x86_64-fedora-gcc
Version: 1.2.0
Check: installed package size
Result: NOTE
installed size is 100.9Mb
sub-directories of 1Mb or more:
libs 100.1Mb
Flavors: r-oldrel-macos-arm64, r-oldrel-macos-x86_64, r-oldrel-windows-x86_64
Version: 1.2.0
Check: for GNU extensions in Makefiles
Result: NOTE
GNU make is a SystemRequirements.
Flavors: r-oldrel-macos-arm64, r-oldrel-macos-x86_64, r-oldrel-windows-x86_64