Last updated on 2025-10-30 09:50:03 CET.
| Flavor | Version | Tinstall | Tcheck | Ttotal | Status | Flags | 
|---|---|---|---|---|---|---|
| r-devel-linux-x86_64-debian-clang | 1.84-2 | 14.34 | 49.26 | 63.60 | OK | |
| r-devel-linux-x86_64-debian-gcc | 1.84-2 | 8.98 | 38.10 | 47.08 | OK | |
| r-devel-linux-x86_64-fedora-clang | 1.84-2 | 30.00 | 68.56 | 98.56 | OK | |
| r-devel-linux-x86_64-fedora-gcc | 1.84-2 | 29.00 | 80.25 | 109.25 | OK | |
| r-devel-windows-x86_64 | 1.84-2 | 19.00 | 74.00 | 93.00 | OK | |
| r-patched-linux-x86_64 | 1.84-2 | 14.50 | 46.64 | 61.14 | OK | |
| r-release-linux-x86_64 | 1.84-2 | 10.03 | 47.48 | 57.51 | OK | |
| r-release-macos-arm64 | 1.84-2 | 10.00 | 33.00 | 43.00 | OK | |
| r-release-macos-x86_64 | 1.84-2 | 21.00 | 63.00 | 84.00 | OK | |
| r-release-windows-x86_64 | 1.84-2 | 20.00 | 80.00 | 100.00 | OK | |
| r-oldrel-macos-arm64 | 1.84-2 | 6.00 | 34.00 | 40.00 | NOTE | |
| r-oldrel-macos-x86_64 | 1.84-2 | 29.00 | 124.00 | 153.00 | NOTE | |
| r-oldrel-windows-x86_64 | 1.84-2 | 20.00 | 89.00 | 109.00 | OK | 
Version: 1.84-2
Check: Rd \usage sections
Result: NOTE
  S3 methods shown with full name in Rd file 'SparseM.ontology.Rd':
    ‘as.matrix.csr’ ‘is.matrix.csr’ ‘is.matrix.csc’ ‘is.matrix.ssr’
    ‘is.matrix.ssc’ ‘is.matrix.coo’
  
  The \usage entries for S3 methods should use the \method markup and not
  their full name.
  See chapter ‘Writing R documentation files’ in the ‘Writing R
  Extensions’ manual.
Flavors: r-oldrel-macos-arm64, r-oldrel-macos-x86_64