Last updated on 2025-10-01 10:50:01 CEST.
Flavor | Version | Tinstall | Tcheck | Ttotal | Status | Flags |
---|---|---|---|---|---|---|
r-devel-linux-x86_64-debian-clang | 2.1.3 | 2.29 | 24.86 | 27.15 | NOTE | |
r-devel-linux-x86_64-debian-gcc | 2.1.3 | 1.71 | 19.78 | 21.49 | NOTE | |
r-devel-linux-x86_64-fedora-clang | 2.1.3 | 40.32 | OK | |||
r-devel-linux-x86_64-fedora-gcc | 2.1.3 | 38.40 | OK | |||
r-devel-windows-x86_64 | 2.1.3 | 3.00 | 42.00 | 45.00 | OK | |
r-patched-linux-x86_64 | 2.1.3 | 2.20 | 23.53 | 25.73 | OK | |
r-release-linux-x86_64 | 2.1.3 | 2.27 | 23.50 | 25.77 | OK | |
r-release-macos-arm64 | 2.1.3 | 15.00 | OK | |||
r-release-macos-x86_64 | 2.1.3 | 26.00 | OK | |||
r-release-windows-x86_64 | 2.1.3 | 3.00 | 42.00 | 45.00 | OK | |
r-oldrel-macos-arm64 | 2.1.3 | 16.00 | OK | |||
r-oldrel-macos-x86_64 | 2.1.3 | 22.00 | OK | |||
r-oldrel-windows-x86_64 | 2.1.3 | 4.00 | 42.00 | 46.00 | OK |
Version: 2.1.3
Check: CRAN incoming feasibility
Result: NOTE
Maintainer: ‘G. Peters <peters.activities@gmail.com>’
No Authors@R field in DESCRIPTION.
Please add one, modifying
Authors@R: person(given = "G.",
family = "Peters",
role = c("aut", "cre"),
email = "peters.activities@gmail.com",
comment = "Ed.")
as necessary.
Flavors: r-devel-linux-x86_64-debian-clang, r-devel-linux-x86_64-debian-gcc