Last updated on 2025-11-10 10:51:39 CET.
| Flavor | Version | Tinstall | Tcheck | Ttotal | Status | Flags |
|---|---|---|---|---|---|---|
| r-devel-linux-x86_64-debian-clang | 1.5 | 9.58 | 53.15 | 62.73 | NOTE | |
| r-devel-linux-x86_64-debian-gcc | 1.5 | 5.77 | 38.07 | 43.84 | NOTE | |
| r-devel-linux-x86_64-fedora-clang | 1.5 | 20.00 | 75.22 | 95.22 | NOTE | |
| r-devel-linux-x86_64-fedora-gcc | 1.5 | 20.00 | 69.97 | 89.97 | NOTE | |
| r-devel-windows-x86_64 | 1.5 | 10.00 | 64.00 | 74.00 | NOTE | |
| r-patched-linux-x86_64 | 1.5 | 10.11 | 48.30 | 58.41 | NOTE | |
| r-release-linux-x86_64 | 1.5 | 6.51 | 49.16 | 55.67 | NOTE | |
| r-release-macos-arm64 | 1.5 | 4.00 | 24.00 | 28.00 | NOTE | |
| r-release-macos-x86_64 | 1.5 | 8.00 | 43.00 | 51.00 | NOTE | |
| r-release-windows-x86_64 | 1.5 | 12.00 | 63.00 | 75.00 | NOTE | |
| r-oldrel-macos-arm64 | 1.5 | 4.00 | 22.00 | 26.00 | NOTE | |
| r-oldrel-macos-x86_64 | 1.5 | 6.00 | 32.00 | 38.00 | NOTE | |
| r-oldrel-windows-x86_64 | 1.5 | 14.00 | 70.00 | 84.00 | NOTE |
Version: 1.5
Check: CRAN incoming feasibility
Result: NOTE
Maintainer: ‘Xiyue Liao <xliao@sdsu.edu>’
No Authors@R field in DESCRIPTION.
Please add one, modifying
Authors@R: c(person(given = "Xiyue",
family = "Liao",
role = c("aut", "cre"),
email = "xliao@sdsu.edu"),
person(given = c("Mary", "C"),
family = "Meyer",
role = "aut"))
as necessary.
Flavors: r-devel-linux-x86_64-debian-clang, r-devel-linux-x86_64-debian-gcc
Version: 1.5
Check: Rd files
Result: NOTE
checkRd: (-1) changept.Rd:17-19: Lost braces in \itemize; meant \describe ?
checkRd: (-1) changept.Rd:20-21: Lost braces in \itemize; meant \describe ?
checkRd: (-1) changept.Rd:22: Lost braces in \itemize; meant \describe ?
Flavors: r-devel-linux-x86_64-debian-clang, r-devel-linux-x86_64-debian-gcc, r-devel-linux-x86_64-fedora-clang, r-devel-linux-x86_64-fedora-gcc, r-devel-windows-x86_64, r-patched-linux-x86_64, r-release-linux-x86_64, r-release-macos-arm64, r-release-macos-x86_64, r-release-windows-x86_64, r-oldrel-macos-arm64, r-oldrel-macos-x86_64, r-oldrel-windows-x86_64