Last updated on 2025-11-24 09:50:45 CET.
| Flavor | Version | Tinstall | Tcheck | Ttotal | Status | Flags |
|---|---|---|---|---|---|---|
| r-devel-linux-x86_64-debian-clang | 0.2.8 | 11.81 | 105.36 | 117.17 | OK | |
| r-devel-linux-x86_64-debian-gcc | 0.2.8 | 6.72 | 74.13 | 80.85 | OK | |
| r-devel-linux-x86_64-fedora-clang | 0.2.8 | 56.00 | 91.19 | 147.19 | ERROR | |
| r-devel-windows-x86_64 | 0.2.8 | 19.00 | 108.00 | 127.00 | OK | |
| r-patched-linux-x86_64 | 0.2.8 | 11.82 | 97.55 | 109.37 | OK | |
| r-release-linux-x86_64 | 0.2.8 | 12.60 | 97.35 | 109.95 | OK | |
| r-release-macos-arm64 | 0.2.8 | OK | ||||
| r-release-macos-x86_64 | 0.2.8 | 18.00 | 141.00 | 159.00 | OK | |
| r-release-windows-x86_64 | 0.2.8 | 14.00 | 108.00 | 122.00 | OK | |
| r-oldrel-macos-arm64 | 0.2.8 | OK | ||||
| r-oldrel-macos-x86_64 | 0.2.8 | 12.00 | 108.00 | 120.00 | OK | |
| r-oldrel-windows-x86_64 | 0.2.8 | 19.00 | 143.00 | 162.00 | OK |
Version: 0.2.8
Check: examples
Result: ERROR
Running examples in ‘SchoolDataIT-Ex.R’ failed
The error most likely occurred in:
> ### Name: Get_nteachers_prov
> ### Title: Download the number of teachers in Italian schools by province
> ### Aliases: Get_nteachers_prov
>
> ### ** Examples
>
>
>
> nteachers23 <- Get_nteachers_prov(2023, filename = "DOCTIT", autoAbort = TRUE)
Found DOCTIT20222320230831.csv as element 1
Error: '' does not exist in current working directory ('/data/gannet/ripley/R/packages/tests-clang/SchoolDataIT.Rcheck').
Execution halted
Flavor: r-devel-linux-x86_64-fedora-clang