Last updated on 2025-11-23 12:50:04 CET.
| Flavor | Version | Tinstall | Tcheck | Ttotal | Status | Flags |
|---|---|---|---|---|---|---|
| r-devel-linux-x86_64-debian-clang | 1.1 | 6.30 | 61.13 | 67.43 | NOTE | |
| r-devel-linux-x86_64-debian-gcc | 1.1 | 5.64 | 47.83 | 53.47 | NOTE | |
| r-devel-linux-x86_64-fedora-clang | 1.1 | 36.00 | 75.71 | 111.71 | OK | |
| r-devel-windows-x86_64 | 1.1 | 10.00 | 67.00 | 77.00 | OK | |
| r-patched-linux-x86_64 | 1.1 | 6.43 | 59.14 | 65.57 | OK | |
| r-release-linux-x86_64 | 1.1 | 7.09 | 59.91 | 67.00 | OK | |
| r-release-macos-arm64 | 1.1 | OK | ||||
| r-release-macos-x86_64 | 1.1 | 7.00 | 56.00 | 63.00 | OK | |
| r-release-windows-x86_64 | 1.1 | 9.00 | 83.00 | 92.00 | OK | |
| r-oldrel-macos-arm64 | 1.1 | OK | ||||
| r-oldrel-macos-x86_64 | 1.1 | 5.00 | 42.00 | 47.00 | OK | |
| r-oldrel-windows-x86_64 | 1.1 | 12.00 | 82.00 | 94.00 | OK |
Version: 1.1
Check: CRAN incoming feasibility
Result: NOTE
Maintainer: ‘Yi Yang <yi.yang6@mcgill.ca>’
No Authors@R field in DESCRIPTION.
Please add one, modifying
Authors@R: c(person(given = "Chenglong",
family = "Ye",
role = "aut",
email = "yexxx323@umn.edu"),
person(given = "Yi",
family = "Yang",
role = c("aut", "cre"),
email = "yi.yang6@mcgill.ca"),
person(given = "Yuhong",
family = "Yang",
role = "aut",
email = "yyang@stat.umn.edu"))
as necessary.
Flavors: r-devel-linux-x86_64-debian-clang, r-devel-linux-x86_64-debian-gcc