Last updated on 2025-11-19 09:48:50 CET.
| Flavor | Version | Tinstall | Tcheck | Ttotal | Status | Flags |
|---|---|---|---|---|---|---|
| r-devel-linux-x86_64-debian-clang | 0.1.0 | 3.46 | 36.85 | 40.31 | OK | |
| r-devel-linux-x86_64-debian-gcc | 0.1.0 | 2.26 | 25.89 | 28.15 | OK | |
| r-devel-linux-x86_64-fedora-clang | 0.1.0 | 61.72 | OK | |||
| r-devel-linux-x86_64-fedora-gcc | 0.1.0 | 59.07 | OK | |||
| r-devel-windows-x86_64 | 0.1.0 | 5.00 | 48.00 | 53.00 | OK | |
| r-patched-linux-x86_64 | 0.1.0 | 3.56 | 33.84 | 37.40 | OK | |
| r-release-linux-x86_64 | 0.1.0 | 3.34 | 34.51 | 37.85 | OK | |
| r-release-macos-arm64 | 0.1.0 | 2.00 | 18.00 | 20.00 | OK | |
| r-release-macos-x86_64 | 0.1.0 | 3.00 | 37.00 | 40.00 | OK | |
| r-release-windows-x86_64 | 0.1.0 | 4.00 | 50.00 | 54.00 | OK | |
| r-oldrel-macos-arm64 | 0.1.0 | 2.00 | 20.00 | 22.00 | NOTE | |
| r-oldrel-macos-x86_64 | 0.1.0 | 2.00 | 32.00 | 34.00 | NOTE | |
| r-oldrel-windows-x86_64 | 0.1.0 | 6.00 | 60.00 | 66.00 | NOTE |
Version: 0.1.0
Check: LazyData
Result: NOTE
'LazyData' is specified without a 'data' directory
Flavors: r-oldrel-macos-arm64, r-oldrel-macos-x86_64, r-oldrel-windows-x86_64