Last updated on 2025-10-21 09:48:46 CEST.
Flavor | Version | Tinstall | Tcheck | Ttotal | Status | Flags |
---|---|---|---|---|---|---|
r-devel-linux-x86_64-debian-clang | 0.5.1 | 5.35 | 201.10 | 206.45 | OK | |
r-devel-linux-x86_64-debian-gcc | 0.5.1 | 4.17 | 133.52 | 137.69 | NOTE | |
r-devel-linux-x86_64-fedora-clang | 0.5.1 | 349.49 | OK | |||
r-devel-linux-x86_64-fedora-gcc | 0.5.1 | 320.77 | OK | |||
r-devel-windows-x86_64 | 0.5.1 | 7.00 | 180.00 | 187.00 | OK | |
r-patched-linux-x86_64 | 0.5.1 | 6.83 | 189.61 | 196.44 | OK | |
r-release-linux-x86_64 | 0.5.1 | 5.75 | 189.50 | 195.25 | OK | |
r-release-macos-arm64 | 0.5.1 | 97.00 | OK | |||
r-release-macos-x86_64 | 0.5.1 | 247.00 | OK | |||
r-release-windows-x86_64 | 0.5.1 | 10.00 | 182.00 | 192.00 | OK | |
r-oldrel-macos-arm64 | 0.5.1 | 89.00 | OK | |||
r-oldrel-macos-x86_64 | 0.5.1 | 242.00 | OK | |||
r-oldrel-windows-x86_64 | 0.5.1 | 11.00 | 256.00 | 267.00 | OK |
Version: 0.5.1
Check: HTML version of manual
Result: NOTE
Found the following HTML validation problems:
Logger.html:171:1 (Logger.Rd:120): Warning: <h5> anchor "Usage" already defined
Logger.html:183:1 (Logger.Rd:130): Warning: <h5> anchor "Arguments" already defined
Logger.html:226:1 (Logger.Rd:159): Warning: <h5> anchor "Usage" already defined
Logger.html:232:1 (Logger.Rd:163): Warning: <h5> anchor "Arguments" already defined
Logger.html:259:1 (Logger.Rd:180): Warning: <h5> anchor "Usage" already defined
Logger.html:265:1 (Logger.Rd:184): Warning: <h5> anchor "Arguments" already defined
Logger.html:292:1 (Logger.Rd:201): Warning: <h5> anchor "Usage" already defined
Logger.html:298:1 (Logger.Rd:205): Warning: <h5> anchor "Arguments" already defined
Logger.html:323:1 (Logger.Rd:220): Warning: <h5> anchor "Usage" already defined
Logger.html:329:1 (Logger.Rd:224): Warning: <h5> anchor "Arguments" already defined
Logger.html:353:1 (Logger.Rd:238): Warning: <h5> anchor "Usage" already defined
Logger.html:359:1 (Logger.Rd:242): Warning: <h5> anchor "Arguments" already defined
LoggerNull.html:111:1 (LoggerNull.Rd:64): Warning: <h5> anchor "Usage" already defined
LoggerNull.html:117:1 (LoggerNull.Rd:68): Warning: <h5> anchor "Arguments" already defined
LoggerNull.html:140:1 (LoggerNull.Rd:81): Warning: <h5> anchor "Usage" already defined
LoggerNull.html:146:1 (LoggerNull.Rd:85): Warning: <h5> anchor "Arguments" already defined
LoggerNull.html:169:1 (LoggerNull.Rd:98): Warning: <h5> anchor "Usage" already defined
LoggerNull.html:175:1 (LoggerNull.Rd:102): Warning: <h5> anchor "Arguments" already defined
Flavor: r-devel-linux-x86_64-debian-gcc