Last updated on 2025-10-21 09:48:45 CEST.
Flavor | Version | Tinstall | Tcheck | Ttotal | Status | Flags |
---|---|---|---|---|---|---|
r-devel-linux-x86_64-debian-clang | 0.1.1 | 1.89 | 79.35 | 81.24 | NOTE | |
r-devel-linux-x86_64-debian-gcc | 0.1.1 | 1.47 | 56.09 | 57.56 | NOTE | |
r-devel-linux-x86_64-fedora-clang | 0.1.1 | 139.27 | OK | |||
r-devel-linux-x86_64-fedora-gcc | 0.1.1 | 138.50 | OK | |||
r-devel-windows-x86_64 | 0.1.1 | 4.00 | 85.00 | 89.00 | OK | |
r-patched-linux-x86_64 | 0.1.1 | 2.11 | 76.00 | 78.11 | OK | |
r-release-linux-x86_64 | 0.1.1 | 1.91 | 75.98 | 77.89 | OK | |
r-release-macos-arm64 | 0.1.1 | 48.00 | OK | |||
r-release-macos-x86_64 | 0.1.1 | 91.00 | OK | |||
r-release-windows-x86_64 | 0.1.1 | 4.00 | 88.00 | 92.00 | OK | |
r-oldrel-macos-arm64 | 0.1.1 | 40.00 | OK | |||
r-oldrel-macos-x86_64 | 0.1.1 | 102.00 | OK | |||
r-oldrel-windows-x86_64 | 0.1.1 | 3.00 | 111.00 | 114.00 | OK |
Version: 0.1.1
Check: CRAN incoming feasibility
Result: NOTE
Maintainer: ‘Paulo Prado <prado@ib.usp.br>’
The Description field contains
Resampling Stats (http://www.resample.com) is an add-in for running
Please enclose URLs in angle brackets (<...>).
Flavors: r-devel-linux-x86_64-debian-clang, r-devel-linux-x86_64-debian-gcc
Version: 0.1.1
Check: HTML version of manual
Result: NOTE
Found the following HTML validation problems:
splot.html:63:1 (splot.Rd:19): Warning: missing </ul> before </div>
Flavor: r-devel-linux-x86_64-debian-gcc