Last updated on 2025-10-30 09:50:00 CET.
| Flavor | Version | Tinstall | Tcheck | Ttotal | Status | Flags | 
|---|---|---|---|---|---|---|
| r-devel-linux-x86_64-debian-clang | 0.7-3.3 | 7.29 | 41.22 | 48.51 | OK | |
| r-devel-linux-x86_64-debian-gcc | 0.7-3.3 | 5.50 | 33.61 | 39.11 | OK | |
| r-devel-linux-x86_64-fedora-clang | 0.7-3.3 | 17.00 | 58.32 | 75.32 | OK | |
| r-devel-linux-x86_64-fedora-gcc | 0.7-3.3 | 17.00 | 55.58 | 72.58 | OK | |
| r-devel-windows-x86_64 | 0.7-3.3 | 105.00 | 58.00 | 163.00 | OK | |
| r-patched-linux-x86_64 | 0.7-3.3 | 7.86 | 39.12 | 46.98 | OK | |
| r-release-linux-x86_64 | 0.7-3.3 | 6.23 | 38.72 | 44.95 | OK | |
| r-release-macos-x86_64 | 0.7-3.3 | 16.00 | 31.00 | 47.00 | ERROR | |
| r-release-windows-x86_64 | 0.7-3.3 | 90.00 | 60.00 | 150.00 | OK | |
| r-oldrel-macos-x86_64 | 0.7-3.3 | 14.00 | 23.00 | 37.00 | ERROR | |
| r-oldrel-windows-x86_64 | 0.7-3.3 | 86.00 | 67.00 | 153.00 | OK | 
Version: 0.7-3.3
Check: whether package can be installed
Result: ERROR
  Installation failed.
Flavors: r-release-macos-x86_64, r-oldrel-macos-x86_64