Last updated on 2025-10-31 09:50:27 CET.
| Flavor | Version | Tinstall | Tcheck | Ttotal | Status | Flags | 
|---|---|---|---|---|---|---|
| r-devel-linux-x86_64-debian-clang | 0.2-2 | 53.63 | 38.27 | 91.90 | NOTE | |
| r-devel-linux-x86_64-debian-gcc | 0.2-2 | 30.56 | 29.35 | 59.91 | NOTE | |
| r-devel-linux-x86_64-fedora-clang | 0.2-2 | 108.00 | 75.65 | 183.65 | OK | |
| r-devel-linux-x86_64-fedora-gcc | 0.2-2 | 91.00 | 52.52 | 143.52 | OK | |
| r-devel-windows-x86_64 | 0.2-2 | 65.00 | 85.00 | 150.00 | OK | |
| r-patched-linux-x86_64 | 0.2-2 | 46.64 | 36.01 | 82.65 | OK | |
| r-release-linux-x86_64 | 0.2-2 | 47.77 | 35.98 | 83.75 | OK | |
| r-release-macos-arm64 | 0.2-2 | 17.00 | 25.00 | 42.00 | OK | |
| r-release-macos-x86_64 | 0.2-2 | 19.00 | 44.00 | 63.00 | OK | |
| r-release-windows-x86_64 | 0.2-2 | 64.00 | 81.00 | 145.00 | OK | |
| r-oldrel-macos-arm64 | 0.2-2 | 14.00 | 29.00 | 43.00 | OK | |
| r-oldrel-macos-x86_64 | 0.2-2 | 19.00 | 35.00 | 54.00 | OK | |
| r-oldrel-windows-x86_64 | 0.2-2 | 62.00 | 110.00 | 172.00 | OK | 
Version: 0.2-2
Check: CRAN incoming feasibility
Result: NOTE
  Maintainer: ‘Jonathan Olmsted <jpolmsted@gmail.com>’
  
  Found the following URLs which should use \doi (with the DOI name only):
    File ‘rtn.Rd’:
      http://dx.doi.org/10.1007/BF00143942
Flavors: r-devel-linux-x86_64-debian-clang, r-devel-linux-x86_64-debian-gcc