CRAN Package Check Results for Package RcppGreedySetCover

Last updated on 2025-07-24 10:49:43 CEST.

Flavor Version Tinstall Tcheck Ttotal Status Flags
r-devel-linux-x86_64-debian-clang 0.1.0 12.49 26.62 39.11 NOTE
r-devel-linux-x86_64-debian-gcc 0.1.0 8.78 21.39 30.17 NOTE
r-devel-linux-x86_64-fedora-clang 0.1.0 61.91 NOTE
r-devel-linux-x86_64-fedora-gcc 0.1.0 57.87 NOTE
r-devel-windows-x86_64 0.1.0 16.00 95.00 111.00 NOTE
r-patched-linux-x86_64 0.1.0 12.72 23.62 36.34 NOTE
r-release-linux-x86_64 0.1.0 12.57 23.73 36.30 NOTE
r-release-macos-arm64 0.1.0 20.00 NOTE
r-release-macos-x86_64 0.1.0 47.00 NOTE
r-release-windows-x86_64 0.1.0 15.00 104.00 119.00 NOTE
r-oldrel-macos-arm64 0.1.0 20.00 NOTE
r-oldrel-macos-x86_64 0.1.0 37.00 NOTE
r-oldrel-windows-x86_64 0.1.0 15.00 76.00 91.00 NOTE

Check Details

Version: 0.1.0
Check: C++ specification
Result: NOTE Specified C++11: please drop specification unless essential Flavors: r-devel-linux-x86_64-debian-clang, r-devel-linux-x86_64-debian-gcc, r-devel-linux-x86_64-fedora-clang, r-devel-linux-x86_64-fedora-gcc, r-devel-windows-x86_64, r-patched-linux-x86_64, r-release-linux-x86_64, r-release-macos-arm64, r-release-macos-x86_64, r-release-windows-x86_64, r-oldrel-macos-arm64, r-oldrel-macos-x86_64, r-oldrel-windows-x86_64

Version: 0.1.0
Check: LazyData
Result: NOTE 'LazyData' is specified without a 'data' directory Flavors: r-oldrel-macos-arm64, r-oldrel-macos-x86_64, r-oldrel-windows-x86_64