Last updated on 2025-10-24 09:50:14 CEST.
| Flavor | Version | Tinstall | Tcheck | Ttotal | Status | Flags |
|---|---|---|---|---|---|---|
| r-devel-linux-x86_64-debian-clang | 5.1-2 | 20.04 | 166.34 | 186.38 | OK | |
| r-devel-linux-x86_64-debian-gcc | 5.1-2 | 15.26 | 126.07 | 141.33 | OK | |
| r-devel-linux-x86_64-fedora-clang | 5.1-2 | 57.00 | 243.36 | 300.36 | OK | |
| r-devel-linux-x86_64-fedora-gcc | 5.1-2 | 41.00 | 251.83 | 292.83 | OK | |
| r-devel-windows-x86_64 | 5.1-2 | 31.00 | 286.00 | 317.00 | OK | |
| r-patched-linux-x86_64 | 5.1-2 | 19.42 | 162.99 | 182.41 | OK | |
| r-release-linux-x86_64 | 5.1-2 | 19.93 | 164.68 | 184.61 | OK | |
| r-release-macos-arm64 | 5.1-2 | 12.00 | 99.00 | 111.00 | OK | |
| r-release-macos-x86_64 | 5.1-2 | 19.00 | 153.00 | 172.00 | OK | |
| r-release-windows-x86_64 | 5.1-2 | 32.00 | 236.00 | 268.00 | OK | |
| r-oldrel-macos-arm64 | 5.1-2 | 14.00 | 97.00 | 111.00 | NOTE | |
| r-oldrel-macos-x86_64 | 5.1-2 | 20.00 | 118.00 | 138.00 | NOTE | |
| r-oldrel-windows-x86_64 | 5.1-2 | 27.00 | 212.00 | 239.00 | NOTE |
Version: 5.1-2
Check: package dependencies
Result: NOTE
Depends: includes the non-default packages:
'IQCC', 'qcc', 'qicharts2', 'randtests', 'rmarkdown',
'TeachingDemos', 'tseries'
Adding so many packages to the search path is excessive and importing
selectively is preferable.
Flavors: r-oldrel-macos-arm64, r-oldrel-macos-x86_64, r-oldrel-windows-x86_64