Last updated on 2025-10-30 09:49:59 CET.
| Flavor | Version | Tinstall | Tcheck | Ttotal | Status | Flags | 
|---|---|---|---|---|---|---|
| r-devel-linux-x86_64-debian-clang | 1.0-10 | 21.39 | 173.06 | 194.45 | NOTE | |
| r-devel-linux-x86_64-debian-gcc | 1.0-10 | 16.69 | 131.77 | 148.46 | NOTE | |
| r-devel-linux-x86_64-fedora-clang | 1.0-10 | 50.00 | 256.78 | 306.78 | OK | |
| r-devel-linux-x86_64-fedora-gcc | 1.0-10 | 84.00 | 234.66 | 318.66 | OK | |
| r-devel-windows-x86_64 | 1.0-10 | 28.00 | 267.00 | 295.00 | OK | |
| r-patched-linux-x86_64 | 1.0-10 | 19.65 | 168.24 | 187.89 | OK | |
| r-release-linux-x86_64 | 1.0-10 | 20.79 | 168.23 | 189.02 | OK | |
| r-release-macos-arm64 | 1.0-10 | 10.00 | 83.00 | 93.00 | OK | |
| r-release-macos-x86_64 | 1.0-10 | 21.00 | 135.00 | 156.00 | OK | |
| r-release-windows-x86_64 | 1.0-10 | 25.00 | 221.00 | 246.00 | OK | |
| r-oldrel-macos-arm64 | 1.0-10 | 9.00 | 83.00 | 92.00 | OK | |
| r-oldrel-macos-x86_64 | 1.0-10 | 15.00 | 110.00 | 125.00 | OK | |
| r-oldrel-windows-x86_64 | 1.0-10 | 29.00 | 216.00 | 245.00 | OK | 
Version: 1.0-10
Check: CRAN incoming feasibility
Result: NOTE
  Maintainer: ‘Daniel-Corneliu Leucuta <danny.ldc@gmail.com>’
  
  No Authors@R field in DESCRIPTION.
  Please add one, modifying
    Authors@R: person(given = "Daniel-Corneliu",
                      family = "Leucuta",
                      role = c("aut", "cre"),
                      email = "danny.ldc@gmail.com")
  as necessary.
Flavors: r-devel-linux-x86_64-debian-clang, r-devel-linux-x86_64-debian-gcc