Last updated on 2025-11-15 11:50:54 CET.
| Flavor | Version | Tinstall | Tcheck | Ttotal | Status | Flags |
|---|---|---|---|---|---|---|
| r-devel-linux-x86_64-debian-clang | 0.9.5 | 38.01 | 420.89 | 458.90 | OK | |
| r-devel-linux-x86_64-debian-gcc | 0.9.5 | 24.44 | 284.06 | 308.50 | OK | |
| r-devel-linux-x86_64-fedora-clang | 0.9.5 | 65.00 | 634.67 | 699.67 | OK | |
| r-devel-linux-x86_64-fedora-gcc | 0.9.5 | 64.00 | 662.17 | 726.17 | OK | |
| r-devel-windows-x86_64 | 0.9.5 | 57.00 | 408.00 | 465.00 | OK | |
| r-patched-linux-x86_64 | 0.9.5 | 38.38 | 397.37 | 435.75 | OK | |
| r-release-linux-x86_64 | 0.9.5 | 36.71 | 413.96 | 450.67 | OK | |
| r-release-macos-arm64 | 0.9.5 | 14.00 | 145.00 | 159.00 | OK | |
| r-release-macos-x86_64 | 0.9.5 | 17.00 | 270.00 | 287.00 | OK | |
| r-release-windows-x86_64 | 0.9.5 | 48.00 | 393.00 | 441.00 | OK | |
| r-oldrel-macos-arm64 | 0.9.5 | 16.00 | 144.00 | 160.00 | NOTE | |
| r-oldrel-macos-x86_64 | 0.9.5 | 16.00 | 281.00 | 297.00 | NOTE | |
| r-oldrel-windows-x86_64 | 0.9.5 | 60.00 | 554.00 | 614.00 | NOTE |
Version: 0.9.5
Check: installed package size
Result: NOTE
installed size is 5.7Mb
sub-directories of 1Mb or more:
doc 3.9Mb
libs 1.6Mb
Flavors: r-oldrel-macos-arm64, r-oldrel-macos-x86_64, r-oldrel-windows-x86_64