Last updated on 2025-10-31 09:50:27 CET.
| Flavor | Version | Tinstall | Tcheck | Ttotal | Status | Flags | 
|---|---|---|---|---|---|---|
| r-devel-linux-x86_64-debian-clang | 1.1.9 | 13.51 | 88.92 | 102.43 | OK | |
| r-devel-linux-x86_64-debian-gcc | 1.1.9 | 10.76 | 72.22 | 82.98 | OK | |
| r-devel-linux-x86_64-fedora-clang | 1.1.9 | 29.00 | 132.62 | 161.62 | OK | |
| r-devel-linux-x86_64-fedora-gcc | 1.1.9 | 32.00 | 136.41 | 168.41 | OK | |
| r-devel-windows-x86_64 | 1.1.9 | 12.00 | 107.00 | 119.00 | OK | |
| r-patched-linux-x86_64 | 1.1.9 | 14.91 | 83.46 | 98.37 | OK | |
| r-release-linux-x86_64 | 1.1.9 | 13.99 | 83.35 | 97.34 | OK | |
| r-release-macos-arm64 | 1.1.9 | 13.00 | 84.00 | 97.00 | OK | |
| r-release-macos-x86_64 | 1.1.9 | 14.00 | 88.00 | 102.00 | OK | |
| r-release-windows-x86_64 | 1.1.9 | 14.00 | 113.00 | 127.00 | OK | |
| r-oldrel-macos-arm64 | 1.1.9 | 13.00 | 70.00 | 83.00 | NOTE | |
| r-oldrel-macos-x86_64 | 1.1.9 | 20.00 | 173.00 | 193.00 | NOTE | |
| r-oldrel-windows-x86_64 | 1.1.9 | 14.00 | 130.00 | 144.00 | NOTE | 
Version: 1.1.9
Check: installed package size
Result: NOTE
    installed size is  5.2Mb
    sub-directories of 1Mb or more:
      data      2.2Mb
      extdata   1.4Mb
Flavors: r-oldrel-macos-arm64, r-oldrel-macos-x86_64, r-oldrel-windows-x86_64