Last updated on 2025-10-25 09:49:42 CEST.
| Flavor | Version | Tinstall | Tcheck | Ttotal | Status | Flags |
|---|---|---|---|---|---|---|
| r-devel-linux-x86_64-debian-clang | 4.0.11 | 273.68 | 125.80 | 399.48 | NOTE | |
| r-devel-linux-x86_64-debian-gcc | 4.0.11 | 184.83 | 123.28 | 308.11 | NOTE | |
| r-devel-linux-x86_64-fedora-clang | 4.0.11 | 397.00 | 344.97 | 741.97 | OK | |
| r-devel-linux-x86_64-fedora-gcc | 4.0.11 | 780.00 | -2.01 | 777.99 | NOTE | |
| r-devel-windows-x86_64 | 4.0.11 | 305.00 | 225.00 | 530.00 | OK | |
| r-patched-linux-x86_64 | 4.0.11 | 280.04 | 125.86 | 405.90 | OK | |
| r-release-linux-x86_64 | 4.0.11 | 277.64 | 125.77 | 403.41 | OK | |
| r-release-macos-arm64 | 4.0.11 | 112.00 | 59.00 | 171.00 | OK | |
| r-release-macos-x86_64 | 4.0.11 | 72.00 | 136.00 | 208.00 | OK | |
| r-release-windows-x86_64 | 4.0.11 | 315.00 | 225.00 | 540.00 | OK | |
| r-oldrel-macos-arm64 | 4.0.11 | 103.00 | 50.00 | 153.00 | NOTE | |
| r-oldrel-macos-x86_64 | 4.0.11 | 75.00 | 119.00 | 194.00 | NOTE | |
| r-oldrel-windows-x86_64 | 4.0.11 | 367.00 | 239.00 | 606.00 | OK |
Version: 4.0.11
Check: Rd files
Result: NOTE
checkRd: (-1) rmcMultiRun.Rd:178-205: Only 3 columns allowed in this table (row 1 has 1)
checkRd: (-1) rmcMultiRun.Rd:178-205: Only 3 columns allowed in this table (row 14 has 1)
checkRd: (-1) rmcMultiRun.Rd:206-245: Only 6 columns allowed in this table (row 1 has 1)
checkRd: (-1) rmcMultiRun.Rd:206-245: Only 6 columns allowed in this table (row 2 has 4)
checkRd: (-1) rmcMultiRun.Rd:206-245: Only 6 columns allowed in this table (row 3 has 4)
checkRd: (-1) rmcMultiRun.Rd:206-245: Only 6 columns allowed in this table (row 4 has 4)
checkRd: (-1) rmcMultiRun.Rd:206-245: Only 6 columns allowed in this table (row 5 has 4)
checkRd: (-1) rmcMultiRun.Rd:206-245: Only 6 columns allowed in this table (row 6 has 4)
checkRd: (-1) rmcMultiRun.Rd:206-245: Only 6 columns allowed in this table (row 7 has 5)
checkRd: (-1) rmcMultiRun.Rd:206-245: Only 6 columns allowed in this table (row 8 has 5)
checkRd: (-1) rmcMultiRun.Rd:206-245: Only 6 columns allowed in this table (row 9 has 5)
checkRd: (-1) rmcMultiRun.Rd:206-245: Only 6 columns allowed in this table (row 10 has 5)
checkRd: (-1) rmcMultiRun.Rd:206-245: Only 6 columns allowed in this table (row 11 has 5)
checkRd: (-1) rmcMultiRun.Rd:206-245: Only 6 columns allowed in this table (row 12 has 5)
checkRd: (-1) rmcMultiRun.Rd:206-245: Only 6 columns allowed in this table (row 13 has 5)
checkRd: (-1) rmcMultiRun.Rd:206-245: Only 6 columns allowed in this table (row 14 has 4)
checkRd: (-1) rmcMultiRun.Rd:206-245: Only 6 columns allowed in this table (row 15 has 5)
checkRd: (-1) rmcMultiRun.Rd:206-245: Only 6 columns allowed in this table (row 16 has 5)
checkRd: (-1) rmcMultiRun.Rd:206-245: Only 6 columns allowed in this table (row 17 has 5)
checkRd: (-1) rmcMultiRun.Rd:206-245: Only 6 columns allowed in this table (row 24 has 5)
checkRd: (-1) rmcMultiRun.Rd:206-245: Only 6 columns allowed in this table (row 29 has 5)
checkRd: (-1) rmcMultiRun.Rd:206-245: Only 6 columns allowed in this table (row 31 has 5)
checkRd: (-1) rmcMultiRun.Rd:206-245: Only 6 columns allowed in this table (row 32 has 5)
checkRd: (-1) rmcMultiRun.Rd:206-245: Only 6 columns allowed in this table (row 33 has 5)
checkRd: (-1) rmcMultiRun.Rd:206-245: Only 6 columns allowed in this table (row 34 has 5)
checkRd: (-1) rmcMultiRun.Rd:206-245: Only 6 columns allowed in this table (row 35 has 5)
checkRd: (-1) rmcMultiRun.Rd:206-245: Only 6 columns allowed in this table (row 36 has 5)
checkRd: (-1) rmcMultiRun.Rd:206-245: Only 6 columns allowed in this table (row 37 has 4)
Flavors: r-devel-linux-x86_64-debian-clang, r-devel-linux-x86_64-debian-gcc, r-devel-linux-x86_64-fedora-gcc
Version: 4.0.11
Check: installed package size
Result: NOTE
installed size is 30.5Mb
sub-directories of 1Mb or more:
libs 30.3Mb
Flavors: r-oldrel-macos-arm64, r-oldrel-macos-x86_64