CRAN Package Check Results for Package REPLesentR

Last updated on 2025-10-22 09:50:48 CEST.

Flavor Version Tinstall Tcheck Ttotal Status Flags
r-devel-linux-x86_64-debian-clang 0.4.1 3.42 33.57 36.99 NOTE
r-devel-linux-x86_64-debian-gcc 0.4.1 2.54 24.37 26.91 NOTE
r-devel-linux-x86_64-fedora-clang 0.4.1 11.00 46.31 57.31 OK
r-devel-linux-x86_64-fedora-gcc 0.4.1 51.96 OK
r-devel-windows-x86_64 0.4.1 4.00 47.00 51.00 OK
r-patched-linux-x86_64 0.4.1 3.04 31.03 34.07 OK
r-release-linux-x86_64 0.4.1 2.96 30.94 33.90 OK
r-release-macos-arm64 0.4.1 2.00 20.00 22.00 OK
r-release-macos-x86_64 0.4.1 4.00 45.00 49.00 OK
r-release-windows-x86_64 0.4.1 6.00 48.00 54.00 OK
r-oldrel-macos-arm64 0.4.1 1.00 18.00 19.00 NOTE
r-oldrel-macos-x86_64 0.4.1 2.00 27.00 29.00 NOTE
r-oldrel-windows-x86_64 0.4.1 7.00 61.00 68.00 NOTE

Check Details

Version: 0.4.1
Check: HTML version of manual
Result: NOTE Found the following HTML validation problems: Evaluate.html:53:1 (Evaluate.Rd:13): Warning: missing </ul> before </div> Flavors: r-devel-linux-x86_64-debian-clang, r-devel-linux-x86_64-debian-gcc

Version: 0.4.1
Check: LazyData
Result: NOTE 'LazyData' is specified without a 'data' directory Flavors: r-oldrel-macos-arm64, r-oldrel-macos-x86_64, r-oldrel-windows-x86_64