Last updated on 2025-10-30 09:49:59 CET.
| Flavor | Version | Tinstall | Tcheck | Ttotal | Status | Flags | 
|---|---|---|---|---|---|---|
| r-devel-linux-x86_64-debian-clang | 1.2.2 | 5.90 | 57.33 | 63.23 | NOTE | |
| r-devel-linux-x86_64-debian-gcc | 1.2.2 | 3.88 | 42.36 | 46.24 | NOTE | |
| r-devel-linux-x86_64-fedora-clang | 1.2.2 | 16.00 | 80.64 | 96.64 | OK | |
| r-devel-linux-x86_64-fedora-gcc | 1.2.2 | 18.00 | 84.22 | 102.22 | OK | |
| r-devel-windows-x86_64 | 1.2.2 | 7.00 | 96.00 | 103.00 | OK | |
| r-patched-linux-x86_64 | 1.2.2 | 8.23 | 54.05 | 62.28 | OK | |
| r-release-linux-x86_64 | 1.2.2 | 5.39 | 54.51 | 59.90 | OK | |
| r-release-macos-arm64 | 1.2.2 | 3.00 | 30.00 | 33.00 | OK | |
| r-release-macos-x86_64 | 1.2.2 | 5.00 | 60.00 | 65.00 | OK | |
| r-release-windows-x86_64 | 1.2.2 | 8.00 | 93.00 | 101.00 | OK | |
| r-oldrel-macos-arm64 | 1.2.2 | 3.00 | 28.00 | 31.00 | OK | |
| r-oldrel-macos-x86_64 | 1.2.2 | 3.00 | 45.00 | 48.00 | OK | |
| r-oldrel-windows-x86_64 | 1.2.2 | 7.00 | 89.00 | 96.00 | OK | 
Version: 1.2.2
Check: CRAN incoming feasibility
Result: NOTE
  Maintainer: ‘Hongen Zhang <hzhang.henry@gmail.com>’
  
  No Authors@R field in DESCRIPTION.
  Please add one, modifying
    Authors@R: person(given = "Hongen",
                      family = "Zhang",
                      role = c("aut", "cre"),
                      email = "hzhang.henry@gmail.com")
  as necessary.
  
  Package CITATION file contains call(s) to old-style personList() or
  as.personList().  Please use c() on person objects instead.
  Package CITATION file contains call(s) to old-style citEntry().  Please
  use bibentry() instead.
Flavors: r-devel-linux-x86_64-debian-clang, r-devel-linux-x86_64-debian-gcc