Last updated on 2025-11-02 10:50:56 CET.
| Flavor | Version | Tinstall | Tcheck | Ttotal | Status | Flags |
|---|---|---|---|---|---|---|
| r-devel-linux-x86_64-debian-clang | 1.0.4.6 | 2022.94 | 213.06 | 2236.00 | OK | |
| r-devel-linux-x86_64-debian-gcc | 1.0.4.6 | 1738.51 | 284.43 | 2022.94 | OK | |
| r-devel-linux-x86_64-fedora-clang | 1.0.4.6 | 4020.00 | -658.18 | 3361.82 | OK | |
| r-devel-linux-x86_64-fedora-gcc | 1.0.4.6 | 3060.00 | 403.36 | 3463.36 | OK | |
| r-devel-windows-x86_64 | 1.0.4.6 | 2145.00 | 417.00 | 2562.00 | OK | |
| r-patched-linux-x86_64 | 1.0.4.6 | 2320.51 | 401.01 | 2721.52 | OK | |
| r-release-linux-x86_64 | 1.0.4.6 | 2370.18 | 403.86 | 2774.04 | OK | |
| r-release-macos-arm64 | 1.0.4.6 | 780.00 | 72.00 | 852.00 | OK | |
| r-release-macos-x86_64 | 1.0.4.6 | 600.00 | 198.00 | 798.00 | OK | |
| r-release-windows-x86_64 | 1.0.4.6 | 2106.00 | 390.00 | 2496.00 | OK | |
| r-oldrel-macos-arm64 | 1.0.4.6 | 660.00 | 24.00 | 684.00 | NOTE | |
| r-oldrel-macos-x86_64 | 1.0.4.6 | 720.00 | 182.00 | 902.00 | NOTE | |
| r-oldrel-windows-x86_64 | 1.0.4.6 | 2378.00 | 483.00 | 2861.00 | NOTE |
Version: 1.0.4.6
Check: installed package size
Result: NOTE
installed size is 227.0Mb
sub-directories of 1Mb or more:
libs 225.8Mb
Flavors: r-oldrel-macos-arm64, r-oldrel-macos-x86_64, r-oldrel-windows-x86_64
Version: 1.0.4.6
Check: for GNU extensions in Makefiles
Result: NOTE
GNU make is a SystemRequirements.
Flavors: r-oldrel-macos-arm64, r-oldrel-macos-x86_64, r-oldrel-windows-x86_64