CRAN Package Check Results for Package PSPManalysis

Last updated on 2025-11-02 10:50:56 CET.

Flavor Version Tinstall Tcheck Ttotal Status Flags
r-devel-linux-x86_64-debian-clang 0.3.9 3.59 152.71 156.30 NOTE
r-devel-linux-x86_64-debian-gcc 0.3.9 2.98 181.65 184.63 NOTE
r-devel-linux-x86_64-fedora-clang 0.3.9 169.08 OK
r-devel-linux-x86_64-fedora-gcc 0.3.9 200.97 OK
r-devel-windows-x86_64 0.3.9 9.00 837.00 846.00 OK
r-patched-linux-x86_64 0.3.9 4.21 189.59 193.80 OK
r-release-linux-x86_64 0.3.9 3.36 149.75 153.11 OK
r-release-macos-arm64 0.3.9 4.00 97.00 101.00 OK
r-release-macos-x86_64 0.3.9 5.00 990.00 995.00 OK
r-release-windows-x86_64 0.3.9 8.00 821.00 829.00 OK
r-oldrel-macos-arm64 0.3.9 3.00 60.00 63.00 OK
r-oldrel-macos-x86_64 0.3.9 4.00 77.00 81.00 OK
r-oldrel-windows-x86_64 0.3.9 10.00 193.00 203.00 OK

Check Details

Version: 0.3.9
Check: CRAN incoming feasibility
Result: NOTE Maintainer: ‘Andre M. de Roos <A.M.deRoos@uva.nl>’ Package CITATION file contains call(s) to old-style citEntry(). Please use bibentry() instead. Flavors: r-devel-linux-x86_64-debian-clang, r-devel-linux-x86_64-debian-gcc