Last updated on 2025-10-31 09:50:25 CET.
| Flavor | Version | Tinstall | Tcheck | Ttotal | Status | Flags | 
|---|---|---|---|---|---|---|
| r-devel-linux-x86_64-debian-clang | 1.2.0 | 15.02 | 149.40 | 164.42 | NOTE | |
| r-devel-linux-x86_64-debian-gcc | 1.2.0 | 9.40 | 99.36 | 108.76 | NOTE | |
| r-devel-linux-x86_64-fedora-clang | 1.2.0 | 32.00 | 221.59 | 253.59 | NOTE | |
| r-devel-linux-x86_64-fedora-gcc | 1.2.0 | 29.00 | 208.91 | 237.91 | NOTE | |
| r-devel-windows-x86_64 | 1.2.0 | 17.00 | 152.00 | 169.00 | NOTE | |
| r-patched-linux-x86_64 | 1.2.0 | 14.65 | 136.93 | 151.58 | NOTE | |
| r-release-linux-x86_64 | 1.2.0 | 13.47 | 137.80 | 151.27 | NOTE | |
| r-release-macos-arm64 | 1.2.0 | 5.00 | 55.00 | 60.00 | NOTE | |
| r-release-macos-x86_64 | 1.2.0 | 17.00 | 104.00 | 121.00 | NOTE | |
| r-release-windows-x86_64 | 1.2.0 | 16.00 | 152.00 | 168.00 | NOTE | |
| r-oldrel-macos-arm64 | 1.2.0 | 5.00 | 53.00 | 58.00 | NOTE | |
| r-oldrel-macos-x86_64 | 1.2.0 | 8.00 | 84.00 | 92.00 | NOTE | |
| r-oldrel-windows-x86_64 | 1.2.0 | 21.00 | 197.00 | 218.00 | NOTE | 
Version: 1.2.0
Check: Rd files
Result: NOTE
  checkRd: (-1) embedded.blocks.Rd:39: Lost braces
      39 | \item{miv.threshold}{MIV (marginal information value) entrance threshold applicable only for code{"stepMIV"} method.
         |                                                                                                  ^
  checkRd: (-1) embedded.blocks.Rd:44: Lost braces
      44 | \item{m.ch.p.val}{Significance level of p-value for marginal chi-square test applicable only for code{"stepMIV"} method.
         |                                                                                                      ^
  checkRd: (-1) ensemble.blocks.Rd:39: Lost braces
      39 | \item{miv.threshold}{MIV (marginal information value) entrance threshold applicable only for code{"stepMIV"} method.
         |                                                                                                  ^
  checkRd: (-1) ensemble.blocks.Rd:44: Lost braces
      44 | \item{m.ch.p.val}{Significance level of p-value for marginal chi-square test applicable only for code{"stepMIV"} method.
         |                                                                                                      ^
  checkRd: (-1) staged.blocks.Rd:39: Lost braces
      39 | \item{miv.threshold}{MIV (marginal information value) entrance threshold applicable only for code{"stepMIV"} method.
         |                                                                                                  ^
  checkRd: (-1) staged.blocks.Rd:44: Lost braces
      44 | \item{m.ch.p.val}{Significance level of p-value for marginal chi-square test applicable only for code{"stepMIV"} method.
         |                                                                                                      ^
Flavors: r-devel-linux-x86_64-debian-clang, r-devel-linux-x86_64-debian-gcc, r-devel-linux-x86_64-fedora-clang, r-devel-linux-x86_64-fedora-gcc, r-devel-windows-x86_64, r-patched-linux-x86_64, r-release-linux-x86_64, r-release-macos-arm64, r-release-macos-x86_64, r-release-windows-x86_64, r-oldrel-macos-arm64, r-oldrel-macos-x86_64, r-oldrel-windows-x86_64