CRAN Package Check Results for Package Omisc

Last updated on 2025-11-11 10:50:08 CET.

Flavor Version Tinstall Tcheck Ttotal Status Flags
r-devel-linux-x86_64-debian-clang 0.1.5 3.24 48.35 51.59 NOTE
r-devel-linux-x86_64-debian-gcc 0.1.5 2.23 34.33 36.56 NOTE
r-devel-linux-x86_64-fedora-clang 0.1.5 84.82 NOTE
r-devel-linux-x86_64-fedora-gcc 0.1.5 77.41 NOTE
r-devel-windows-x86_64 0.1.5 5.00 75.00 80.00 OK
r-patched-linux-x86_64 0.1.5 2.83 46.15 48.98 OK
r-release-linux-x86_64 0.1.5 3.12 46.27 49.39 OK
r-release-macos-arm64 0.1.5 2.00 27.00 29.00 OK
r-release-macos-x86_64 0.1.5 3.00 43.00 46.00 OK
r-release-windows-x86_64 0.1.5 5.00 74.00 79.00 OK
r-oldrel-macos-arm64 0.1.5 2.00 23.00 25.00 OK
r-oldrel-macos-x86_64 0.1.5 2.00 35.00 37.00 OK
r-oldrel-windows-x86_64 0.1.5 6.00 87.00 93.00 OK

Check Details

Version: 0.1.5
Check: CRAN incoming feasibility
Result: NOTE Maintainer: ‘Patrick O'Keefe <okeefep@ohsu.edu>’ No Authors@R field in DESCRIPTION. Please add one, modifying Authors@R: person(given = "Patrick", family = "O'Keefe", role = c("aut", "cre"), email = "okeefep@ohsu.edu") as necessary. Flavors: r-devel-linux-x86_64-debian-clang, r-devel-linux-x86_64-debian-gcc

Version: 0.1.5
Check: dependencies in R code
Result: NOTE Namespace in Imports field not imported from: ‘base’ All declared Imports should be used. Flavors: r-devel-linux-x86_64-fedora-clang, r-devel-linux-x86_64-fedora-gcc