Last updated on 2025-11-04 10:53:37 CET.
| Flavor | Version | Tinstall | Tcheck | Ttotal | Status | Flags | 
|---|---|---|---|---|---|---|
| r-devel-linux-x86_64-debian-clang | 1.2 | 4.22 | 39.08 | 43.30 | OK | |
| r-devel-linux-x86_64-debian-gcc | 1.2 | 3.25 | 30.36 | 33.61 | OK | |
| r-devel-linux-x86_64-fedora-clang | 1.2 | 27.00 | 44.09 | 71.09 | NOTE | |
| r-devel-linux-x86_64-fedora-gcc | 1.2 | 63.31 | NOTE | |||
| r-devel-windows-x86_64 | 1.2 | 6.00 | 58.00 | 64.00 | OK | |
| r-patched-linux-x86_64 | 1.2 | 3.98 | 37.62 | 41.60 | OK | |
| r-release-linux-x86_64 | 1.2 | 4.32 | 37.57 | 41.89 | OK | |
| r-release-macos-arm64 | 1.2 | 2.00 | 24.00 | 26.00 | OK | |
| r-release-macos-x86_64 | 1.2 | 6.00 | 40.00 | 46.00 | OK | |
| r-release-windows-x86_64 | 1.2 | 7.00 | 57.00 | 64.00 | OK | |
| r-oldrel-macos-arm64 | 1.2 | 3.00 | 22.00 | 25.00 | OK | |
| r-oldrel-macos-x86_64 | 1.2 | 5.00 | 36.00 | 41.00 | OK | |
| r-oldrel-windows-x86_64 | 1.2 | 6.00 | 58.00 | 64.00 | OK | 
Version: 1.2
Check: compiled code
Result: NOTE
  File ‘NetPreProc/libs/NetPreProc.so’:
    Found no calls to: ‘R_registerRoutines’, ‘R_useDynamicSymbols’
  
  It is good practice to register native routines and to disable symbol
  search.
  
  See ‘Writing portable packages’ in the ‘Writing R Extensions’ manual.
Flavors: r-devel-linux-x86_64-fedora-clang, r-devel-linux-x86_64-fedora-gcc