Last updated on 2025-10-24 09:50:10 CEST.
| Flavor | Version | Tinstall | Tcheck | Ttotal | Status | Flags |
|---|---|---|---|---|---|---|
| r-devel-linux-x86_64-debian-clang | 0.3.0 | 1.65 | 78.41 | 80.06 | OK | |
| r-devel-linux-x86_64-debian-gcc | 0.3.0 | 1.24 | 58.03 | 59.27 | OK | |
| r-devel-linux-x86_64-fedora-clang | 0.3.0 | 129.93 | NOTE | |||
| r-devel-linux-x86_64-fedora-gcc | 0.3.0 | 132.04 | NOTE | |||
| r-devel-windows-x86_64 | 0.3.0 | 3.00 | 96.00 | 99.00 | OK | |
| r-patched-linux-x86_64 | 0.3.0 | 1.67 | 74.73 | 76.40 | OK | |
| r-release-linux-x86_64 | 0.3.0 | 1.69 | 72.87 | 74.56 | OK | |
| r-release-macos-arm64 | 0.3.0 | 2.00 | 57.00 | 59.00 | OK | |
| r-release-macos-x86_64 | 0.3.0 | 2.00 | 90.00 | 92.00 | OK | |
| r-release-windows-x86_64 | 0.3.0 | 4.00 | 96.00 | 100.00 | OK | |
| r-oldrel-macos-arm64 | 0.3.0 | 1.00 | 42.00 | 43.00 | OK | |
| r-oldrel-macos-x86_64 | 0.3.0 | 2.00 | 64.00 | 66.00 | OK | |
| r-oldrel-windows-x86_64 | 0.3.0 | 4.00 | 117.00 | 121.00 | OK |
Version: 0.3.0
Check: dependencies in R code
Result: NOTE
Namespace in Imports field not imported from: ‘tibble’
All declared Imports should be used.
Flavors: r-devel-linux-x86_64-fedora-clang, r-devel-linux-x86_64-fedora-gcc