Last updated on 2025-10-31 09:50:22 CET.
| Flavor | Version | Tinstall | Tcheck | Ttotal | Status | Flags | 
|---|---|---|---|---|---|---|
| r-devel-linux-x86_64-debian-clang | 0.3.3 | 1.81 | 31.62 | 33.43 | NOTE | |
| r-devel-linux-x86_64-debian-gcc | 0.3.3 | 1.63 | 25.81 | 27.44 | NOTE | |
| r-devel-linux-x86_64-fedora-clang | 0.3.3 | 11.00 | 44.39 | 55.39 | OK | |
| r-devel-linux-x86_64-fedora-gcc | 0.3.3 | 12.00 | 61.28 | 73.28 | OK | |
| r-devel-windows-x86_64 | 0.3.3 | 4.00 | 48.00 | 52.00 | OK | |
| r-patched-linux-x86_64 | 0.3.3 | 1.88 | 29.81 | 31.69 | OK | |
| r-release-linux-x86_64 | 0.3.3 | 1.74 | 30.06 | 31.80 | OK | |
| r-release-macos-arm64 | 0.3.3 | 1.00 | 26.00 | 27.00 | OK | |
| r-release-macos-x86_64 | 0.3.3 | 2.00 | 47.00 | 49.00 | OK | |
| r-release-windows-x86_64 | 0.3.3 | 4.00 | 50.00 | 54.00 | OK | |
| r-oldrel-macos-arm64 | 0.3.3 | 1.00 | 24.00 | 25.00 | NOTE | |
| r-oldrel-macos-x86_64 | 0.3.3 | 2.00 | 37.00 | 39.00 | NOTE | |
| r-oldrel-windows-x86_64 | 0.3.3 | 4.00 | 55.00 | 59.00 | OK | 
Version: 0.3.3
Check: CRAN incoming feasibility
Result: NOTE
  Maintainer: ‘Samara Kiihl <samara@ime.unicamp.br>’
  
  No Authors@R field in DESCRIPTION.
  Please add one, modifying
    Authors@R: c(person(given = "Samara",
                        family = "Kiihl",
                        role = c("aut", "cre"),
                        email = "samara@ime.unicamp.br"),
                 person(given = c("Maria", "Jose"),
                        family = "Martinez-Garrido",
                        role = "aut"),
                 person(given = "Arce",
                        family = "Domingo-Relloso",
                        role = "aut"),
                 person(given = "Jose",
                        family = "Bermudez",
                        role = "aut"),
                 person(given = "Maria",
                        family = "Tellez-Plaza",
                        role = "aut"))
  as necessary.
  
  Package CITATION file contains call(s) to old-style personList() or
  as.personList().  Please use c() on person objects instead.
  Package CITATION file contains call(s) to old-style citEntry().  Please
  use bibentry() instead.
Flavors: r-devel-linux-x86_64-debian-clang, r-devel-linux-x86_64-debian-gcc
Version: 0.3.3
Check: package dependencies
Result: NOTE
  Package suggested but not available for checking: ‘IlluminaHumanMethylation450kmanifest’
Flavors: r-oldrel-macos-arm64, r-oldrel-macos-x86_64