Last updated on 2025-11-20 11:51:15 CET.
| Flavor | Version | Tinstall | Tcheck | Ttotal | Status | Flags |
|---|---|---|---|---|---|---|
| r-devel-linux-x86_64-debian-clang | 1.4.0 | 3.49 | 31.60 | 35.09 | NOTE | |
| r-devel-linux-x86_64-debian-gcc | 1.4.0 | 2.37 | 25.34 | 27.71 | NOTE | |
| r-devel-linux-x86_64-fedora-clang | 1.4.0 | 52.29 | OK | |||
| r-devel-linux-x86_64-fedora-gcc | 1.4.0 | 13.00 | 37.42 | 50.42 | OK | |
| r-devel-windows-x86_64 | 1.4.0 | 5.00 | 48.00 | 53.00 | OK | |
| r-patched-linux-x86_64 | 1.4.0 | 3.19 | 28.83 | 32.02 | OK | |
| r-release-linux-x86_64 | 1.4.0 | 3.45 | 28.69 | 32.14 | OK | |
| r-release-macos-arm64 | 1.4.0 | OK | ||||
| r-release-macos-x86_64 | 1.4.0 | 5.00 | 45.00 | 50.00 | OK | |
| r-release-windows-x86_64 | 1.4.0 | 5.00 | 48.00 | 53.00 | OK | |
| r-oldrel-macos-arm64 | 1.4.0 | OK | ||||
| r-oldrel-macos-x86_64 | 1.4.0 | 4.00 | 38.00 | 42.00 | OK | |
| r-oldrel-windows-x86_64 | 1.4.0 | 6.00 | 57.00 | 63.00 | OK |
Version: 1.4.0
Check: CRAN incoming feasibility
Result: NOTE
Maintainer: ‘Alexander Grueneberg <cran@agrueneberg.info>’
Package CITATION file contains call(s) to old-style citEntry(). Please
use bibentry() instead.
Flavors: r-devel-linux-x86_64-debian-clang, r-devel-linux-x86_64-debian-gcc