Last updated on 2025-10-27 09:50:37 CET.
| Flavor | Version | Tinstall | Tcheck | Ttotal | Status | Flags | 
|---|---|---|---|---|---|---|
| r-devel-linux-x86_64-debian-clang | 1.7 | 4.56 | 31.68 | 36.24 | NOTE | |
| r-devel-linux-x86_64-debian-gcc | 1.7 | 4.07 | 24.51 | 28.58 | NOTE | |
| r-devel-linux-x86_64-fedora-clang | 1.7 | 26.00 | 31.45 | 57.45 | NOTE | |
| r-devel-linux-x86_64-fedora-gcc | 1.7 | 12.00 | 39.95 | 51.95 | NOTE | |
| r-devel-windows-x86_64 | 1.7 | 10.00 | 58.00 | 68.00 | NOTE | |
| r-patched-linux-x86_64 | 1.7 | 5.06 | 29.97 | 35.03 | NOTE | |
| r-release-linux-x86_64 | 1.7 | 4.60 | 30.18 | 34.78 | NOTE | |
| r-release-macos-arm64 | 1.7 | 4.00 | 20.00 | 24.00 | NOTE | |
| r-release-macos-x86_64 | 1.7 | 6.00 | 34.00 | 40.00 | NOTE | |
| r-release-windows-x86_64 | 1.7 | 10.00 | 65.00 | 75.00 | NOTE | |
| r-oldrel-macos-arm64 | 1.7 | 4.00 | 20.00 | 24.00 | NOTE | |
| r-oldrel-macos-x86_64 | 1.7 | 4.00 | 26.00 | 30.00 | NOTE | |
| r-oldrel-windows-x86_64 | 1.7 | 10.00 | 69.00 | 79.00 | NOTE | 
Version: 1.7
Check: CRAN incoming feasibility
Result: NOTE
  Maintainer: ‘Jiechao Xiong <xiongjiechao@pku.edu.cn>’
  
  No Authors@R field in DESCRIPTION.
  Please add one, modifying
    Authors@R: c(person(given = "Feng",
                        family = "Ruan",
                        role = "aut"),
                 person(given = "Jiechao",
                        family = "Xiong",
                        role = c("aut", "cre"),
                        email = "xiongjiechao@pku.edu.cn"),
                 person(given = "Yuan",
                        family = "Yao",
                        role = "aut"))
  as necessary.
Flavors: r-devel-linux-x86_64-debian-clang, r-devel-linux-x86_64-debian-gcc
Version: 1.7
Check: Rd files
Result: NOTE
  checkRd: (-1) isingdata.Rd:14: Lost braces; missing escapes or markup?
      14 |     \item{X}{a 5000-by-100 matrix, each entry is in {-1,1}.}
         |                                                     ^
  checkRd: (-1) predict.lb.Rd:16: Escaped LaTeX specials: \$
Flavors: r-devel-linux-x86_64-debian-clang, r-devel-linux-x86_64-debian-gcc, r-devel-linux-x86_64-fedora-clang, r-devel-linux-x86_64-fedora-gcc, r-devel-windows-x86_64, r-patched-linux-x86_64, r-release-linux-x86_64, r-release-macos-arm64, r-release-macos-x86_64, r-release-windows-x86_64, r-oldrel-macos-arm64, r-oldrel-macos-x86_64, r-oldrel-windows-x86_64