Last updated on 2025-10-24 09:50:08 CEST.
| Flavor | Version | Tinstall | Tcheck | Ttotal | Status | Flags |
|---|---|---|---|---|---|---|
| r-devel-linux-x86_64-debian-clang | 1.5.0 | 12.00 | 239.08 | 251.08 | NOTE | |
| r-devel-linux-x86_64-debian-gcc | 1.5.0 | 8.33 | 160.95 | 169.28 | OK | |
| r-devel-linux-x86_64-fedora-clang | 1.5.0 | 22.00 | 369.44 | 391.44 | OK | |
| r-devel-linux-x86_64-fedora-gcc | 1.5.0 | 22.00 | 383.77 | 405.77 | OK | |
| r-devel-windows-x86_64 | 1.5.0 | 14.00 | 187.00 | 201.00 | OK | |
| r-patched-linux-x86_64 | 1.5.0 | 11.66 | 216.91 | 228.57 | OK | |
| r-release-linux-x86_64 | 1.5.0 | 10.44 | 214.39 | 224.83 | OK | |
| r-release-macos-arm64 | 1.5.0 | 6.00 | 100.00 | 106.00 | OK | |
| r-release-macos-x86_64 | 1.5.0 | 10.00 | 215.00 | 225.00 | OK | |
| r-release-windows-x86_64 | 1.5.0 | 14.00 | 187.00 | 201.00 | OK | |
| r-oldrel-macos-arm64 | 1.5.0 | 6.00 | 110.00 | 116.00 | OK | |
| r-oldrel-macos-x86_64 | 1.5.0 | 12.00 | 233.00 | 245.00 | OK | |
| r-oldrel-windows-x86_64 | 1.5.0 | 18.00 | 262.00 | 280.00 | OK |
Version: 1.5.0
Check: HTML version of manual
Result: NOTE
Found the following HTML validation problems:
as.coefficients_textmodel.html:48:1 (as.coefficients_textmodel.Rd:11): Warning: missing </ul> before </div>
as.statistics_textmodel.html:46:1 (as.statistics_textmodel.Rd:10): Warning: missing </ul> before </div>
as.summary.textmodel.html:46:1 (as.summary.textmodel.Rd:10): Warning: missing </ul> before </div>
coef.textmodel_lss.html:54:1 (coef.textmodel_lss.Rd:15): Warning: missing </ul> before </div>
cohesion.html:50:1 (cohesion.Rd:12): Warning: missing </ul> before </div>
diagnosys.html:50:1 (diagnosys.Rd:12): Warning: missing </ul> before </div>
print.coefficients_textmodel.html:58:1 (print.coefficients_textmodel.Rd:16): Warning: missing </ul> before </div>
print.statistics_textmodel.html:56:1 (print.statistics_textmodel.Rd:15): Warning: missing </ul> before </div>
print.summary.textmodel.html:56:1 (print.summary.textmodel.Rd:15): Warning: missing </ul> before </div>
textplot_components.html:63:1 (textplot_components.Rd:21): Warning: missing </ul> before </div>
textplot_simil.html:46:1 (textplot_simil.Rd:10): Warning: missing </ul> before </div>
Flavor: r-devel-linux-x86_64-debian-clang