Last updated on 2025-11-22 09:49:55 CET.
| Flavor | Version | Tinstall | Tcheck | Ttotal | Status | Flags |
|---|---|---|---|---|---|---|
| r-devel-linux-x86_64-debian-clang | 1.1.0 | 4.39 | 35.37 | 39.76 | NOTE | |
| r-devel-linux-x86_64-debian-gcc | 1.1.0 | 3.09 | 26.43 | 29.52 | NOTE | |
| r-devel-linux-x86_64-fedora-clang | 1.1.0 | 57.20 | OK | |||
| r-devel-windows-x86_64 | 1.1.0 | 11.00 | 55.00 | 66.00 | OK | |
| r-patched-linux-x86_64 | 1.1.0 | 4.18 | 32.96 | 37.14 | OK | |
| r-release-linux-x86_64 | 1.1.0 | 4.03 | 32.73 | 36.76 | OK | |
| r-release-macos-arm64 | 1.1.0 | OK | ||||
| r-release-macos-x86_64 | 1.1.0 | 4.00 | 30.00 | 34.00 | OK | |
| r-release-windows-x86_64 | 1.1.0 | 10.00 | 64.00 | 74.00 | OK | |
| r-oldrel-macos-arm64 | 1.1.0 | OK | ||||
| r-oldrel-macos-x86_64 | 1.1.0 | 5.00 | 27.00 | 32.00 | OK | |
| r-oldrel-windows-x86_64 | 1.1.0 | 8.00 | 64.00 | 72.00 | OK |
Version: 1.1.0
Check: CRAN incoming feasibility
Result: NOTE
Maintainer: ‘Ting Wang <ting.wang@otago.ac.nz>’
No Authors@R field in DESCRIPTION.
Please add one, modifying
Authors@R: c(person(given = "Ting",
family = "Wang",
role = c("aut", "cre"),
email = "ting.wang@otago.ac.nz"),
person(given = "Wolfgang",
family = "Hayek",
role = "aut"),
person(given = "Alexander",
family = "Pletzer",
role = "aut"))
as necessary.
Flavors: r-devel-linux-x86_64-debian-clang, r-devel-linux-x86_64-debian-gcc