CRAN Package Check Results for Package GenBinomApps

Last updated on 2025-11-20 11:51:12 CET.

Flavor Version Tinstall Tcheck Ttotal Status Flags
r-devel-linux-x86_64-debian-clang 1.2.1 1.70 24.53 26.23 NOTE
r-devel-linux-x86_64-debian-gcc 1.2.1 1.37 19.22 20.59 NOTE
r-devel-linux-x86_64-fedora-clang 1.2.1 37.93 OK
r-devel-linux-x86_64-fedora-gcc 1.2.1 35.18 OK
r-devel-windows-x86_64 1.2.1 5.00 46.00 51.00 OK
r-patched-linux-x86_64 1.2.1 1.73 22.47 24.20 OK
r-release-linux-x86_64 1.2.1 1.69 22.34 24.03 OK
r-release-macos-arm64 1.2.1 OK
r-release-macos-x86_64 1.2.1 2.00 25.00 27.00 OK
r-release-windows-x86_64 1.2.1 3.00 46.00 49.00 OK
r-oldrel-macos-arm64 1.2.1 OK
r-oldrel-macos-x86_64 1.2.1 2.00 20.00 22.00 OK
r-oldrel-windows-x86_64 1.2.1 3.00 48.00 51.00 OK

Check Details

Version: 1.2.1
Check: CRAN incoming feasibility
Result: NOTE Maintainer: ‘Horst Lewitschnig <Horst.Lewitschnig@infineon.com>’ No Authors@R field in DESCRIPTION. Please add one, modifying Authors@R: c(person(given = "Horst", family = "Lewitschnig", role = c("aut", "cre"), email = "horst.lewitschnig@infineon.com"), person(given = "David", family = "Lenzi", role = "aut")) as necessary. Flavors: r-devel-linux-x86_64-debian-clang, r-devel-linux-x86_64-debian-gcc