Last updated on 2025-11-23 12:49:50 CET.
| Flavor | Version | Tinstall | Tcheck | Ttotal | Status | Flags |
|---|---|---|---|---|---|---|
| r-devel-linux-x86_64-debian-clang | 0.1.7 | 82.83 | 71.49 | 154.32 | NOTE | |
| r-devel-linux-x86_64-debian-gcc | 0.1.7 | 52.85 | 51.22 | 104.07 | NOTE | |
| r-devel-linux-x86_64-fedora-clang | 0.1.7 | 156.00 | 123.74 | 279.74 | OK | |
| r-devel-windows-x86_64 | 0.1.7 | 105.00 | 92.00 | 197.00 | OK | |
| r-patched-linux-x86_64 | 0.1.7 | 91.15 | 55.66 | 146.81 | OK | |
| r-release-linux-x86_64 | 0.1.7 | 87.06 | 56.81 | 143.87 | OK | |
| r-release-macos-arm64 | 0.1.7 | OK | ||||
| r-release-macos-x86_64 | 0.1.7 | 37.00 | 100.00 | 137.00 | OK | |
| r-release-windows-x86_64 | 0.1.7 | 103.00 | 90.00 | 193.00 | OK | |
| r-oldrel-macos-arm64 | 0.1.7 | NOTE | ||||
| r-oldrel-macos-x86_64 | 0.1.7 | 26.00 | 54.00 | 80.00 | NOTE | |
| r-oldrel-windows-x86_64 | 0.1.7 | 121.00 | 113.00 | 234.00 | OK |
Version: 0.1.7
Check: CRAN incoming feasibility
Result: NOTE
Maintainer: ‘Marcin Jurek <marcinjurek1988@gmail.com>’
The Description field contains
more detail in Katzfuss and Guinness (2017) <arXiv:1708.06302>. Package
decomposition (IC0), based on Schaefer et al. (2019) <arXiv:1706.02205>
and MaxMin ordering proposed in Guinness (2018) <arXiv:1609.05372>.
Please refer to arXiv e-prints via their arXiv DOI <doi:10.48550/arXiv.YYMM.NNNNN>.
Flavors: r-devel-linux-x86_64-debian-clang, r-devel-linux-x86_64-debian-gcc
Version: 0.1.7
Check: installed package size
Result: NOTE
installed size is 5.7Mb
sub-directories of 1Mb or more:
libs 5.2Mb
Flavors: r-oldrel-macos-arm64, r-oldrel-macos-x86_64