Last updated on 2025-11-12 10:52:44 CET.
| Flavor | Version | Tinstall | Tcheck | Ttotal | Status | Flags |
|---|---|---|---|---|---|---|
| r-devel-linux-x86_64-debian-clang | 1.0.0 | 6.42 | 60.68 | 67.10 | OK | |
| r-devel-linux-x86_64-debian-gcc | 1.0.0 | 4.46 | 45.74 | 50.20 | OK | |
| r-devel-linux-x86_64-fedora-clang | 1.0.0 | 18.00 | 86.43 | 104.43 | NOTE | |
| r-devel-linux-x86_64-fedora-gcc | 1.0.0 | 14.00 | 96.15 | 110.15 | NOTE | |
| r-devel-windows-x86_64 | 1.0.0 | 9.00 | 72.00 | 81.00 | OK | |
| r-patched-linux-x86_64 | 1.0.0 | 5.48 | 57.30 | 62.78 | OK | |
| r-release-linux-x86_64 | 1.0.0 | 5.45 | 56.72 | 62.17 | OK | |
| r-release-macos-arm64 | 1.0.0 | 3.00 | 38.00 | 41.00 | OK | |
| r-release-macos-x86_64 | 1.0.0 | 4.00 | 57.00 | 61.00 | OK | |
| r-release-windows-x86_64 | 1.0.0 | 8.00 | 71.00 | 79.00 | OK | |
| r-oldrel-macos-arm64 | 1.0.0 | 2.00 | 28.00 | 30.00 | OK | |
| r-oldrel-macos-x86_64 | 1.0.0 | 3.00 | 45.00 | 48.00 | OK | |
| r-oldrel-windows-x86_64 | 1.0.0 | 11.00 | 87.00 | 98.00 | OK |
Version: 1.0.0
Check: dependencies in R code
Result: NOTE
Namespaces in Imports field not imported from:
‘knitr’ ‘utils’
All declared Imports should be used.
Flavors: r-devel-linux-x86_64-fedora-clang, r-devel-linux-x86_64-fedora-gcc