Last updated on 2025-10-24 09:50:01 CEST.
| Flavor | Version | Tinstall | Tcheck | Ttotal | Status | Flags |
|---|---|---|---|---|---|---|
| r-devel-linux-x86_64-debian-clang | 0.2.3 | 60.43 | 518.62 | 579.05 | OK | |
| r-devel-linux-x86_64-debian-gcc | 0.2.3 | 43.30 | 371.78 | 415.08 | OK | |
| r-devel-linux-x86_64-fedora-clang | 0.2.3 | 311.00 | 714.69 | 1025.69 | OK | |
| r-devel-linux-x86_64-fedora-gcc | 0.2.3 | 471.00 | 527.20 | 998.20 | OK | |
| r-devel-windows-x86_64 | 0.2.3 | 63.00 | 437.00 | 500.00 | OK | |
| r-patched-linux-x86_64 | 0.2.3 | 59.11 | 494.41 | 553.52 | OK | |
| r-release-linux-x86_64 | 0.2.3 | 50.99 | 483.52 | 534.51 | OK | |
| r-release-macos-arm64 | 0.2.3 | 5.00 | ERROR | |||
| r-release-macos-x86_64 | 0.2.3 | 8.00 | ERROR | |||
| r-release-windows-x86_64 | 0.2.3 | 65.00 | 435.00 | 500.00 | OK | |
| r-oldrel-macos-arm64 | 0.2.3 | 10.00 | ERROR | |||
| r-oldrel-macos-x86_64 | 0.2.3 | 16.00 | ERROR | |||
| r-oldrel-windows-x86_64 | 0.2.3 | 81.00 | 584.00 | 665.00 | OK |
Version: 0.2.3
Check: package dependencies
Result: ERROR
Packages required but not available:
'minfi', 'IlluminaHumanMethylationEPICanno.ilm10b4.hg19',
'IlluminaHumanMethylation450kanno.ilmn12.hg19'
See section ‘The DESCRIPTION file’ in the ‘Writing R Extensions’
manual.
Flavors: r-release-macos-arm64, r-release-macos-x86_64
Version: 0.2.3
Check: package dependencies
Result: ERROR
Packages required but not available:
'IlluminaHumanMethylationEPICanno.ilm10b4.hg19',
'IlluminaHumanMethylation450kanno.ilmn12.hg19'
See section ‘The DESCRIPTION file’ in the ‘Writing R Extensions’
manual.
Flavors: r-oldrel-macos-arm64, r-oldrel-macos-x86_64