Last updated on 2025-10-21 09:48:29 CEST.
Flavor | Version | Tinstall | Tcheck | Ttotal | Status | Flags |
---|---|---|---|---|---|---|
r-devel-linux-x86_64-debian-clang | 0.3 | 6.31 | 70.01 | 76.32 | OK | |
r-devel-linux-x86_64-debian-gcc | 0.3 | 4.27 | 50.75 | 55.02 | NOTE | |
r-devel-linux-x86_64-fedora-clang | 0.3 | 118.67 | OK | |||
r-devel-linux-x86_64-fedora-gcc | 0.3 | 128.14 | OK | |||
r-devel-windows-x86_64 | 0.3 | 7.00 | 88.00 | 95.00 | OK | |
r-patched-linux-x86_64 | 0.3 | 6.79 | 66.28 | 73.07 | OK | |
r-release-linux-x86_64 | 0.3 | 6.68 | 65.97 | 72.65 | OK | |
r-release-macos-arm64 | 0.3 | 45.00 | OK | |||
r-release-macos-x86_64 | 0.3 | 82.00 | OK | |||
r-release-windows-x86_64 | 0.3 | 9.00 | 90.00 | 99.00 | OK | |
r-oldrel-macos-arm64 | 0.3 | 43.00 | OK | |||
r-oldrel-macos-x86_64 | 0.3 | 82.00 | OK | |||
r-oldrel-windows-x86_64 | 0.3 | 10.00 | 106.00 | 116.00 | OK |
Version: 0.3
Check: HTML version of manual
Result: NOTE
Found the following HTML validation problems:
cde_aipw.html:55:1 (cde_aipw.Rd:16): Warning: missing </ul> before </div>
cde_ipw.html:54:1 (cde_ipw.Rd:15): Warning: missing </ul> before </div>
cde_reg_impute.html:48:1 (cde_reg_impute.Rd:11): Warning: missing </ul> before </div>
cde_telescope_match.html:48:1 (cde_telescope_match.Rd:11): Warning: missing </ul> before </div>
estimate.html:89:1 (estimate.Rd:40): Warning: missing </ul> before </div>
outreg_model.html:84:1 (outreg_model.Rd:35): Warning: missing </ul> before </div>
plot.cdesens.html:113:1 (plot.cdesens.Rd:54): Warning: missing </ul> before </div>
seq_g_vcov.html:62:1 (seq_g_vcov.Rd:18): Warning: missing </ul> before </div>
summary.seqg.html:52:1 (summary.seqg.Rd:13): Warning: missing </ul> before </div>
summary.seqgboots.html:55:1 (summary.seqgboots.Rd:14): Warning: missing </ul> before </div>
Flavor: r-devel-linux-x86_64-debian-gcc