Last updated on 2025-10-25 09:49:27 CEST.
| Flavor | Version | Tinstall | Tcheck | Ttotal | Status | Flags | 
|---|---|---|---|---|---|---|
| r-devel-linux-x86_64-debian-clang | 1.3.5 | 43.35 | 232.04 | 275.39 | OK | |
| r-devel-linux-x86_64-debian-gcc | 1.3.5 | 28.86 | 152.01 | 180.87 | OK | |
| r-devel-linux-x86_64-fedora-clang | 1.3.5 | 41.00 | 418.65 | 459.65 | OK | |
| r-devel-linux-x86_64-fedora-gcc | 1.3.5 | 86.00 | 366.38 | 452.38 | OK | |
| r-devel-windows-x86_64 | 1.3.5 | 54.00 | 230.00 | 284.00 | OK | |
| r-patched-linux-x86_64 | 1.3.5 | 46.04 | 227.18 | 273.22 | OK | |
| r-release-linux-x86_64 | 1.3.5 | 41.76 | 226.88 | 268.64 | OK | |
| r-release-macos-arm64 | 1.3.5 | 17.00 | 75.00 | 92.00 | OK | |
| r-release-macos-x86_64 | 1.3.5 | 28.00 | 159.00 | 187.00 | OK | |
| r-release-windows-x86_64 | 1.3.5 | 58.00 | 230.00 | 288.00 | OK | |
| r-oldrel-macos-arm64 | 1.3.5 | 17.00 | 80.00 | 97.00 | NOTE | |
| r-oldrel-macos-x86_64 | 1.3.5 | 25.00 | 159.00 | 184.00 | NOTE | |
| r-oldrel-windows-x86_64 | 1.3.5 | 69.00 | 304.00 | 373.00 | NOTE | 
Version: 1.3.5
Check: installed package size
Result: NOTE
    installed size is  5.3Mb
    sub-directories of 1Mb or more:
      doc    1.8Mb
      libs   1.5Mb
Flavors: r-oldrel-macos-arm64, r-oldrel-macos-x86_64
Version: 1.3.5
Check: for GNU extensions in Makefiles
Result: NOTE
  GNU make is a SystemRequirements.
Flavors: r-oldrel-macos-arm64, r-oldrel-macos-x86_64, r-oldrel-windows-x86_64