Last updated on 2025-11-21 09:48:59 CET.
| Flavor | Version | Tinstall | Tcheck | Ttotal | Status | Flags |
|---|---|---|---|---|---|---|
| r-devel-linux-x86_64-debian-clang | 3.1 | 9.90 | 75.95 | 85.85 | NOTE | |
| r-devel-linux-x86_64-debian-gcc | 3.1 | 7.38 | 54.39 | 61.77 | NOTE | |
| r-devel-linux-x86_64-fedora-clang | 3.1 | 22.00 | 109.63 | 131.63 | OK | |
| r-devel-linux-x86_64-fedora-gcc | 3.1 | 20.00 | 116.73 | 136.73 | OK | |
| r-devel-windows-x86_64 | 3.1 | 13.00 | 89.00 | 102.00 | OK | |
| r-patched-linux-x86_64 | 3.1 | 9.74 | 70.77 | 80.51 | OK | |
| r-release-linux-x86_64 | 3.1 | 7.94 | 71.89 | 79.83 | OK | |
| r-release-macos-arm64 | 3.1 | OK | ||||
| r-release-macos-x86_64 | 3.1 | 11.00 | 73.00 | 84.00 | OK | |
| r-release-windows-x86_64 | 3.1 | 11.00 | 87.00 | 98.00 | OK | |
| r-oldrel-macos-arm64 | 3.1 | OK | ||||
| r-oldrel-macos-x86_64 | 3.1 | 6.00 | 58.00 | 64.00 | OK | |
| r-oldrel-windows-x86_64 | 3.1 | 15.00 | 108.00 | 123.00 | OK |
Version: 3.1
Check: CRAN incoming feasibility
Result: NOTE
Maintainer: ‘David M. Smith <dmccsmith@verizon.net>’
No Authors@R field in DESCRIPTION.
Please add one, modifying
Authors@R: c(person(given = c("David", "M"),
family = "Smith",
role = "aut"),
person(given = c("Malcolm", "J"),
family = "Faddy",
role = "aut"),
person(given = c("David", "M."),
family = "Smith",
role = "cre",
email = "dmccsmith@verizon.net"))
as necessary.
Flavors: r-devel-linux-x86_64-debian-clang, r-devel-linux-x86_64-debian-gcc