Last updated on 2025-09-30 10:48:40 CEST.
Flavor | Version | Tinstall | Tcheck | Ttotal | Status | Flags |
---|---|---|---|---|---|---|
r-devel-linux-x86_64-debian-clang | 0.2.0 | 6.18 | 75.12 | 81.30 | OK | |
r-devel-linux-x86_64-debian-gcc | 0.2.0 | 4.15 | 53.82 | 57.97 | OK | |
r-devel-linux-x86_64-fedora-clang | 0.3.0 | 158.01 | OK | |||
r-devel-linux-x86_64-fedora-gcc | 0.3.0 | 163.84 | OK | |||
r-devel-windows-x86_64 | 0.2.0 | 8.00 | 99.00 | 107.00 | OK | |
r-patched-linux-x86_64 | 0.2.0 | 5.46 | 69.05 | 74.51 | OK | |
r-release-linux-x86_64 | 0.2.0 | 5.84 | 69.21 | 75.05 | OK | |
r-release-macos-arm64 | 0.2.0 | 65.00 | OK | |||
r-release-macos-x86_64 | 0.3.0 | 191.00 | OK | |||
r-release-windows-x86_64 | 0.2.0 | 9.00 | 161.00 | 170.00 | OK | |
r-oldrel-macos-arm64 | 0.2.0 | 85.00 | OK | |||
r-oldrel-macos-x86_64 | 0.3.0 | 226.00 | NOTE | |||
r-oldrel-windows-x86_64 | 0.2.0 | 10.00 | 121.00 | 131.00 | OK |
Version: 0.3.0
Check: installed package size
Result: NOTE
installed size is 5.7Mb
sub-directories of 1Mb or more:
R 3.7Mb
data 1.6Mb
Flavor: r-oldrel-macos-x86_64