Last updated on 2025-11-12 10:52:39 CET.
| Flavor | Version | Tinstall | Tcheck | Ttotal | Status | Flags |
|---|---|---|---|---|---|---|
| r-devel-linux-x86_64-debian-clang | 0.1.0 | 21.03 | 25.07 | 46.10 | OK | |
| r-devel-linux-x86_64-debian-gcc | 0.1.0 | 13.25 | 20.63 | 33.88 | OK | |
| r-devel-linux-x86_64-fedora-clang | 0.1.0 | 222.00 | -132.93 | 89.07 | OK | |
| r-devel-linux-x86_64-fedora-gcc | 0.1.0 | 45.00 | 26.97 | 71.97 | OK | |
| r-devel-windows-x86_64 | 0.1.0 | 26.00 | 61.00 | 87.00 | OK | |
| r-patched-linux-x86_64 | 0.1.0 | 20.64 | 23.42 | 44.06 | OK | |
| r-release-linux-x86_64 | 0.1.0 | 20.53 | 23.42 | 43.95 | OK | |
| r-release-macos-arm64 | 0.1.0 | 13.00 | 20.00 | 33.00 | OK | |
| r-release-macos-x86_64 | 0.1.0 | 13.00 | 27.00 | 40.00 | OK | |
| r-release-windows-x86_64 | 0.1.0 | 25.00 | 58.00 | 83.00 | OK | |
| r-oldrel-macos-arm64 | 0.1.0 | 7.00 | 18.00 | 25.00 | NOTE | |
| r-oldrel-macos-x86_64 | 0.1.0 | 13.00 | 24.00 | 37.00 | NOTE | |
| r-oldrel-windows-x86_64 | 0.1.0 | 31.00 | 69.00 | 100.00 | NOTE |
Version: 0.1.0
Check: LazyData
Result: NOTE
'LazyData' is specified without a 'data' directory
Flavors: r-oldrel-macos-arm64, r-oldrel-macos-x86_64, r-oldrel-windows-x86_64