Last updated on 2025-11-03 09:49:25 CET.
| Flavor | Version | Tinstall | Tcheck | Ttotal | Status | Flags | 
|---|---|---|---|---|---|---|
| r-devel-linux-x86_64-debian-clang | 2.2.0 | 6.48 | 170.27 | 176.75 | OK | |
| r-devel-linux-x86_64-debian-gcc | 2.2.0 | 4.06 | 128.30 | 132.36 | OK | |
| r-devel-linux-x86_64-fedora-clang | 2.2.0 | 40.00 | 248.86 | 288.86 | OK | |
| r-devel-linux-x86_64-fedora-gcc | 2.2.0 | 29.00 | 269.83 | 298.83 | OK | |
| r-devel-windows-x86_64 | 2.2.0 | 8.00 | 213.00 | 221.00 | OK | |
| r-patched-linux-x86_64 | 2.2.0 | 6.25 | 158.25 | 164.50 | OK | |
| r-release-linux-x86_64 | 2.2.0 | 6.15 | 164.02 | 170.17 | OK | |
| r-release-macos-arm64 | 2.2.0 | 3.00 | 118.00 | 121.00 | OK | |
| r-release-macos-x86_64 | 2.2.0 | 6.00 | 182.00 | 188.00 | OK | |
| r-release-windows-x86_64 | 2.2.0 | 8.00 | 215.00 | 223.00 | OK | |
| r-oldrel-macos-arm64 | 2.2.0 | 3.00 | 137.00 | 140.00 | ERROR | |
| r-oldrel-macos-x86_64 | 2.2.0 | 5.00 | 174.00 | 179.00 | ERROR | |
| r-oldrel-windows-x86_64 | 2.2.0 | 10.00 | 262.00 | 272.00 | OK | 
Version: 2.2.0
Check: examples
Result: ERROR
  Running examples in ‘Characterization-Ex.R’ failed
  The error most likely occurred in:
  
  > ### Name: insertResultsToDatabase
  > ### Title: Upload the results into a result database
  > ### Aliases: insertResultsToDatabase
  > 
  > ### ** Examples
  > 
  > 
  > # generate results into resultsFolder
  > conDet <- exampleOmopConnectionDetails()
  > 
  > tteSet <- createTimeToEventSettings(
  + targetIds = c(1,2),
  +   outcomeIds = 3
  +   )
  > 
  > cSet <- createCharacterizationSettings(
  +   timeToEventSettings = tteSet
  + )
  > 
  > runCharacterizationAnalyses(
  +   connectionDetails = conDet,
  +   targetDatabaseSchema = 'main',
  +   targetTable = 'cohort',
  +   outcomeDatabaseSchema = 'main',
  +   outcomeTable = 'cohort',
  +   cdmDatabaseSchema = 'main',
  +   characterizationSettings = cSet,
  +   outputDirectory = file.path(tempdir(),'database')
  + )
  Creating directory /Volumes/Temp/tmp/RtmpYBRXMp/database
  Creating directory /Volumes/Temp/tmp/RtmpYBRXMp/database/execution
  Creating new cluster
  Connecting using SQLite driver
  Uploading #cohort_settings
  Inserting data took 0.0216 secs
  Computing time to event results
  Executing SQL took 0.0191 secs
  Computing time-to-event for 2 T-O pairs took 0.243 secs
  exporting to csv file
  Writing 96 rows to csv
  Error: vector memory limit of 16.0 Gb reached, see mem.maxVSize()
  Execution halted
Flavor: r-oldrel-macos-arm64
Version: 2.2.0
Check: examples
Result: ERROR
  Running examples in ‘Characterization-Ex.R’ failed
  The error most likely occurred in:
  
  > ### Name: insertResultsToDatabase
  > ### Title: Upload the results into a result database
  > ### Aliases: insertResultsToDatabase
  > 
  > ### ** Examples
  > 
  > 
  > # generate results into resultsFolder
  > conDet <- exampleOmopConnectionDetails()
  > 
  > tteSet <- createTimeToEventSettings(
  + targetIds = c(1,2),
  +   outcomeIds = 3
  +   )
  > 
  > cSet <- createCharacterizationSettings(
  +   timeToEventSettings = tteSet
  + )
  > 
  > runCharacterizationAnalyses(
  +   connectionDetails = conDet,
  +   targetDatabaseSchema = 'main',
  +   targetTable = 'cohort',
  +   outcomeDatabaseSchema = 'main',
  +   outcomeTable = 'cohort',
  +   cdmDatabaseSchema = 'main',
  +   characterizationSettings = cSet,
  +   outputDirectory = file.path(tempdir(),'database')
  + )
  Creating directory /Volumes/Temp/tmp/RtmpcRJLbi/database
  Creating directory /Volumes/Temp/tmp/RtmpcRJLbi/database/execution
  Creating new cluster
  Connecting using SQLite driver
  Uploading #cohort_settings
  Inserting data took 0.0605 secs
  Computing time to event results
  Executing SQL took 0.0524 secs
  Computing time-to-event for 2 T-O pairs took 0.61 secs
  exporting to csv file
  Writing 96 rows to csv
  Error: vector memory limit of 16.0 Gb reached, see mem.maxVSize()
  Execution halted
Flavor: r-oldrel-macos-x86_64