CRAN Package Check Results for Package ChannelAttributionApp

Last updated on 2025-11-25 10:50:05 CET.

Flavor Version Tinstall Tcheck Ttotal Status Flags
r-devel-linux-x86_64-debian-clang 1.3 6.94 58.95 65.89 NOTE
r-devel-linux-x86_64-debian-gcc 1.3 4.75 43.37 48.12 NOTE
r-devel-linux-x86_64-fedora-clang 1.3 36.00 71.37 107.37 OK
r-devel-linux-x86_64-fedora-gcc 1.3 13.00 81.50 94.50 OK
r-devel-windows-x86_64 1.3 10.00 65.00 75.00 OK
r-patched-linux-x86_64 1.3 6.50 54.87 61.37 OK
r-release-linux-x86_64 1.3 5.54 54.79 60.33 OK
r-release-macos-arm64 1.3 OK
r-release-macos-x86_64 1.3 5.00 39.00 44.00 OK
r-release-windows-x86_64 1.3 10.00 66.00 76.00 OK
r-oldrel-macos-arm64 1.3 NOTE
r-oldrel-macos-x86_64 1.3 5.00 35.00 40.00 NOTE
r-oldrel-windows-x86_64 1.3 13.00 82.00 95.00 NOTE

Check Details

Version: 1.3
Check: CRAN incoming feasibility
Result: NOTE Maintainer: ‘Davide Altomare <davide.altomare@gmail.com>’ No Authors@R field in DESCRIPTION. Please add one, modifying Authors@R: person(given = "Davide", family = "Altomare", role = c("aut", "cre"), email = "davide.altomare@gmail.com") as necessary. Flavors: r-devel-linux-x86_64-debian-clang, r-devel-linux-x86_64-debian-gcc

Version: 1.3
Check: LazyData
Result: NOTE 'LazyData' is specified without a 'data' directory Flavors: r-oldrel-macos-arm64, r-oldrel-macos-x86_64, r-oldrel-windows-x86_64